{"id":51,"date":"2012-04-10T00:31:36","date_gmt":"2012-04-10T03:31:36","guid":{"rendered":"https:\/\/wp.ufpel.edu.br\/geoprocessamento\/"},"modified":"2022-12-08T11:16:50","modified_gmt":"2022-12-08T14:16:50","slug":"identificacao","status":"publish","type":"page","link":"https:\/\/wp.ufpel.edu.br\/geoprocessamento\/identificacao\/","title":{"rendered":"Sobre o curso"},"content":{"rendered":"<table style=\"height: 356px;\" width=\"619\">\n<tbody>\n<tr>\n<td>Denomina\u00e7\u00e3o:<\/td>\n<td><strong>Geoprocessamento<\/strong><\/td>\n<\/tr>\n<tr>\n<td>Modalidade:<\/td>\n<td><strong>Presencial<\/strong><\/td>\n<\/tr>\n<tr>\n<td>Turno:<\/td>\n<td><strong>Integral<\/strong><\/td>\n<\/tr>\n<tr>\n<td>Unidade:<\/td>\n<td><strong>Centro de Engenharias (CENG)<\/strong><\/td>\n<\/tr>\n<tr>\n<td>Titula\u00e7\u00e3o conferida:<\/td>\n<td><strong>Tecn\u00f3logo em Geoprocessamento<\/strong><\/td>\n<\/tr>\n<tr>\n<td>N\u00famero de vagas:<\/td>\n<td><strong>55<\/strong><\/td>\n<\/tr>\n<tr>\n<td>Carga hor\u00e1ria total:<\/td>\n<td><strong>2400 horas<\/strong><\/td>\n<\/tr>\n<tr>\n<td>Integraliza\u00e7\u00e3o do curso:<\/td>\n<td><strong>m\u00ednimo 6 semestres<\/strong><br \/>\n<strong>m\u00e1ximo 10 semestres<\/strong><\/td>\n<\/tr>\n<tr>\n<td>Regime acad\u00eamico:<\/td>\n<td><strong>Semestral<\/strong><\/td>\n<\/tr>\n<tr>\n<td>C\u00f3digo UFPel:<\/td>\n<td><strong>5590<\/strong><\/td>\n<\/tr>\n<\/tbody>\n<\/table>\n<p>&nbsp;<\/p>\n<div class=\"ficha-label\" style=\"text-align: justify;\"><strong>Cria\u00e7\u00e3o e Reconhecimento<\/strong><\/div>\n<div class=\"ficha-campo menor\" style=\"text-align: justify;\">Curso criado pela portaria 1551 de 06 de outubro de 2010.<br \/>\nCurso reconhecido pela Portaria n\u00ba 215 de 31\/10\/2012. Publicada no D.O.U. de 31\/10\/2012.<br \/>\nRenova\u00e7\u00e3o do reconhecimento pela Portaria n\u00ba 847 de 04\/08\/2017. Publicada no D.O.U. de 07\/08\/2017.<\/div>\n","protected":false},"excerpt":{"rendered":"<p>Denomina\u00e7\u00e3o: Geoprocessamento Modalidade: Presencial Turno: Integral Unidade: Centro de Engenharias (CENG) Titula\u00e7\u00e3o conferida: Tecn\u00f3logo em Geoprocessamento N\u00famero de vagas: 55 Carga hor\u00e1ria total: 2400 horas Integraliza\u00e7\u00e3o do curso: m\u00ednimo 6 semestres m\u00e1ximo 10 semestres Regime acad\u00eamico: Semestral C\u00f3digo UFPel: 5590 &nbsp; Cria\u00e7\u00e3o e Reconhecimento Curso criado pela portaria 1551 de 06 de outubro de 2010. [&hellip;]<\/p>\n","protected":false},"author":169,"featured_media":0,"parent":0,"menu_order":0,"comment_status":"closed","ping_status":"closed","template":"","meta":{"jetpack_post_was_ever_published":false,"footnotes":""},"class_list":["post-51","page","type-page","status-publish","hentry"],"jetpack_sharing_enabled":true,"jetpack_shortlink":"https:\/\/wp.me\/P6Slap-P","_links":{"self":[{"href":"https:\/\/wp.ufpel.edu.br\/geoprocessamento\/wp-json\/wp\/v2\/pages\/51","targetHints":{"allow":["GET"]}}],"collection":[{"href":"https:\/\/wp.ufpel.edu.br\/geoprocessamento\/wp-json\/wp\/v2\/pages"}],"about":[{"href":"https:\/\/wp.ufpel.edu.br\/geoprocessamento\/wp-json\/wp\/v2\/types\/page"}],"author":[{"embeddable":true,"href":"https:\/\/wp.ufpel.edu.br\/geoprocessamento\/wp-json\/wp\/v2\/users\/169"}],"replies":[{"embeddable":true,"href":"https:\/\/wp.ufpel.edu.br\/geoprocessamento\/wp-json\/wp\/v2\/comments?post=51"}],"version-history":[{"count":20,"href":"https:\/\/wp.ufpel.edu.br\/geoprocessamento\/wp-json\/wp\/v2\/pages\/51\/revisions"}],"predecessor-version":[{"id":3023,"href":"https:\/\/wp.ufpel.edu.br\/geoprocessamento\/wp-json\/wp\/v2\/pages\/51\/revisions\/3023"}],"wp:attachment":[{"href":"https:\/\/wp.ufpel.edu.br\/geoprocessamento\/wp-json\/wp\/v2\/media?parent=51"}],"curies":[{"name":"wp","href":"https:\/\/api.w.org\/{rel}","templated":true}]}}