{"id":1942,"date":"2017-11-08T08:51:38","date_gmt":"2017-11-08T10:51:38","guid":{"rendered":"https:\/\/wp.ufpel.edu.br\/geoprocessamento\/?page_id=1942"},"modified":"2017-11-08T08:58:08","modified_gmt":"2017-11-08T10:58:08","slug":"habilitacao-profissional","status":"publish","type":"page","link":"https:\/\/wp.ufpel.edu.br\/geoprocessamento\/habilitacao-profissional\/","title":{"rendered":"Habilita\u00e7\u00e3o Profissional"},"content":{"rendered":"<p style=\"text-align: justify\">Os Tecn\u00f3logos, egressos de cursos de 3\u00ba Grau cujos curr\u00edculos fixados pelo Conselho Federal de Educa\u00e7\u00e3o forem dirigidos ao exerc\u00edcio de atividades nas \u00e1reas abrangidas pela Lei n\u00ba 5.194, de 24 DEZ 1966, ter\u00e3o os seus registros e atribui\u00e7\u00f5es regulados pela resolu\u00e7\u00e3o abaixo.<\/p>\n<p style=\"text-align: left\"><span style=\"font-size: 12pt\"><a href=\"http:\/\/normativos.confea.org.br\/downloads\/0313-86.pdf\">Resolu\u00e7\u00e3o 313\/86 do Confea<\/a>.<\/span><\/p>\n<p style=\"text-align: justify\">Caso o profissional queira ter atribui\u00e7\u00f5es extras (n\u00e3o mencionadas na resolu\u00e7\u00e3o 313\/86 do Confea), o mesmo precisa protocolar um processo de revis\u00e3o para a atribui\u00e7\u00e3o desejada na sede do Crea\/RS ou Inspetoria, que ser\u00e1 analisado pela C\u00e2mara de Engenharia Civil, com base no hist\u00f3rico escolar do mesmo, verificando se est\u00e3o atendidos os crit\u00e9rios contidos nas Resolu\u00e7\u00f5es do Confea que regulam a concess\u00e3o de atribui\u00e7\u00f5es profissionais. Esta an\u00e1lise \u00e9 individual e cada profissional precisa protocolar o seu pr\u00f3prio processo de revis\u00e3o de atribui\u00e7\u00f5es.<\/p>\n","protected":false},"excerpt":{"rendered":"<p>Os Tecn\u00f3logos, egressos de cursos de 3\u00ba Grau cujos curr\u00edculos fixados pelo Conselho Federal de Educa\u00e7\u00e3o forem dirigidos ao exerc\u00edcio de atividades nas \u00e1reas abrangidas pela Lei n\u00ba 5.194, de 24 DEZ 1966, ter\u00e3o os seus registros e atribui\u00e7\u00f5es regulados pela resolu\u00e7\u00e3o abaixo. Resolu\u00e7\u00e3o 313\/86 do Confea. Caso o profissional queira ter atribui\u00e7\u00f5es extras (n\u00e3o [&hellip;]<\/p>\n","protected":false},"author":169,"featured_media":0,"parent":0,"menu_order":0,"comment_status":"closed","ping_status":"closed","template":"","meta":{"jetpack_post_was_ever_published":false,"footnotes":""},"class_list":["post-1942","page","type-page","status-publish","hentry"],"jetpack_sharing_enabled":true,"jetpack_shortlink":"https:\/\/wp.me\/P6Slap-vk","_links":{"self":[{"href":"https:\/\/wp.ufpel.edu.br\/geoprocessamento\/wp-json\/wp\/v2\/pages\/1942","targetHints":{"allow":["GET"]}}],"collection":[{"href":"https:\/\/wp.ufpel.edu.br\/geoprocessamento\/wp-json\/wp\/v2\/pages"}],"about":[{"href":"https:\/\/wp.ufpel.edu.br\/geoprocessamento\/wp-json\/wp\/v2\/types\/page"}],"author":[{"embeddable":true,"href":"https:\/\/wp.ufpel.edu.br\/geoprocessamento\/wp-json\/wp\/v2\/users\/169"}],"replies":[{"embeddable":true,"href":"https:\/\/wp.ufpel.edu.br\/geoprocessamento\/wp-json\/wp\/v2\/comments?post=1942"}],"version-history":[{"count":8,"href":"https:\/\/wp.ufpel.edu.br\/geoprocessamento\/wp-json\/wp\/v2\/pages\/1942\/revisions"}],"predecessor-version":[{"id":1957,"href":"https:\/\/wp.ufpel.edu.br\/geoprocessamento\/wp-json\/wp\/v2\/pages\/1942\/revisions\/1957"}],"wp:attachment":[{"href":"https:\/\/wp.ufpel.edu.br\/geoprocessamento\/wp-json\/wp\/v2\/media?parent=1942"}],"curies":[{"name":"wp","href":"https:\/\/api.w.org\/{rel}","templated":true}]}}