{"id":4111,"date":"2025-05-29T17:07:44","date_gmt":"2025-05-29T20:07:44","guid":{"rendered":"https:\/\/wp.ufpel.edu.br\/geografia\/?page_id=4111"},"modified":"2025-05-29T17:33:31","modified_gmt":"2025-05-29T20:33:31","slug":"colegiado-dos-cursos-de-geografia","status":"publish","type":"page","link":"https:\/\/wp.ufpel.edu.br\/geografia\/sobrelicenciatura\/colegiado-dos-cursos-de-geografia\/","title":{"rendered":"Colegiado dos Cursos de Geografia"},"content":{"rendered":"<p><strong>Composi\u00e7\u00e3o do Colegiado dos Cursos de Geografia<\/strong><\/p>\n<p><a href=\"https:\/\/wp.ufpel.edu.br\/geografia\/files\/2025\/05\/SEI_3086846_Portaria_Interna_46-1.pdf\">SEI_3086846_Portaria_Interna_46 <\/a><\/p>\n<p><strong>COORDENADOR:<\/strong> Professor Roberto Luiz dos Santos Antunes<\/p>\n<p><a href=\"https:\/\/wp.ufpel.edu.br\/geografia\/files\/2025\/05\/Portaria_2025_3875.pdf\">Portaria_2025_3875<\/a><\/p>\n<p><a href=\"https:\/\/wp.ufpel.edu.br\/geografia\/files\/2025\/05\/SEI_23110.018682_2025_21-1.pdf\">Plano de A\u00e7\u00e3o da Coordena\u00e7\u00e3o<\/a><\/p>\n<p><strong>COORDENADOR ADJUNTO:<\/strong> Professora Rosangela Lurdes Spironello<\/p>\n<p><a href=\"https:\/\/wp.ufpel.edu.br\/geografia\/files\/2025\/05\/Portaria_2025_3984.pdf\">Portaria_2025_3984<\/a><\/p>\n<p><strong>N\u00facleo Docente Estruturante &#8211; NDE<\/strong><\/p>\n<p>Licenciatura &#8211; <a href=\"https:\/\/wp.ufpel.edu.br\/geografia\/files\/2025\/05\/SEI_3086346_Portaria_Interna_44-1.pdf\">SEI_3086346_Portaria_Interna_44<\/a><\/p>\n<p>Bacharelado &#8211; <a href=\"https:\/\/wp.ufpel.edu.br\/geografia\/files\/2025\/05\/SEI_3086364_Portaria_Interna_45.pdf\">SEI_3086364_Portaria_Interna_45<\/a><\/p>\n<p>&nbsp;<\/p>\n<p>&nbsp;<\/p>\n","protected":false},"excerpt":{"rendered":"<p>Composi\u00e7\u00e3o do Colegiado dos Cursos de Geografia SEI_3086846_Portaria_Interna_46 COORDENADOR: Professor Roberto Luiz dos Santos Antunes Portaria_2025_3875 Plano de A\u00e7\u00e3o da Coordena\u00e7\u00e3o COORDENADOR ADJUNTO: Professora Rosangela Lurdes Spironello Portaria_2025_3984 N\u00facleo Docente Estruturante &#8211; NDE Licenciatura &#8211; SEI_3086346_Portaria_Interna_44 Bacharelado &#8211; SEI_3086364_Portaria_Interna_45 &nbsp; &hellip; <a href=\"https:\/\/wp.ufpel.edu.br\/geografia\/sobrelicenciatura\/colegiado-dos-cursos-de-geografia\/\">Continue lendo <span class=\"meta-nav\">&rarr;<\/span><\/a><\/p>\n","protected":false},"author":120,"featured_media":0,"parent":2,"menu_order":3,"comment_status":"closed","ping_status":"closed","template":"","meta":{"footnotes":""},"class_list":["post-4111","page","type-page","status-publish","hentry"],"jetpack_sharing_enabled":true,"_links":{"self":[{"href":"https:\/\/wp.ufpel.edu.br\/geografia\/wp-json\/wp\/v2\/pages\/4111","targetHints":{"allow":["GET"]}}],"collection":[{"href":"https:\/\/wp.ufpel.edu.br\/geografia\/wp-json\/wp\/v2\/pages"}],"about":[{"href":"https:\/\/wp.ufpel.edu.br\/geografia\/wp-json\/wp\/v2\/types\/page"}],"author":[{"embeddable":true,"href":"https:\/\/wp.ufpel.edu.br\/geografia\/wp-json\/wp\/v2\/users\/120"}],"replies":[{"embeddable":true,"href":"https:\/\/wp.ufpel.edu.br\/geografia\/wp-json\/wp\/v2\/comments?post=4111"}],"version-history":[{"count":8,"href":"https:\/\/wp.ufpel.edu.br\/geografia\/wp-json\/wp\/v2\/pages\/4111\/revisions"}],"predecessor-version":[{"id":4126,"href":"https:\/\/wp.ufpel.edu.br\/geografia\/wp-json\/wp\/v2\/pages\/4111\/revisions\/4126"}],"up":[{"embeddable":true,"href":"https:\/\/wp.ufpel.edu.br\/geografia\/wp-json\/wp\/v2\/pages\/2"}],"wp:attachment":[{"href":"https:\/\/wp.ufpel.edu.br\/geografia\/wp-json\/wp\/v2\/media?parent=4111"}],"curies":[{"name":"wp","href":"https:\/\/api.w.org\/{rel}","templated":true}]}}