{"id":3943,"date":"2023-09-27T09:34:21","date_gmt":"2023-09-27T12:34:21","guid":{"rendered":"https:\/\/wp.ufpel.edu.br\/geografia\/?page_id=3943"},"modified":"2023-09-27T10:08:29","modified_gmt":"2023-09-27T13:08:29","slug":"curriculos","status":"publish","type":"page","link":"https:\/\/wp.ufpel.edu.br\/geografia\/espaco-da-o-aluna-o\/curriculos\/","title":{"rendered":"D\u00favidas frequentes"},"content":{"rendered":"<p>Em constru\u00e7\u00e3o&#8230;<\/p>\n<p>&nbsp;<\/p>\n<p>&nbsp;<\/p>\n<p>&nbsp;<\/p>\n","protected":false},"excerpt":{"rendered":"<p>Em constru\u00e7\u00e3o&#8230; &nbsp; &nbsp; &nbsp;<\/p>\n","protected":false},"author":120,"featured_media":0,"parent":2369,"menu_order":0,"comment_status":"closed","ping_status":"closed","template":"","meta":{"footnotes":""},"class_list":["post-3943","page","type-page","status-publish","hentry"],"jetpack_sharing_enabled":true,"_links":{"self":[{"href":"https:\/\/wp.ufpel.edu.br\/geografia\/wp-json\/wp\/v2\/pages\/3943","targetHints":{"allow":["GET"]}}],"collection":[{"href":"https:\/\/wp.ufpel.edu.br\/geografia\/wp-json\/wp\/v2\/pages"}],"about":[{"href":"https:\/\/wp.ufpel.edu.br\/geografia\/wp-json\/wp\/v2\/types\/page"}],"author":[{"embeddable":true,"href":"https:\/\/wp.ufpel.edu.br\/geografia\/wp-json\/wp\/v2\/users\/120"}],"replies":[{"embeddable":true,"href":"https:\/\/wp.ufpel.edu.br\/geografia\/wp-json\/wp\/v2\/comments?post=3943"}],"version-history":[{"count":5,"href":"https:\/\/wp.ufpel.edu.br\/geografia\/wp-json\/wp\/v2\/pages\/3943\/revisions"}],"predecessor-version":[{"id":3954,"href":"https:\/\/wp.ufpel.edu.br\/geografia\/wp-json\/wp\/v2\/pages\/3943\/revisions\/3954"}],"up":[{"embeddable":true,"href":"https:\/\/wp.ufpel.edu.br\/geografia\/wp-json\/wp\/v2\/pages\/2369"}],"wp:attachment":[{"href":"https:\/\/wp.ufpel.edu.br\/geografia\/wp-json\/wp\/v2\/media?parent=3943"}],"curies":[{"name":"wp","href":"https:\/\/api.w.org\/{rel}","templated":true}]}}

Dúvidas frequentes

<p>Em construção&#8230;</p>
<p>&nbsp;</p>
<p>&nbsp;</p>
<p>&nbsp;</p>

<p>Em construção&#8230; &nbsp; &nbsp; &nbsp;</p>
