{"id":2527,"date":"2017-12-15T00:28:34","date_gmt":"2017-12-15T02:28:34","guid":{"rendered":"https:\/\/wp.ufpel.edu.br\/geografia\/?page_id=2527"},"modified":"2017-12-15T00:32:02","modified_gmt":"2017-12-15T02:32:02","slug":"programa-de-pos-graduacao-em-geografia","status":"publish","type":"page","link":"https:\/\/wp.ufpel.edu.br\/geografia\/programa-de-pos-graduacao-em-geografia\/","title":{"rendered":"Programa de P\u00f3s-Gradua\u00e7\u00e3o em Geografia"},"content":{"rendered":"<div id=\"attachment_2529\" style=\"width: 1010px\" class=\"wp-caption alignnone\"><a href=\"https:\/\/wp.ufpel.edu.br\/ppgeo\" target=\"_blank\" rel=\"noopener\"><img loading=\"lazy\" decoding=\"async\" aria-describedby=\"caption-attachment-2529\" class=\"wp-image-2529 size-full\" src=\"https:\/\/wp.ufpel.edu.br\/geografia\/files\/2017\/12\/ppgeo.gif\" alt=\"\" width=\"1000\" height=\"287\" \/><\/a><p id=\"caption-attachment-2529\" class=\"wp-caption-text\">Clique aqui para acessar o Programa de P\u00f3s-Gradua\u00e7\u00e3o em Geografia.<\/p><\/div>\n<p>&nbsp;<\/p>\n","protected":false},"excerpt":{"rendered":"<p>&nbsp;<\/p>\n","protected":false},"author":542,"featured_media":0,"parent":0,"menu_order":7,"comment_status":"closed","ping_status":"closed","template":"","meta":{"footnotes":""},"class_list":["post-2527","page","type-page","status-publish","hentry"],"jetpack_sharing_enabled":true,"_links":{"self":[{"href":"https:\/\/wp.ufpel.edu.br\/geografia\/wp-json\/wp\/v2\/pages\/2527","targetHints":{"allow":["GET"]}}],"collection":[{"href":"https:\/\/wp.ufpel.edu.br\/geografia\/wp-json\/wp\/v2\/pages"}],"about":[{"href":"https:\/\/wp.ufpel.edu.br\/geografia\/wp-json\/wp\/v2\/types\/page"}],"author":[{"embeddable":true,"href":"https:\/\/wp.ufpel.edu.br\/geografia\/wp-json\/wp\/v2\/users\/542"}],"replies":[{"embeddable":true,"href":"https:\/\/wp.ufpel.edu.br\/geografia\/wp-json\/wp\/v2\/comments?post=2527"}],"version-history":[{"count":1,"href":"https:\/\/wp.ufpel.edu.br\/geografia\/wp-json\/wp\/v2\/pages\/2527\/revisions"}],"predecessor-version":[{"id":2530,"href":"https:\/\/wp.ufpel.edu.br\/geografia\/wp-json\/wp\/v2\/pages\/2527\/revisions\/2530"}],"wp:attachment":[{"href":"https:\/\/wp.ufpel.edu.br\/geografia\/wp-json\/wp\/v2\/media?parent=2527"}],"curies":[{"name":"wp","href":"https:\/\/api.w.org\/{rel}","templated":true}]}}

Programa de Pós-Graduação em Geografia

<div id="attachment_2529" style="width: 1010px" class="wp-caption alignnone"><a href="https://wp.ufpel.edu.br/ppgeo" target="_blank" rel="noopener"><img loading="lazy" decoding="async" aria-describedby="caption-attachment-2529" class="wp-image-2529 size-full" src="https://wp.ufpel.edu.br/geografia/files/2017/12/ppgeo.gif" alt="" width="1000" height="287" /></a><p id="caption-attachment-2529" class="wp-caption-text">Clique aqui para acessar o Programa de Pós-Graduação em Geografia.</p></div>
<p>&nbsp;</p>
