{"id":8,"date":"2013-05-29T11:51:31","date_gmt":"2013-05-29T14:51:31","guid":{"rendered":"https:\/\/wp.ufpel.edu.br\/gen\/?page_id=8"},"modified":"2019-04-09T23:26:49","modified_gmt":"2019-04-10T02:26:49","slug":"docentes","status":"publish","type":"page","link":"https:\/\/wp.ufpel.edu.br\/gen\/docentes\/","title":{"rendered":"Docentes"},"content":{"rendered":"<p style=\"text-align: justify\"><span style=\"font-family: arial, helvetica, sans-serif\">O curso de MBA em Gest\u00e3o Estrat\u00e9gica de Neg\u00f3cios da FAT conta com professores do Departamento de Administra\u00e7\u00e3o da UFPel bem como professores convidados de diversas universidades. S\u00e3o professores mestres e doutores em sua totalidade, muitos com larga experi\u00eancia de mercado e acad\u00eamica, contando alguns com forma\u00e7\u00e3o no exterior. Abaixo encontram-se alguns dos docentes do <a href=\"https:\/\/wp.ufpel.edu.br\/dadm\/\">Departamento de Administra\u00e7\u00e3o <\/a>que s\u00e3o efetivos no curso.<\/span><\/p>\n<table class=\" aligncenter\" style=\"height: 875px;width: 484px\" width=\"585\">\n<tbody>\n<tr>\n<td style=\"width: 394px\" colspan=\"2\"><span style=\"font-family: arial, helvetica, sans-serif\">DOCENTES DO <a href=\"https:\/\/wp.ufpel.edu.br\/dadm\/\">DEPARTAMENTO DE\u00a0ADMINISTRA\u00c7\u00c3O<\/a><\/span><\/td>\n<\/tr>\n<tr>\n<td style=\"width: 233px\"><span style=\"font-family: arial, helvetica, sans-serif\"><a href=\"http:\/\/lattes.cnpq.br\/5995640123885708\">Alexandre Xavier Vieira Braga<\/a><\/span><\/td>\n<td style=\"width: 155px\"><span style=\"font-family: arial, helvetica, sans-serif\">Doutor UNISINOS<\/span><\/td>\n<\/tr>\n<tr>\n<td style=\"width: 233px\"><span style=\"font-family: arial, helvetica, sans-serif\"><a href=\"http:\/\/lattes.cnpq.br\/6602132557607860\">Alisson Eduardo Maehler<\/a><\/span><\/td>\n<td style=\"width: 155px\"><span style=\"font-family: arial, helvetica, sans-serif\">Doutor UFRGS<\/span><\/td>\n<\/tr>\n<tr>\n<td style=\"width: 233px\"><span style=\"font-family: arial, helvetica, sans-serif\"><a href=\"http:\/\/lattes.cnpq.br\/9561915154059592\">Ana Paula Lemos Centeno Vinhas<\/a><\/span><\/td>\n<td style=\"width: 155px\"><span style=\"font-family: arial, helvetica, sans-serif\">Mestre PUC-RS<\/span><\/td>\n<\/tr>\n<tr>\n<td style=\"width: 233px\"><span style=\"font-family: arial, helvetica, sans-serif\"><a href=\"http:\/\/buscatextual.cnpq.br\/buscatextual\/visualizacv.do?id=K4774708D5\">Dary Pretto Neto<\/a><\/span><\/td>\n<td style=\"width: 155px\"><span style=\"font-family: arial, helvetica, sans-serif\">Mestre UFRGS<\/span><\/td>\n<\/tr>\n<tr>\n<td style=\"width: 233px\"><span style=\"font-family: arial, helvetica, sans-serif\"><a href=\"http:\/\/lattes.cnpq.br\/4561669815330999\">Edar da Silva A\u00f1a\u00f1a<\/a><\/span><\/td>\n<td style=\"width: 155px\"><span style=\"font-family: arial, helvetica, sans-serif\">Doutor UFRGS<\/span><\/td>\n<\/tr>\n<tr>\n<td style=\"width: 233px\"><span style=\"font-family: arial, helvetica, sans-serif\"><a href=\"http:\/\/lattes.cnpq.br\/1362085516544181\">Elaine Garcia dos Santos<\/a><\/span><\/td>\n<td style=\"width: 155px\"><span style=\"font-family: arial, helvetica, sans-serif\">Mestra UFPel<\/span><\/td>\n<\/tr>\n<tr>\n<td style=\"width: 233px\"><span style=\"font-family: arial, helvetica, sans-serif\"><a href=\"http:\/\/lattes.cnpq.br\/5114643785938969\">Fl\u00e1via Braga de Azambuja<\/a><\/span><\/td>\n<td style=\"width: 155px\"><span style=\"font-family: arial, helvetica, sans-serif\">Mestre UFSC<\/span><\/td>\n<\/tr>\n<tr>\n<td style=\"width: 233px\"><span style=\"font-family: arial, helvetica, sans-serif\"><a href=\"http:\/\/buscatextual.cnpq.br\/buscatextual\/visualizacv.do?id=W2533135\">Francielle Molon da Silva<\/a><\/span><\/td>\n<td style=\"width: 155px\"><span style=\"font-family: arial, helvetica, sans-serif\">Doutora UFRGS<\/span><\/td>\n<\/tr>\n<tr>\n<td style=\"width: 233px\"><span style=\"font-family: arial, helvetica, sans-serif\"><a href=\"http:\/\/lattes.cnpq.br\/7046203970070689\">Isabel Cristina Rosa Barros Rasia<\/a><\/span><\/td>\n<td style=\"width: 155px\"><span style=\"font-family: arial, helvetica, sans-serif\">Doutora UCS\/PUCRS<\/span><\/td>\n<\/tr>\n<tr>\n<td style=\"width: 233px\"><span style=\"font-family: arial, helvetica, sans-serif\"><a href=\"http:\/\/buscatextual.cnpq.br\/buscatextual\/visualizacv.do?id=K4797343A1\">Janaina Mendes de Oliveira<\/a><\/span><\/td>\n<td style=\"width: 155px\"><span style=\"font-family: arial, helvetica, sans-serif\">Doutora UFSC<\/span><\/td>\n<\/tr>\n<tr>\n<td style=\"width: 233px\"><span style=\"font-family: arial, helvetica, sans-serif\"><a href=\"http:\/\/lattes.cnpq.br\/9200986373972643\">Luciana Nunes Ferreira<\/a><\/span><\/td>\n<td style=\"width: 155px\"><span style=\"font-family: arial, helvetica, sans-serif\">Mestre UNISC<\/span><\/td>\n<\/tr>\n<tr>\n<td style=\"width: 233px\"><span style=\"font-family: arial, helvetica, sans-serif\"><a href=\"http:\/\/lattes.cnpq.br\/9142390763632265\">Nilo Valter Karnopp<\/a><\/span><\/td>\n<td style=\"width: 155px\"><span style=\"font-family: arial, helvetica, sans-serif\">Mestre PUC-RJ<\/span><\/td>\n<\/tr>\n<tr>\n<td style=\"width: 233px\">Carolina Casali<\/td>\n<td style=\"width: 155px\">Doutora UNISINOS<\/td>\n<\/tr>\n<tr>\n<td style=\"width: 233px\"><span style=\"font-family: arial, helvetica, sans-serif\"><a href=\"http:\/\/lattes.cnpq.br\/0352157724831554\">Rog\u00e9rio da Silva Almeida\u00a0<\/a><\/span><\/td>\n<td style=\"width: 155px\"><span style=\"font-family: arial, helvetica, sans-serif\">Mestre UFPR<\/span><\/td>\n<\/tr>\n<tr>\n<td style=\"width: 233px\">Priscila Nesello<\/td>\n<td style=\"width: 155px\">Doutora UCS\/PUCRS<\/td>\n<\/tr>\n<tr>\n<td style=\"width: 233px\"><span style=\"font-family: arial, helvetica, sans-serif\"><a href=\"http:\/\/lattes.cnpq.br\/6462987344863578\">Rosana da Rosa Portella Tondolo<\/a><\/span><\/td>\n<td style=\"width: 155px\"><span style=\"font-family: arial, helvetica, sans-serif\">Doutora UNISINOS<\/span><\/td>\n<\/tr>\n<tr>\n<td style=\"width: 233px\"><span style=\"font-family: arial, helvetica, sans-serif\"><a href=\"http:\/\/lattes.cnpq.br\/8514160956271825\">Simone Portella Teixeira de Mello<\/a><\/span><\/td>\n<td style=\"width: 155px\"><span style=\"font-family: arial, helvetica, sans-serif\">Doutora UFRGS<\/span><\/td>\n<\/tr>\n<\/tbody>\n<\/table>\n<p>&nbsp;<\/p>\n<table class=\" aligncenter\" style=\"height: 18px\" width=\"217\">\n<tbody>\n<tr>\n<td style=\"text-align: left;width: 147.841px\"><\/td>\n<td style=\"width: 55.1136px\"><\/td>\n<\/tr>\n<tr>\n<td style=\"width: 147.841px\"><\/td>\n<td style=\"width: 55.1136px\"><\/td>\n<\/tr>\n<\/tbody>\n<\/table>\n<p>&nbsp;<\/p>\n","protected":false},"excerpt":{"rendered":"<p>O curso de MBA em Gest\u00e3o Estrat\u00e9gica de Neg\u00f3cios da FAT conta com professores do Departamento de Administra\u00e7\u00e3o da UFPel bem como professores convidados de diversas universidades. S\u00e3o professores mestres e doutores em sua totalidade, muitos com larga experi\u00eancia de mercado e acad\u00eamica, contando alguns com forma\u00e7\u00e3o no exterior. Abaixo encontram-se alguns dos docentes do [&hellip;]<\/p>\n","protected":false},"author":77,"featured_media":0,"parent":0,"menu_order":2,"comment_status":"closed","ping_status":"closed","template":"","meta":{"footnotes":""},"class_list":["post-8","page","type-page","status-publish","hentry"],"_links":{"self":[{"href":"https:\/\/wp.ufpel.edu.br\/gen\/wp-json\/wp\/v2\/pages\/8","targetHints":{"allow":["GET"]}}],"collection":[{"href":"https:\/\/wp.ufpel.edu.br\/gen\/wp-json\/wp\/v2\/pages"}],"about":[{"href":"https:\/\/wp.ufpel.edu.br\/gen\/wp-json\/wp\/v2\/types\/page"}],"author":[{"embeddable":true,"href":"https:\/\/wp.ufpel.edu.br\/gen\/wp-json\/wp\/v2\/users\/77"}],"replies":[{"embeddable":true,"href":"https:\/\/wp.ufpel.edu.br\/gen\/wp-json\/wp\/v2\/comments?post=8"}],"version-history":[{"count":67,"href":"https:\/\/wp.ufpel.edu.br\/gen\/wp-json\/wp\/v2\/pages\/8\/revisions"}],"predecessor-version":[{"id":832,"href":"https:\/\/wp.ufpel.edu.br\/gen\/wp-json\/wp\/v2\/pages\/8\/revisions\/832"}],"wp:attachment":[{"href":"https:\/\/wp.ufpel.edu.br\/gen\/wp-json\/wp\/v2\/media?parent=8"}],"curies":[{"name":"wp","href":"https:\/\/api.w.org\/{rel}","templated":true}]}}