{"id":4,"date":"2013-05-29T11:48:07","date_gmt":"2013-05-29T14:48:07","guid":{"rendered":"https:\/\/wp.ufpel.edu.br\/gen\/?page_id=4"},"modified":"2018-10-25T13:16:34","modified_gmt":"2018-10-25T16:16:34","slug":"o-curso","status":"publish","type":"page","link":"https:\/\/wp.ufpel.edu.br\/gen\/o-curso\/","title":{"rendered":"O Curso"},"content":{"rendered":"<p><span style=\"font-family: arial, helvetica, sans-serif\"><b>OBJETIVO<\/b><\/span><\/p>\n<p style=\"text-align: justify\"><span style=\"font-family: arial, helvetica, sans-serif\">Com um ano e meio de dura\u00e7\u00e3o de aulas, o curso se prop\u00f5e a capacitar gestores, empreendedores, docentes, consultores e gestores de empresas para atuarem em organiza\u00e7\u00f5es de diferentes portes e setores, privilegiando a vis\u00e3o estrat\u00e9gica de mercados nacionais e internacionais e o desenvolvimento de gest\u00e3o buscando criar valor para a empresa. O curso contempla as \u00e1reas cl\u00e1ssicas da gest\u00e3o empresarial, em um foco estrat\u00e9gico de mercado.<\/span><\/p>\n<p style=\"text-align: justify\"><span style=\"font-family: arial, helvetica, sans-serif\">Pretende-se ser um curso que alie s\u00f3lida base te\u00f3rica, com discuss\u00e3o de teorias e abordagens cl\u00e1ssicas e modernas de administra\u00e7\u00e3o, economia, filosofia e matem\u00e1tica, com a experi\u00eancia pr\u00e1tica de professores e alunos, de forma a construir o conhecimento de forma coletiva. Pensando a universidade como espa\u00e7o de cria\u00e7\u00e3o e compartilhamento de conhecimento, mais do que apenas trasnfer\u00eancia do mesmo.<\/span><\/p>\n<p>&nbsp;<\/p>\n","protected":false},"excerpt":{"rendered":"<p>OBJETIVO Com um ano e meio de dura\u00e7\u00e3o de aulas, o curso se prop\u00f5e a capacitar gestores, empreendedores, docentes, consultores e gestores de empresas para atuarem em organiza\u00e7\u00f5es de diferentes portes e setores, privilegiando a vis\u00e3o estrat\u00e9gica de mercados nacionais e internacionais e o desenvolvimento de gest\u00e3o buscando criar valor para a empresa. O curso [&hellip;]<\/p>\n","protected":false},"author":77,"featured_media":0,"parent":0,"menu_order":0,"comment_status":"closed","ping_status":"closed","template":"","meta":{"footnotes":""},"class_list":["post-4","page","type-page","status-publish","hentry"],"_links":{"self":[{"href":"https:\/\/wp.ufpel.edu.br\/gen\/wp-json\/wp\/v2\/pages\/4","targetHints":{"allow":["GET"]}}],"collection":[{"href":"https:\/\/wp.ufpel.edu.br\/gen\/wp-json\/wp\/v2\/pages"}],"about":[{"href":"https:\/\/wp.ufpel.edu.br\/gen\/wp-json\/wp\/v2\/types\/page"}],"author":[{"embeddable":true,"href":"https:\/\/wp.ufpel.edu.br\/gen\/wp-json\/wp\/v2\/users\/77"}],"replies":[{"embeddable":true,"href":"https:\/\/wp.ufpel.edu.br\/gen\/wp-json\/wp\/v2\/comments?post=4"}],"version-history":[{"count":12,"href":"https:\/\/wp.ufpel.edu.br\/gen\/wp-json\/wp\/v2\/pages\/4\/revisions"}],"predecessor-version":[{"id":757,"href":"https:\/\/wp.ufpel.edu.br\/gen\/wp-json\/wp\/v2\/pages\/4\/revisions\/757"}],"wp:attachment":[{"href":"https:\/\/wp.ufpel.edu.br\/gen\/wp-json\/wp\/v2\/media?parent=4"}],"curies":[{"name":"wp","href":"https:\/\/api.w.org\/{rel}","templated":true}]}}