{"id":10,"date":"2013-05-29T11:52:04","date_gmt":"2013-05-29T14:52:04","guid":{"rendered":"https:\/\/wp.ufpel.edu.br\/gen\/?page_id=10"},"modified":"2018-10-25T13:19:35","modified_gmt":"2018-10-25T16:19:35","slug":"disciplinas","status":"publish","type":"page","link":"https:\/\/wp.ufpel.edu.br\/gen\/disciplinas\/","title":{"rendered":"Disciplinas"},"content":{"rendered":"<p><span style=\"font-family: arial, helvetica, sans-serif\">A carga hor\u00e1ria do curso \u00e9 de 476 horas, assim formada: disciplinas distribu\u00eddas por nove\u00a0m\u00f3dulos somando 425\u00a0horas; trabalho de conclus\u00e3o de curso est\u00e3o destinadas 51\u00a0horas.<\/span><\/p>\n<p><span style=\"font-family: arial, helvetica, sans-serif\"><strong>M\u00d3DULO I \u2013 GEST\u00c3O EMPRESARIAL<\/strong><\/span><br \/>\n<span style=\"font-family: arial, helvetica, sans-serif\">Modelo de Gest\u00e3o<\/span><br \/>\n<span style=\"font-family: arial, helvetica, sans-serif\">Gest\u00e3o da Inova\u00e7\u00e3o<\/span><br \/>\n<span style=\"font-family: arial, helvetica, sans-serif\">Alian\u00e7as e Parcerias Estrat\u00e9gicas<\/span><br \/>\n<span style=\"font-family: arial, helvetica, sans-serif\">Direito Empresarial<\/span><\/p>\n<p><span style=\"font-family: arial, helvetica, sans-serif\"><strong>M\u00d3DULO II \u2013 ESTRAT\u00c9GIA E COMPETITIVIDADE EM MARKETING<\/strong><\/span><br \/>\n<span style=\"font-family: arial, helvetica, sans-serif\">Marketing Estrat\u00e9gico<\/span><br \/>\n<span style=\"font-family: arial, helvetica, sans-serif\">Estrat\u00e9gia de Marcas<\/span><br \/>\n<span style=\"font-family: arial, helvetica, sans-serif\">Pesquisa de Marketing<\/span><br \/>\n<span style=\"font-family: arial, helvetica, sans-serif\">Marketing de Servi\u00e7os<\/span><\/p>\n<p><span style=\"font-family: arial, helvetica, sans-serif\"><strong>M\u00d3DULO III \u2013 FINAN\u00c7AS EMPRESARIAIS<\/strong><\/span><br \/>\n<span style=\"font-family: arial, helvetica, sans-serif\">Fundamentos do Valor do Dinheiro no Tempo<\/span><br \/>\n<span style=\"font-family: arial, helvetica, sans-serif\">Fundamentos de Contabilidade Empresarial<\/span><br \/>\n<span style=\"font-family: arial, helvetica, sans-serif\">An\u00e1lise de Investimento<\/span><br \/>\n<span style=\"font-family: arial, helvetica, sans-serif\">Avalia\u00e7\u00e3o de Empresas<\/span><br \/>\n<span style=\"font-family: arial, helvetica, sans-serif\">Controladoria Estrat\u00e9gica<\/span><\/p>\n<p><span style=\"font-family: arial, helvetica, sans-serif\"><strong>M\u00d3DULO IV \u2013 GEST\u00c3O DE PESSOAS<\/strong><\/span><br \/>\n<span style=\"font-family: arial, helvetica, sans-serif\">Gest\u00e3o Estrat\u00e9gica de Pessoas<\/span><br \/>\n<span style=\"font-family: arial, helvetica, sans-serif\">Comportamento nas Organiza\u00e7\u00f5es<\/span><br \/>\n<span style=\"font-family: arial, helvetica, sans-serif\">Lideran\u00e7a, Motiva\u00e7\u00e3o e Coaching<\/span><br \/>\n<span style=\"font-family: arial, helvetica, sans-serif\">Desenvolvimento de Compet\u00eancias<\/span><\/p>\n<p><span style=\"font-family: arial, helvetica, sans-serif\"><strong>M\u00d3DULO V \u2013 GEST\u00c3O DE OPERA\u00c7\u00d5ES E DE TECNOLOGIA DA INFORMA\u00c7\u00c3O<\/strong><\/span><br \/>\n<span style=\"font-family: arial, helvetica, sans-serif\">Log\u00edstica Empresarial<\/span><br \/>\n<span style=\"font-family: arial, helvetica, sans-serif\">Gest\u00e3o da Produ\u00e7\u00e3o e de Opera\u00e7\u00f5es<\/span><br \/>\n<span style=\"font-family: arial, helvetica, sans-serif\">Sistemas Integrados de Informa\u00e7\u00e3o para a An\u00e1lise e Tomada de Decis\u00e3o<\/span><br \/>\n<span style=\"font-family: arial, helvetica, sans-serif\">Gest\u00e3o de Projetos<\/span><\/p>\n<p><span style=\"font-family: arial, helvetica, sans-serif\"><strong>M\u00d3DULO VI \u2013 ECONOMIA COMO SUPORTE PARA DECIS\u00c3O<\/strong><\/span><br \/>\n<span style=\"font-family: arial, helvetica, sans-serif\">Neg\u00f3cios Internacionais<\/span><br \/>\n<span style=\"font-family: arial, helvetica, sans-serif\">An\u00e1lise de Conjuntura e Cen\u00e1rios Econ\u00f4micos<\/span><br \/>\n<span style=\"font-family: arial, helvetica, sans-serif\">Mercado de Capitais<\/span><br \/>\n<span style=\"font-family: arial, helvetica, sans-serif\">Governan\u00e7a Corporativa<\/span><\/p>\n<p><span style=\"font-family: arial, helvetica, sans-serif\"><strong>M\u00d3DULO VII \u2013 GEST\u00c3O SIMULADA EMPRESARIAL<\/strong><\/span><br \/>\n<span style=\"font-family: arial, helvetica, sans-serif\">Jogos de Empresas<\/span><\/p>\n<p><span style=\"font-family: arial, helvetica, sans-serif\"><strong>M\u00d3DULO VIII \u2013 SEMIN\u00c1RIOS DE SUPORTE PARA ELABORA\u00c7\u00c3O DO TRABALHO DE CONCLUS\u00c3O DE CURSO<\/strong><\/span><br \/>\n<span style=\"font-family: arial, helvetica, sans-serif\">T\u00e9cnicas de Pesquisa em Administra\u00e7\u00e3o<\/span><br \/>\n<span style=\"font-family: arial, helvetica, sans-serif\">Trabalho de Conclus\u00e3o de Curso<\/span><\/p>\n<p><span style=\"font-family: arial, helvetica, sans-serif\"><strong>M\u00d3DULO IX \u2013 SEMIN\u00c1RIOS<\/strong><\/span><br \/>\n<span style=\"font-family: arial, helvetica, sans-serif\">Semin\u00e1rios \u2013 Gest\u00e3o Empresarial<\/span><\/p>\n","protected":false},"excerpt":{"rendered":"<p>A carga hor\u00e1ria do curso \u00e9 de 476 horas, assim formada: disciplinas distribu\u00eddas por nove\u00a0m\u00f3dulos somando 425\u00a0horas; trabalho de conclus\u00e3o de curso est\u00e3o destinadas 51\u00a0horas. M\u00d3DULO I \u2013 GEST\u00c3O EMPRESARIAL Modelo de Gest\u00e3o Gest\u00e3o da Inova\u00e7\u00e3o Alian\u00e7as e Parcerias Estrat\u00e9gicas Direito Empresarial M\u00d3DULO II \u2013 ESTRAT\u00c9GIA E COMPETITIVIDADE EM MARKETING Marketing Estrat\u00e9gico Estrat\u00e9gia de Marcas [&hellip;]<\/p>\n","protected":false},"author":77,"featured_media":0,"parent":0,"menu_order":3,"comment_status":"closed","ping_status":"closed","template":"","meta":{"footnotes":""},"class_list":["post-10","page","type-page","status-publish","hentry"],"_links":{"self":[{"href":"https:\/\/wp.ufpel.edu.br\/gen\/wp-json\/wp\/v2\/pages\/10","targetHints":{"allow":["GET"]}}],"collection":[{"href":"https:\/\/wp.ufpel.edu.br\/gen\/wp-json\/wp\/v2\/pages"}],"about":[{"href":"https:\/\/wp.ufpel.edu.br\/gen\/wp-json\/wp\/v2\/types\/page"}],"author":[{"embeddable":true,"href":"https:\/\/wp.ufpel.edu.br\/gen\/wp-json\/wp\/v2\/users\/77"}],"replies":[{"embeddable":true,"href":"https:\/\/wp.ufpel.edu.br\/gen\/wp-json\/wp\/v2\/comments?post=10"}],"version-history":[{"count":17,"href":"https:\/\/wp.ufpel.edu.br\/gen\/wp-json\/wp\/v2\/pages\/10\/revisions"}],"predecessor-version":[{"id":758,"href":"https:\/\/wp.ufpel.edu.br\/gen\/wp-json\/wp\/v2\/pages\/10\/revisions\/758"}],"wp:attachment":[{"href":"https:\/\/wp.ufpel.edu.br\/gen\/wp-json\/wp\/v2\/media?parent=10"}],"curies":[{"name":"wp","href":"https:\/\/api.w.org\/{rel}","templated":true}]}}