{"id":2,"date":"2015-12-08T10:58:09","date_gmt":"2015-12-08T12:58:09","guid":{"rendered":"https:\/\/wp.ufpel.edu.br\/gem\/?page_id=2"},"modified":"2018-10-17T15:09:36","modified_gmt":"2018-10-17T18:09:36","slug":"publicacoes","status":"publish","type":"page","link":"https:\/\/wp.ufpel.edu.br\/gem\/publicacoes\/","title":{"rendered":"Artigos Publicados"},"content":{"rendered":"<div>\n<h1><strong>2018<\/strong><\/h1>\n<\/div>\n<h1><span style=\"font-size: 12pt\">Aguarde. Em atualiza\u00e7\u00e3o<\/span><\/h1>\n<h1><strong>2017<\/strong><\/h1>\n<div>\n<h1><span style=\"font-size: 12pt\">Aguarde. Em atualiza\u00e7\u00e3o<\/span><\/h1>\n<h1><strong>2016<\/strong><\/h1>\n<hr \/>\n<h4><a href=\"http:\/\/dx.doi.org\/10.19084\/RCA15011\">Aplica\u00e7\u00e3o ao solo de cinza de casca de arroz como fonte de sil\u00edcio: efeito na qualidade de sementes de trigo produzidas sob stresse salino<\/a><br \/>\n<a href=\"http:\/\/www.scielo.edu.uy\/scielo.php?script=sci_arttext&amp;pid=S2301-15482016000100004\">Calidad fisiol\u00f3gica de semillas de berenjena, morr\u00f3n y tomate tratadas con tiametoxam, un producto bioactivador<\/a><br \/>\n<a href=\"http:\/\/www.agr.una.py\/revista\/index.php\/ria\/article\/view\/351\">Desempe\u00f1o fisiol\u00f3gico de semillas de soja y fr\u00edjol tratadas con dos micronutrientes<\/a><br \/>\n<a href=\"http:\/\/www.cropj.com\/soares_10_6_2016_852_856.pdf\">Influence of fungi associated with watermelon seeds on physiological and health quality<\/a><br \/>\n<a href=\"http:\/\/www.gvaa.com.br\/revista\/index.php\/RVADS\/article\/view\/4173\">Popula\u00e7\u00e3o de plantas e desempenho produtivo de h\u00edbridos de milho oriundos de sementes com diferentes n\u00edveis de vigor<\/a><br \/>\n<a href=\"http:\/\/www.colpos.mx\/agrocien\/Bimestral\/2016\/abr-may\/art-4.pdf\">Productivity and physiological quality of irrigated rice seeds under salt stress and carbonized rice husk ashes fertilization<\/a><\/h4>\n<\/div>\n<h4><span class=\"Apple-style-span\"><a href=\"http:\/\/submission.scielo.br\/index.php\/jss\/article\/view\/159076\">Resposta fisiol\u00f3gica de sementes de algod\u00e3o tratadas com tiametoxam sob estresse t\u00e9rmico<\/a><\/span><\/h4>\n<div><\/div>\n<h1><strong>2015<\/strong><\/h1>\n<hr \/>\n<h4><a href=\"http:\/\/www.scielo.mec.pt\/scielo.php?script=sci_abstract&amp;pid=S0871-018X2015000300001\">\u00c1cido jasm\u00f3nico como promotor de resist\u00eancia em plantas<\/a><br \/>\n<a href=\"http:\/\/www.conhecer.org.br\/enciclop\/2015c\/agrarias\/ajustes%20metodologicos.pdf\">Ajustes metodol\u00f3gicos para a determina\u00e7\u00e3o de umidade em sementes de arroz<\/a><br \/>\n<a href=\"http:\/\/www.uel.br\/revistas\/uel\/index.php\/semagrarias\/article\/view\/17074\">Aplica\u00e7\u00e3o de sil\u00edcio via solo no rendimento e na qualidade fisiol\u00f3gica de sementes de soja<\/a><br \/>\n<a href=\"http:\/\/revistatca.pb.gov.br\/edicoes\/volume-09-2015\/volume-9-numero-2-abril-2015\/tca9202.pdf\">Avalia\u00e7\u00e3o do potencial fisiol\u00f3gico de lotes de sementes de aveia preta por meio do teste de condutividade el\u00e9trica<\/a><br \/>\n<a href=\"http:\/\/gestaounificada.pb.gov.br\/emepa\/publicacoes\/revista-tca-emepa\/edicoes\/volume-09-2015\/volume-9-numero-3-junho-2015\/tecnologia-de-sementes-seed-technology\/tca9309.pdf\">Efeito da mistura de produtos qu\u00edmicos aplicados via tratamento de sementes em soja<\/a><br \/>\n<a href=\"http:\/\/www.conhecer.org.br\/enciclop\/2015b\/agrarias\/Efeito%20do%20tiametoxan.pdf\">Efeito do Tiametoxam no tratamento de sementes de feij\u00e3o<\/a><br \/>\n<a href=\"http:\/\/gestaounificada.pb.gov.br\/emepa\/publicacoes\/revista-tca-emepa\/edicoes\/volume-09-2015\/volume-9-numero-3-junho-2015\/tecnologia-de-sementes-seed-technology\/tca9309.pdf\">Efeito do tratamento de sementes com tiametoxam + lambda-cyhalothrin no desempenho fisiol\u00f3gico de cultivares de arroz<\/a><br \/>\n<a href=\"http:\/\/gestaounificada.pb.gov.br\/emepa\/publicacoes\/revista-tca-emepa\/edicoes\/volume-09-2015\/volume-9-numero-4-setembro-2015\/fitotecnica-crop-science\/tca9409.pdf\">Efeito do tratamento de sementes de arroz com sil\u00edcio sobre a qualidade fisiologica das sementes tratadas e produzidas<\/a><br \/>\n<a href=\"http:\/\/www.conhecer.org.br\/enciclop\/2015b\/agrarias\/Efeito%20do%20tratamento%20de%20sementes.pdf\">Efeito do tratamento de sementes de feij\u00e3o com bioativador sobre o teor de clorofila das plantas resultantes<\/a><br \/>\n<a href=\"http:\/\/www.revistas.ufg.br\/pat\/article\/view\/27581\">Germina\u00e7\u00e3o e vigor de sementes de ab\u00f3bora tratadas com tiametoxam<\/a><br \/>\n<a href=\"http:\/\/file.scirp.org\/pdf\/AJPS_2015092514051979.pdf\">Hybrid rice seed treatment with pesticides improves its physiological quality and performance<\/a><br \/>\n<a href=\"http:\/\/file.scirp.org\/pdf\/AJPS_2015121114495393.pdf\">Isoenzyme expression in bean seed germination treated with thiamethoxam with and without drought stress<\/a><br \/>\n<a href=\"http:\/\/revistathema.ifsul.edu.br\/index.php\/thema\/article\/download\/282\/141\">Isolamento de DNA gen\u00f4mico a partir de folhas secas de <em>Erythrina crista-galli<\/em> L.<\/a><br \/>\n<a href=\"http:\/\/www.uel.br\/revistas\/uel\/index.php\/semagrarias\/article\/view\/18092\">Physical and sanitary quality of soybean seeds produced in the state of Santa Catarina<\/a><br \/>\n<a href=\"http:\/\/dx.doi.org\/10.1590\/2317-1545v37n3150086\">Physiological quality of soybean seeds produced in four edaphoclimatic regions of Santa Catarina<\/a><br \/>\n<a href=\"http:\/\/cientifica.org.br\/index.php\/cientifica\/article\/view\/582\/374\">Physiological quality of Urochloa seeds treated with thiamethoxam<\/a><br \/>\n<span class=\"Apple-style-span\"><a href=\"http:\/\/dx.doi.org\/10.5902\/1980509820594\">Qualidade fisiol\u00f3gica de sementes de\u00a0<em>Syzygium cumini<\/em> L. durante o armazenamento<\/a><\/span><br \/>\n<a href=\"http:\/\/www.scielo.mec.pt\/pdf\/rca\/v38n3\/v38n3a10.pdf\">Rendimento e qualidade de sementes de soja produzidas sob diferentes manejos nutricionais<\/a><\/h4>\n<h4><a href=\"http:\/\/www.scielo.cl\/pdf\/ciagr\/v42n1\/art11.pdf\">Response of wheat seeds to zinc application during storage<\/a><br \/>\n<a href=\"http:\/\/www.conhecer.org.br\/enciclop\/2015c\/agrarias\/superacao%20de%20dormencia.pdf\">Supera\u00e7\u00e3o de dorm\u00eancia em sementes de flamboyant (<em>Delonix regia<\/em> (Bojer ex Hook) Raf<\/a><br \/>\n<a href=\"http:\/\/sedici.unlp.edu.ar\/bitstream\/handle\/10915\/51294\/Documento_completo.pdf-PDFA.pdf?sequence=1\">Testes de vigor para avalia\u00e7\u00e3o da qualidade de sementes de grama bermuda<\/a><br \/>\n<span class=\"Apple-style-span\"><a href=\"http:\/\/www.fag.edu.br\/upload\/revista\/cultivando_o_saber\/55d1efffb580b.pdf\">Tratamento de semente de soja com sil\u00edcio: efeitos na qualidade fisiol\u00f3gica e nas caracter\u00edsticas agron\u00f4micas<\/a><\/span><\/h4>\n<div><\/div>\n<h1><strong>2014<\/strong><\/h1>\n<hr \/>\n<h4><a href=\"http:\/\/file.scirp.org\/pdf\/AJPS_2014052110015477.pdf\">Accelerated Aging in Tomato Seeds<\/a><br \/>\nAlteraciones fisiol\u00f3gicas y enzim\u00e1ticas en semillas de trigo (<em>Triticum aestivum<\/em> L.) recubiertas con sil\u00edcio<br \/>\n<a href=\"http:\/\/www.conhecer.org.br\/enciclop\/2014b\/AGRARIAS\/ALTERNATIVE.pdf\">Alternative methodologies to test seed vigor in lettuce<\/a><br \/>\n<a href=\"http:\/\/www.conhecer.org.br\/enciclop\/2014a\/AGRARIAS\/desempenho%20fisiologico%20de.pdf\">Desempenho fisiol\u00f3gico de sementes de alface tratadas com tiametoxam<\/a><br \/>\n<a href=\"http:\/\/www.conhecer.org.br\/enciclop\/2014a\/AGRARIAS\/desempenho%20fisiologico.pdf\">Desempenho fisiol\u00f3gico de sementes de feij\u00e3o tratadas com produto bioativador<\/a><br \/>\n<a href=\"http:\/\/periodicos.uem.br\/ojs\/index.php\/ActaSciBiolSci\/article\/download\/15437\/pdf\">Detection of genes providing salinity-tolerance in rice<\/a><br \/>\n<a href=\"http:\/\/www.fag.edu.br\/upload\/revista\/cultivando_o_saber\/55d1efffb580b.pdf\">Efeitos da aplica\u00e7\u00e3o de sil\u00edcio via sementes na produtividade e na qualidade de sementes de soja<\/a><br \/>\nEfeitos de inseticidas,fungicidas e biorreguladores na qualidade fisiol\u00f3gica de sementes de soja durante armazenamento<\/h4>\n<h4><a href=\"http:\/\/www.conhecer.org.br\/enciclop\/2014b\/AGRARIAS\/efeito%20do%20tiametoxam.pdf\">Efeito do Tiametoxam na qualidade fisiol\u00f3gica de sementes de arroz submetido a armazenamento\u00a0<\/a><br \/>\nExpress\u00e3o isoenzim\u00e1tica durante o processo de germina\u00e7\u00e3o de sementes de arroz tratadas com tiametoxam<br \/>\nGermina\u00e7\u00e3o \u00e0 baixa temperatura de sementes de arroz tratadas com tiametoxam<br \/>\nGermina\u00e7\u00e3o e crescimento inicial de cultivares de aveia branca submetidas a estresse por \u00e1cido but\u00edrico<br \/>\n<a href=\"http:\/\/sedici.unlp.edu.ar\/bitstream\/handle\/10915\/44400\/Documento_completo.pdf?sequence=1\">Identifica\u00e7\u00e3o de bi\u00f3tipos de arroz-vermelho resistente a herbicidas por bioensaio<\/a><br \/>\n<a href=\"http:\/\/www.conhecer.org.br\/enciclop\/2014a\/AGRARIAS\/influencia%20do%20tratamento.pdf\">Influ\u00eancia do tratamento de sementes de arroz com bioativador sob estresse de baixa temperatura<\/a><br \/>\n<a href=\"http:\/\/gestaounificada.pb.gov.br\/emepa\/publicacoes\/revista-tca-emepa\/edicoes\/volume-08-2014\/volume-8-numero-5-dezembro-2014\/tca8503.pdf\">Manejo nutricional com cobalto e molibdenio em trigo: efeito na produtividade e na qualidade fisiol\u00f3gica de sementes<\/a><br \/>\n<a href=\"http:\/\/www.redalyc.org\/pdf\/1190\/119030125001.pdf\">Physiological and biochemical performance of sunflower seeds subjected to different osmotic potentials<\/a><br \/>\n<a href=\"http:\/\/www.scielo.br\/scielo.php?script=sci_arttext&amp;pid=S2317-15372014000200009\">Physiological performance during storage of corn seed treated with insecticides and fungicide<\/a><br \/>\n<a href=\"http:\/\/www.scirp.org\/journal\/PaperInformation.aspx?paperID=52423\">Physiological performance of common bean seeds treated with bioactivator with and without moisture restriction<\/a><br \/>\n<a href=\"http:\/\/www.scirp.org\/journal\/PaperInformation.aspx?PaperID=52425\">Physiological performance of rice seeds treated to thiamethoxam and placed under storage<\/a><br \/>\nQualidade fisiol\u00f3gica de sementes de soja tratadas e ao longo do armazenamento<br \/>\n<a href=\"http:\/\/www.scielo.br\/pdf\/rceres\/v61n5\/11.pdf\">Qualidade fisiol\u00f3gica, sanit\u00e1ria e enzim\u00e1tica de sementes de arroz irrigado recobertas com sil\u00edcio<\/a><br \/>\n<a href=\"http:\/\/www.scielo.br\/pdf\/hb\/v32n1\/0102-0536-hb-32-01-00080.pdf\">Salinidade e desempenho fisiol\u00f3gico de sementes e pl\u00e2ntulas de mogango<\/a><br \/>\nTratamento de sementes de arroz hibrido<br \/>\nTratamento de sementes de arroz submetidas a armazenamento<\/h4>\n<h4><a href=\"http:\/\/www.scielo.br\/scielo.php?script=sci_arttext&amp;pid=S2317-15372014000400011\">Treatment of rice seeds with thiamethoxam: reflections on physiological performance<\/a><\/h4>\n<div><\/div>\n<h1>2013<\/h1>\n<hr \/>\n<h4><a href=\"http:\/\/www.scielo.br\/pdf\/cr\/v43n7\/a20613cr6415.pdf\">\u00c1cidos org\u00e2nicos na qualidade fisiol\u00f3gica de sementes de arroz<\/a><br \/>\n<a href=\"http:\/\/www.scielo.br\/scielo.php?script=sci_arttext&amp;pid=S0034-737X2013000300019\">Effect of acetic acid on rice seeds coated with rice husk ash<\/a><br \/>\n<a href=\"http:\/\/www.conhecer.org.br\/enciclop\/2013b\/CIENCIAS%20AGRARIAS\/effect.pdf\">Effect of silicon fertilization on the expression of isoenzymes, the germination and seed yield of wheat<\/a><br \/>\n<a href=\"http:\/\/sedici.unlp.edu.ar\/bitstream\/handle\/10915\/41943\/Documento_completo.pdf?sequence=1\">Faixa de exig\u00eancia e influ\u00eancia do pH no teste de germina\u00e7\u00e3o<\/a><br \/>\n<a href=\"http:\/\/www.abrates.org.br\/images\/Informativo\/v23_n3\/01.Luciano.rar\">Matura\u00e7\u00e3o fisiol\u00f3gica, aspectos biom\u00e9tricos e insetos associados a frutos, flores e sementes de Corticeira-do-banhado (<em>Erythrina crista-galli<\/em> L., Fabaceae), em Bag\u00e9, RS<\/a><br \/>\n<a href=\"http:\/\/www.scielo.br\/scielo.php?script=sci_arttext&amp;pid=S2317-15372013000400016\">Performance of rice seeds treated with zinc, boron, and molybdenum<\/a><br \/>\n<a href=\"http:\/\/www.conhecer.org.br\/enciclop\/2013b\/CIENCIAS%20AGRARIAS\/qualidade%20fisiologica.pdf\">Qualidade fisiol\u00f3gica de sementes de ab\u00f3bora<\/a><br \/>\n<a href=\"http:\/\/www.scielo.br\/pdf\/cr\/v43n2\/a3613cr5997.pdf\">Teste de respira\u00e7\u00e3o em sementes de soja para avalia\u00e7\u00e3o da qualidade fisiol\u00f3gica<\/a><\/h4>\n<div><\/div>\n<h1><strong>2012<\/strong><\/h1>\n<hr \/>\n<h4><a href=\"http:\/\/www.abrates.org.br\/images\/Informativo\/v22_n3\/01._Karla_Armazenamento.pdf\">Armazenamento de sementes de milho h\u00edbrido tratadas com tiametoxam<\/a><br \/>\n<a href=\"http:\/\/www.uel.br\/revistas\/uel\/index.php\/semagrarias\/article\/viewFile\/7502\/11541\">Desempenho fisiol\u00f3gico de sementes de aveia-preta tratadas com tiametoxam<\/a><br \/>\n<a href=\"http:\/\/periodicos.uem.br\/ojs\/index.php\/ActaSciBiolSci\/article\/viewFile\/8535\/pdf\">Enzyme expression in indica and japonica rice cultivars under saline stress<\/a><br \/>\n<a href=\"http:\/\/www.uel.br\/revistas\/uel\/index.php\/semagrarias\/article\/viewFile\/7180\/11243\">Germina\u00e7\u00e3o de sementes de pinh\u00e3o manso em diferentes temperaturas, luz e substratos<\/a><br \/>\n<a href=\"http:\/\/www.sciencedomain.org\/abstract\/348\">Physiological performance of wheat and barley seeds treated with bioactivator<\/a><br \/>\n<a href=\"http:\/\/www.redalyc.org\/pdf\/1190\/119023684011.pdf\">Physiological quality of soybeans seeds treated with fungicide and coating with polymers<\/a><br \/>\n<a href=\"https:\/\/www.jstor.org\/stable\/23433641?seq=1#page_scan_tab_contents\">Seed treatment of minor crops<\/a><br \/>\nSele\u00e7\u00e3o de gen\u00f3tipos tolerantes a baixas temperaturas na germina\u00e7\u00e3o<br \/>\nTempo de exposi\u00e7\u00e3o de sementes de soja ao teste de envelhecimento acelerado<br \/>\n<a href=\"http:\/\/www.scielo.br\/scielo.php?pid=S0101-31222012000400021&amp;script=sci_abstract&amp;tlng=pt\">Teste de respira\u00e7\u00e3o para avaliar a qualidade fisiol\u00f3gica de sementes de girassol<\/a><\/h4>\n<div><\/div>\n<h1><strong>2011<\/strong><\/h1>\n<hr \/>\n<h4><a href=\"http:\/\/www.academicjournals.org\/journal\/IJPPB\/article-full-text-pdf\/0832E6710302\">Identification of genes involved in rice seed germination at low temperatures<\/a><br \/>\n<a href=\"http:\/\/www.scielo.br\/pdf\/rceres\/v58n2\/a08v58n2.pdf\">Influ\u00eancia dos diferentes per\u00edodos de colheita na express\u00e3o de isoenzimas em sementes de cevada<\/a><br \/>\n<a href=\"http:\/\/www.scielo.br\/pdf\/rbs\/v33n4\/13.pdf\">Viabilidade e atividade antioxidante de sementes de gen\u00f3tipos de feij\u00e3o-mi\u00fado submetidos ao estresse salino<\/a><\/h4>\n<div><\/div>\n<h1><strong>2010<\/strong><\/h1>\n<hr \/>\n<h4><a href=\"https:\/\/periodicos.ufpel.edu.br\/ojs2\/index.php\/CAST\/article\/download\/2003\/1829\">Indu\u00e7\u00e3o de muta\u00e7\u00e3o em sementes de arroz (<em>Oryza sativa<\/em> L.) e sele\u00e7\u00e3o de poss\u00edveis muta\u00e7\u00f5es para dorm\u00eancia<\/a><br \/>\n<a href=\"http:\/\/revistaseletronicas.pucrs.br\/teo\/ojs\/index.php\/fzva\/article\/view\/5485\/5457\">Influ\u00eancia da temperatura e do tempo de incuba\u00e7\u00e3o em sementes de arroz no sistema pr\u00e9-germinado<\/a><br \/>\n<a href=\"http:\/\/www.redalyc.org\/articulo.oa?id=33913153009\">Perfil enzim\u00e1tico em sementes de cevada em resposta a diferentes concentra\u00e7\u00f5es salinas<\/a><\/h4>\n<div><\/div>\n<h1>2009<\/h1>\n<hr \/>\n<div><\/div>\n<h4><a href=\"http:\/\/revistas.ufpr.br\/agraria\/article\/view\/13588\">Criopreserva\u00e7\u00e3o de calos de arroz<\/a><br \/>\n<a href=\"http:\/\/www.scielo.br\/pdf\/rbs\/v31n1\/a03v31n1.pdf\">Diferen\u00e7as estruturais entre tegumentos de sementes de soja com permeabilidade contrastante<\/a><br \/>\n<a href=\"http:\/\/www.scielo.br\/pdf\/cr\/v39n5\/a167cr178.pdf\">Qualidade fisiol\u00f3gica de sementes de arroz submetidas \u00e0 radia\u00e7\u00e3o gama<\/a><\/h4>\n<div><\/div>\n<h1>2008<\/h1>\n<hr \/>\n<h4><a href=\"https:\/\/wp.ufpel.edu.br\/gem\/files\/2016\/11\/2004-Revista-Brasileira-de-Sementes-Tratamentos-para-supera%C3%A7%C3%A3o-de-dorm%C3%AAncia-em-sementes-de-cornich%C3%A3o-anual..pdf\">Single nucleotide polymorpnism (SNPs) identification in the red ride alpha-amylase gene AMY1: efect on seedling vigor<\/a><\/h4>\n<div><\/div>\n<h1>2007<\/h1>\n<hr \/>\n<h4><a href=\"http:\/\/www.scielo.br\/pdf\/rbs\/v29n1\/08.pdf\">Avalia\u00e7\u00e3o de gen\u00f3tipos de milho para semeadura precoce sob influ\u00eancia de baixa temperatura<\/a><br \/>\n<span class=\"Apple-style-span\"><a href=\"http:\/\/www.revistas.ufg.br\/pat\/article\/view\/1823\">Caracteriza\u00e7\u00e3o bioqu\u00edmica e molecular de acessos de arroz vermelho coletados no estado do Rio Grande do Sul<\/a><\/span><br \/>\n<a href=\"http:\/\/www.scielo.br\/pdf\/rbs\/v29n1\/09.pdf\">Express\u00e3o diferencial de isoenzimas durante o processo de germina\u00e7\u00e3o de sementes de arroz em grandes profundidades de semeadura<\/a><br \/>\nGermina\u00e7\u00e3o de sementes de esp\u00e9cies arom\u00e1ticas e condiment\u00edcias comercializadas em embalagens de alum\u00ednio<br \/>\n<a href=\"http:\/\/www.scielo.br\/pdf\/rbs\/v28n2\/a25v28n2.pdf\">Identifica\u00e7\u00e3o do est\u00e1dio adequado para realiza\u00e7\u00e3o de an\u00e1lises isoenzim\u00e1ticas na caracteriza\u00e7\u00e3o de cultivares de arroz<\/a><\/h4>\n<div><\/div>\n<h1>2006<\/h1>\n<hr \/>\n<div><\/div>\n<h4><span class=\"Apple-style-span\"><a href=\"https:\/\/periodicos.ufpel.edu.br\/ojs2\/index.php\/CAST\/article\/download\/4459\/3344\">Prospec\u00e7\u00e3o de genes em bibliotecas de cDNA<\/a><\/span><br \/>\n<a href=\"http:\/\/www.scielo.br\/pdf\/rbs\/v29n3\/a01v29n3.pdf\">Qualidade fisiol\u00f3gica e sanit\u00e1ria de sementes de feij\u00e3o mi\u00fado beneficiadas em mesa gravitacional<\/a><br \/>\n<a href=\"http:\/\/www.scielo.br\/pdf\/rbs\/v26n2\/24484.pdf\">Supera\u00e7\u00e3o de dorm\u00eancia em sementes de cornich\u00e3o (<em>Lotus cosmiculatus<\/em> L.)<\/a><\/h4>\n<div><\/div>\n<h1>2004<\/h1>\n<hr \/>\n<h4><span class=\"Apple-style-span\"><a href=\"http:\/\/dx.doi.org\/10.5902\/198050981803\">Semeadura direta de timba\u00fava (<em>Enterolobium contortisiliquum<\/em>), canaf\u00edstula (<em>Peltophorum dubium<\/em>) e cedro (<em>Cedrela fissilis<\/em>) em campos abandonados<\/a><\/span><br \/>\n<a href=\"https:\/\/wp.ufpel.edu.br\/gem\/files\/2016\/11\/2004-Revista-Brasileira-de-Sementes-Tratamentos-para-supera%C3%A7%C3%A3o-de-dorm%C3%AAncia-em-sementes-de-cornich%C3%A3o-anual..pdf\">Tratamentos para supera\u00e7\u00e3o de dorm\u00eancia em sementes de cornich\u00e3o anual<\/a><\/h4>\n<div><\/div>\n<h1>2003<\/h1>\n<hr \/>\n<h4><a href=\"https:\/\/periodicos.ufpel.edu.br\/ojs2\/index.php\/CAST\/article\/view\/640\">Mais do que 120 anos de aulas, a trajet\u00f3ria da FAEM representa marcas de uma li\u00e7\u00e3o<\/a><\/h4>\n<div><\/div>\n<h1>2002<\/h1>\n<hr \/>\n<h4><a href=\"http:\/\/www.scielo.br\/pdf\/rbs\/v24n1\/v24n1a02.pdf\">Veracidade da germina\u00e7\u00e3o indicada nas embalagens de sementes de esp\u00e9cies medicinais<\/a><\/h4>\n<div><\/div>\n<h1>2000<\/h1>\n<hr \/>\n<h4><a href=\"https:\/\/wp.ufpel.edu.br\/gem\/files\/2016\/11\/2000-Agropecu%C3%A1ria-Clima-Temperado-Tratamentos-para-supera%C3%A7%C3%A3o-de-Dormencia-de-sementes-de-Timbauva.pdf\">Tratamentos para superar a dorm\u00eancia de sementes de <em>Enterolobium contortisiliquum<\/em> (vel.) Morong.<\/a><\/h4>\n<div><\/div>\n<h1>1999<\/h1>\n<hr \/>\n<h4><a href=\"https:\/\/periodicos.ufpel.edu.br\/ojs2\/index.php\/CAST\/article\/view\/267\">Sistemas integrados de frangos e su\u00ednos: Uma vis\u00e3o dos Produtores<\/a><\/h4>\n<p><span class=\"Apple-style-span\" style=\"font-family: arial, helvetica, sans-serif\">\u00a0<\/span><\/p>\n<p>&nbsp;<\/p>\n","protected":false},"excerpt":{"rendered":"<p>2018 Aguarde. Em atualiza\u00e7\u00e3o 2017 Aguarde. Em atualiza\u00e7\u00e3o 2016 Aplica\u00e7\u00e3o ao solo de cinza de casca de arroz como fonte de sil\u00edcio: efeito na qualidade de sementes de trigo produzidas sob stresse salino Calidad fisiol\u00f3gica de semillas de berenjena, morr\u00f3n y tomate tratadas con tiametoxam, un producto bioactivador Desempe\u00f1o fisiol\u00f3gico de semillas de soja y&hellip;<\/p>\n","protected":false},"author":599,"featured_media":0,"parent":0,"menu_order":0,"comment_status":"closed","ping_status":"closed","template":"","meta":{"footnotes":""},"class_list":["post-2","page","type-page","status-publish","hentry"],"_links":{"self":[{"href":"https:\/\/wp.ufpel.edu.br\/gem\/wp-json\/wp\/v2\/pages\/2","targetHints":{"allow":["GET"]}}],"collection":[{"href":"https:\/\/wp.ufpel.edu.br\/gem\/wp-json\/wp\/v2\/pages"}],"about":[{"href":"https:\/\/wp.ufpel.edu.br\/gem\/wp-json\/wp\/v2\/types\/page"}],"author":[{"embeddable":true,"href":"https:\/\/wp.ufpel.edu.br\/gem\/wp-json\/wp\/v2\/users\/599"}],"replies":[{"embeddable":true,"href":"https:\/\/wp.ufpel.edu.br\/gem\/wp-json\/wp\/v2\/comments?post=2"}],"version-history":[{"count":44,"href":"https:\/\/wp.ufpel.edu.br\/gem\/wp-json\/wp\/v2\/pages\/2\/revisions"}],"predecessor-version":[{"id":209,"href":"https:\/\/wp.ufpel.edu.br\/gem\/wp-json\/wp\/v2\/pages\/2\/revisions\/209"}],"wp:attachment":[{"href":"https:\/\/wp.ufpel.edu.br\/gem\/wp-json\/wp\/v2\/media?parent=2"}],"curies":[{"name":"wp","href":"https:\/\/api.w.org\/{rel}","templated":true}]}}