{"id":119,"date":"2017-10-07T15:52:08","date_gmt":"2017-10-07T18:52:08","guid":{"rendered":"https:\/\/wp.ufpel.edu.br\/gem\/?page_id=119"},"modified":"2018-10-17T15:03:59","modified_gmt":"2018-10-17T18:03:59","slug":"producao_tecnico_centifica_em_sementes_volume_i","status":"publish","type":"page","link":"https:\/\/wp.ufpel.edu.br\/gem\/livros\/producao_tecnico_centifica_em_sementes_volume_i\/","title":{"rendered":"Produ\u00e7\u00e3o_Tecnico_Cient\u00edfica_em_Sementes_Volume_I"},"content":{"rendered":"<p><img loading=\"lazy\" decoding=\"async\" class=\"alignnone wp-image-174\" src=\"https:\/\/wp.ufpel.edu.br\/gem\/files\/2017\/10\/cropped-capa_livro2016vers\u00e3o-online1-424x242.jpg\" alt=\"\" width=\"739\" height=\"422\" srcset=\"https:\/\/wp.ufpel.edu.br\/gem\/files\/2017\/10\/cropped-capa_livro2016vers\u00e3o-online1-424x242.jpg 424w, https:\/\/wp.ufpel.edu.br\/gem\/files\/2017\/10\/cropped-capa_livro2016vers\u00e3o-online1-212x121.jpg 212w, https:\/\/wp.ufpel.edu.br\/gem\/files\/2017\/10\/cropped-capa_livro2016vers\u00e3o-online1-768x438.jpg 768w, https:\/\/wp.ufpel.edu.br\/gem\/files\/2017\/10\/cropped-capa_livro2016vers\u00e3o-online1-220x126.jpg 220w, https:\/\/wp.ufpel.edu.br\/gem\/files\/2017\/10\/cropped-capa_livro2016vers\u00e3o-online1.jpg 1020w\" sizes=\"auto, (max-width: 739px) 100vw, 739px\" \/><\/p>\n<p><a href=\"https:\/\/wp.ufpel.edu.br\/gem\/files\/2017\/10\/capitulo_00_p01_10.pdf\">Introdu\u00e7\u00e3o<\/a><br \/>\n<a href=\"https:\/\/wp.ufpel.edu.br\/gem\/files\/2017\/10\/capitulo_01_-p_11_22.pdf\">Recobrimento de sementes com filmes polim\u00e9ricos para redu\u00e7\u00e3o de poeira em sementes tratadas<\/a><br \/>\n<a href=\"https:\/\/wp.ufpel.edu.br\/gem\/files\/2017\/10\/capitulo_02_-p_23_38.pdf\">Emerg\u00eancia de milho em fun\u00e7\u00e3o do tratamento das sementes com inseticida, fungicida e bioestimulante<\/a><br \/>\n<a href=\"https:\/\/wp.ufpel.edu.br\/gem\/files\/2017\/10\/capitulo_03_-p_39_74.pdf\">Programa m\u00fatuo de sementes na cooperativa agropecu\u00e1ria e industrial (Cotrijui)<\/a><br \/>\n<a href=\"https:\/\/wp.ufpel.edu.br\/gem\/files\/2017\/10\/capitulo_04_-p_75_102.pdf\">Descarte nas etapas do beneficiamento de sementes de soja<\/a><br \/>\n<a href=\"https:\/\/wp.ufpel.edu.br\/gem\/files\/2017\/10\/capitulo_05_-p_103_122.pdf\">Hidr\u00f3xido de s\u00f3dio na neutraliza\u00e7\u00e3o do \u00e1cido sulf\u00farico no deslintamento de sementes de algod\u00e3o<\/a><br \/>\n<a href=\"https:\/\/wp.ufpel.edu.br\/gem\/files\/2017\/10\/capitulo_06_-p_123_142.pdf\">Produ\u00e7\u00e3o de sementes de soja na c. vale cooperativa agroindustrial<\/a><br \/>\n<a href=\"https:\/\/wp.ufpel.edu.br\/gem\/files\/2017\/10\/capitulo_07_-p_143_162.pdf\">Teste de tetraz\u00f3lio na avalia\u00e7\u00e3o da qualidade de sementes de soja beneficiadas na mesa de gravidade<\/a><br \/>\n<a href=\"https:\/\/wp.ufpel.edu.br\/gem\/files\/2017\/10\/capitulo_08_-p_163_188.pdf\">Estrat\u00e9gia de marketing para promo\u00e7\u00e3o do uso de sementes de milheto no sul do Brasil<\/a><br \/>\n<a href=\"https:\/\/wp.ufpel.edu.br\/gem\/files\/2017\/10\/capitulo_09_-p_189_214.pdf\">Qualidade fisiol\u00f3gica de sementes de soja no munic\u00edpio de Santa Rosa-RS<\/a><br \/>\n<a href=\"https:\/\/wp.ufpel.edu.br\/gem\/files\/2017\/10\/capitulo_10_-p_215_232.pdf\">Origem, tamanho, danifica\u00e7\u00e3o mec\u00e2nica e tratamento de sementes de soja<\/a><br \/>\n<a href=\"https:\/\/wp.ufpel.edu.br\/gem\/files\/2017\/10\/capitulo_11_-p_233_260.pdf\">Produ\u00e7\u00e3o de mudas de algod\u00e3ozinho-do-campo, em diferentes substratos<\/a><br \/>\n<a href=\"https:\/\/wp.ufpel.edu.br\/gem\/files\/2017\/10\/capitulo_12_-p_261_286.pdf\">Viabilidade econ\u00f4mica para implanta\u00e7\u00e3o de cultivo de eucalipto para fins energ\u00e9ticos na seara ind\u00fastria e com\u00e9rcio de produtos agropecu\u00e1rios LTDA<\/a><br \/>\n<a href=\"https:\/\/wp.ufpel.edu.br\/gem\/files\/2017\/10\/capitulo_13_-p_287_306.pdf\">Consequ\u00eancias dos mecanismos de controle da ferrugem asi\u00e1tica na produ\u00e7\u00e3o de soja no munic\u00edpio de Pedra Preta, Mato Grosso<\/a><br \/>\n<a href=\"https:\/\/wp.ufpel.edu.br\/gem\/files\/2017\/10\/capitulo_14_-p_307_324.pdf\">Qualidade de sementes de soja no Paraguai<\/a><br \/>\n<a href=\"https:\/\/wp.ufpel.edu.br\/gem\/files\/2017\/10\/capitulo_15_-p_325_342.pdf\">Efici\u00eancia nos processos de produ\u00e7\u00e3o de sementes de soja da empresa agra silo santa Catalina S.A. (Paraguai)<\/a><br \/>\n<a href=\"https:\/\/wp.ufpel.edu.br\/gem\/files\/2017\/10\/capitulo_16_-p_343_366.pdf\">Controle de qualidade de sementes de soja na cooperativa agr\u00edcola mista S\u00e3o Crist\u00f3v\u00e3o Ltda<\/a><br \/>\n<a href=\"https:\/\/wp.ufpel.edu.br\/gem\/files\/2017\/10\/capitulo_17_-p_367_386.pdf\">Qualidade de sementes de arroz de sequeiro utilizado na agricultura familiar em Araguatins &#8211; TO<\/a><br \/>\n<a href=\"https:\/\/wp.ufpel.edu.br\/gem\/files\/2017\/10\/capitulo_18_-p_387_414.pdf\">Perfil do orizicultor do extremo sul catarinense<\/a><br \/>\n<a href=\"https:\/\/wp.ufpel.edu.br\/gem\/files\/2017\/10\/capitulo_19_-p_415_434.pdf\">Sementes de trigo tratadas para controle de pragas de armazenamento e a qualidade fisiol\u00f3gica destas sementes<\/a><br \/>\n<a href=\"https:\/\/wp.ufpel.edu.br\/gem\/files\/2017\/10\/capitulo_20_-p_435_460.pdf\">Desempenho das sementes de milho hibrido tratadas com Avicta Completo\u00ae durante o armazenamento<\/a><br \/>\n<a href=\"https:\/\/wp.ufpel.edu.br\/gem\/files\/2017\/10\/cap\u00edtulo_21_p_461_476.pdf\">Qualidade de sementes de soja produzidas na entressafra<\/a><br \/>\n<a href=\"https:\/\/wp.ufpel.edu.br\/gem\/files\/2017\/10\/capitulo_22_-p_477_492.pdf\">Desempenho f\u00edsico e fisiol\u00f3gico de sementes de algod\u00e3o<\/a><br \/>\n<a href=\"https:\/\/wp.ufpel.edu.br\/gem\/files\/2017\/10\/capitulo_23_-p_493_508.pdf\">An\u00e1lise de custos do tratamento de sementes industrial na Cooperativa Triticola Regional S\u00e3o Luizense &#8211; COOPATRIGO<\/a><br \/>\n<a href=\"https:\/\/wp.ufpel.edu.br\/gem\/files\/2017\/10\/capitulo_24_-p_509_524.pdf\">Qualidade fisiol\u00f3gica de semente de soja em fun\u00e7\u00e3o do tamanho da semente e da cultivar<\/a><br \/>\n<a href=\"https:\/\/wp.ufpel.edu.br\/gem\/files\/2017\/10\/capitulo_25_-p_525_550.pdf\">Situa\u00e7\u00e3o do modelo de transfer\u00eancia de tecnologia da parceria p\u00fablica-privada entre EMBRAPA e Funda\u00e7\u00e3o Meridional<\/a><br \/>\n<a href=\"https:\/\/wp.ufpel.edu.br\/gem\/files\/2017\/10\/capitulo_26_-p_551_572.pdf\">Evolu\u00e7\u00e3o da importa\u00e7\u00e3o de sementes de esp\u00e9cies forrageiras na empresa VICOZA S.R.L., Paraguai<\/a><br \/>\n<a href=\"https:\/\/wp.ufpel.edu.br\/gem\/files\/2017\/10\/capitulo_27_-p_573_590.pdf\">Monitoramento da secagem de milho em secador intermitente de coluna e cavalete<\/a><br \/>\n<a href=\"https:\/\/wp.ufpel.edu.br\/gem\/files\/2017\/10\/capitulo_28_-p_591_614.pdf\">Desempenho de sementes de milho tratadas com fungicida, inseticida e nematicida durante o armazenamento<\/a><\/p>\n","protected":false},"excerpt":{"rendered":"<p>Introdu\u00e7\u00e3o Recobrimento de sementes com filmes polim\u00e9ricos para redu\u00e7\u00e3o de poeira em sementes tratadas Emerg\u00eancia de milho em fun\u00e7\u00e3o do tratamento das sementes com inseticida, fungicida e bioestimulante Programa m\u00fatuo de sementes na cooperativa agropecu\u00e1ria e industrial (Cotrijui) Descarte nas etapas do beneficiamento de sementes de soja Hidr\u00f3xido de s\u00f3dio na neutraliza\u00e7\u00e3o do \u00e1cido sulf\u00farico&hellip;<\/p>\n","protected":false},"author":599,"featured_media":0,"parent":111,"menu_order":0,"comment_status":"closed","ping_status":"closed","template":"","meta":{"footnotes":""},"class_list":["post-119","page","type-page","status-publish","hentry"],"_links":{"self":[{"href":"https:\/\/wp.ufpel.edu.br\/gem\/wp-json\/wp\/v2\/pages\/119","targetHints":{"allow":["GET"]}}],"collection":[{"href":"https:\/\/wp.ufpel.edu.br\/gem\/wp-json\/wp\/v2\/pages"}],"about":[{"href":"https:\/\/wp.ufpel.edu.br\/gem\/wp-json\/wp\/v2\/types\/page"}],"author":[{"embeddable":true,"href":"https:\/\/wp.ufpel.edu.br\/gem\/wp-json\/wp\/v2\/users\/599"}],"replies":[{"embeddable":true,"href":"https:\/\/wp.ufpel.edu.br\/gem\/wp-json\/wp\/v2\/comments?post=119"}],"version-history":[{"count":25,"href":"https:\/\/wp.ufpel.edu.br\/gem\/wp-json\/wp\/v2\/pages\/119\/revisions"}],"predecessor-version":[{"id":205,"href":"https:\/\/wp.ufpel.edu.br\/gem\/wp-json\/wp\/v2\/pages\/119\/revisions\/205"}],"up":[{"embeddable":true,"href":"https:\/\/wp.ufpel.edu.br\/gem\/wp-json\/wp\/v2\/pages\/111"}],"wp:attachment":[{"href":"https:\/\/wp.ufpel.edu.br\/gem\/wp-json\/wp\/v2\/media?parent=119"}],"curies":[{"name":"wp","href":"https:\/\/api.w.org\/{rel}","templated":true}]}}