{"id":111,"date":"2017-10-07T15:46:43","date_gmt":"2017-10-07T18:46:43","guid":{"rendered":"https:\/\/wp.ufpel.edu.br\/gem\/?page_id=111"},"modified":"2020-05-31T18:20:33","modified_gmt":"2020-05-31T21:20:33","slug":"livros","status":"publish","type":"page","link":"https:\/\/wp.ufpel.edu.br\/gem\/livros\/","title":{"rendered":"Livros"},"content":{"rendered":"<p><span style=\"font-size: 18pt\"><strong><span style=\"color: #0000ff\">2008 &#8211; Prospec\u00e7\u00e3o da Produ\u00e7\u00e3o T\u00e9cnico Cient\u00edfica em Sementes<\/span><\/strong><\/span><\/p>\n<div class=\"page\" title=\"Page 3\">\n<div class=\"layoutArea\">\n<div class=\"column\">\n<p style=\"text-align: justify\"><strong><span style=\"color: #000000\">Esta publicac\u0327a\u0303o resulta da ac\u0327a\u0303o conjunta dos Cursos de Mestrado Profissional e de Doutorado e Mestrado Acade\u0302mico, do Programa de Po\u0301s-Graduac\u0327a\u0303o em Cie\u0302ncia e Tecnologia de Sementes.<\/span><\/strong><\/p>\n<p style=\"text-align: justify\"><strong><span style=\"color: #000000\">Inicialmente, esta\u0301 contemplada a totalidade dos resumos dos trabalhos te\u0301cnico-cienti\u0301ficos apresentados no XXI Semina\u0301rio Panamericano de Sementes, realizado de 14 a 17 de outubro de 2008, na cidade de Cartagena das I\u0301ndias, na Colo\u0302mbia, sendo 54,54% dos trabalhos com participac\u0327a\u0303o de discentes e docentes da Universidade Federal de Pelotas.<\/span><\/strong><\/p>\n<\/div>\n<\/div>\n<\/div>\n<div class=\"page\" title=\"Page 4\">\n<div class=\"layoutArea\">\n<div class=\"column\">\n<p style=\"text-align: justify\"><strong><span style=\"color: #000000\">A seguir, apresentam-se artigos te\u0301cnico-cienti\u0301ficos elaborados conjuntamente por docentes e discentes de Mestrado Profissional e de Doutorado e Mestrado Acade\u0302mico, envolvendo Dados Histo\u0301ricos da Produc\u0327a\u0303o de Sementes em Cooperativas, Classificac\u0327a\u0303o de Sementes de Soja, Funcionamento da Mesa Termogradiente e Operac\u0327a\u0303o da Mesa de Gravidade.<\/span><\/strong><\/p>\n<p><span style=\"font-size: 12pt\"><strong><a href=\"https:\/\/wp.ufpel.edu.br\/gem\/files\/2020\/05\/livro_prospeccao_da_producao.pdf\">Clique aqui para acessar conte\u00fado na\u00a0 integra\u00a0<\/a><\/strong><\/span><\/p>\n<\/div>\n<\/div>\n<\/div>\n<p><span style=\"font-size: 18pt\"><strong><a href=\"https:\/\/wp.ufpel.edu.br\/gem\/files\/2020\/05\/prospeccao_da_producao-scaled.jpg\"><img loading=\"lazy\" decoding=\"async\" class=\"wp-image-212 aligncenter\" src=\"https:\/\/wp.ufpel.edu.br\/gem\/files\/2020\/05\/prospeccao_da_producao-226x318.jpg\" alt=\"\" width=\"314\" height=\"442\" srcset=\"https:\/\/wp.ufpel.edu.br\/gem\/files\/2020\/05\/prospeccao_da_producao-226x318.jpg 226w, https:\/\/wp.ufpel.edu.br\/gem\/files\/2020\/05\/prospeccao_da_producao-113x159.jpg 113w, https:\/\/wp.ufpel.edu.br\/gem\/files\/2020\/05\/prospeccao_da_producao-768x1082.jpg 768w, https:\/\/wp.ufpel.edu.br\/gem\/files\/2020\/05\/prospeccao_da_producao-1091x1536.jpg 1091w, https:\/\/wp.ufpel.edu.br\/gem\/files\/2020\/05\/prospeccao_da_producao-1454x2048.jpg 1454w, https:\/\/wp.ufpel.edu.br\/gem\/files\/2020\/05\/prospeccao_da_producao-scaled.jpg 1818w\" sizes=\"auto, (max-width: 314px) 100vw, 314px\" \/><\/a><\/strong><\/span><\/p>\n<p><span style=\"font-size: 18pt;color: #0000ff\"><strong>2010 -Evolu\u00e7\u00e3o da Produ\u00e7\u00e3o T\u00e9cnico Cient\u00edfica em Sementes<\/strong><\/span><\/p>\n<div class=\"page\" title=\"Page 5\">\n<div class=\"layoutArea\">\n<div class=\"column\">\n<p style=\"text-align: justify\"><span style=\"font-size: 10pt\"><strong><span style=\"color: #000000\">Colocamos a\u0300 disposic\u0327a\u0303o um novo livro que contempla, parcialmente, a produc\u0327a\u0303o te\u0301cnico-cienti\u0301fica da A\u0301rea de Sementes do Departamento de Fitotecnia da Faculdade de Agronomia Eliseu Maciel, da Universidade Federal de Pelotas, bie\u0302nio 2009- 2010.<\/span><\/strong><\/span><\/p>\n<p style=\"text-align: justify\"><span style=\"font-size: 10pt\"><strong><span style=\"color: #000000\">A obra envolve, essencialmente, treze capi\u0301tulos referentes a\u0300s produc\u0327o\u0303es resultantes de atividades desenvolvidas conjuntamente entre os Cursos de Mestrado Profissional e de Doutorado e Mestrado Acade\u0302mico do Programa de Po\u0301s- Graduac\u0327a\u0303o em Cie\u0302ncia e Tecnologia de Sementes.<\/span><\/strong><\/span><\/p>\n<p style=\"text-align: justify\"><span style=\"font-size: 10pt\"><strong><span style=\"color: #000000\">A publicac\u0327a\u0303o objetiva divulgar resultados de parte das pesquisas realizadas pela A\u0301rea de Sementes que tiveram a participac\u0327a\u0303o de professores do Programa de Po\u0301s-Graduac\u0327a\u0303o em Cie\u0302ncia e Tecnologia de Sementes, de alunos de po\u0301s-graduac\u0327a\u0303o (Mestrado Profissional, Doutorado e Mestrado Acade\u0302mico) e de graduac\u0327a\u0303o (Bolsistas de Iniciac\u0327a\u0303o Cienti\u0301fica e Estagia\u0301rios) e de Bolsistas Pesquisadores.<\/span><\/strong><\/span><\/p>\n<p><span style=\"font-size: 12pt\"><strong><a href=\"https:\/\/wp.ufpel.edu.br\/gem\/files\/2020\/05\/livro_evolucao_prospectiva.pdf\">Clique aqui para acessar o conte\u00fado na \u00edntegra.<\/a><\/strong><\/span><\/div>\n<\/div>\n<\/div>\n<p><span style=\"font-size: 18pt\"><strong><img loading=\"lazy\" decoding=\"async\" class=\"wp-image-214 aligncenter\" src=\"https:\/\/wp.ufpel.edu.br\/gem\/files\/2020\/05\/evolucao_prospectiva-229x318.jpg\" alt=\"\" width=\"342\" height=\"475\" srcset=\"https:\/\/wp.ufpel.edu.br\/gem\/files\/2020\/05\/evolucao_prospectiva-229x318.jpg 229w, https:\/\/wp.ufpel.edu.br\/gem\/files\/2020\/05\/evolucao_prospectiva-114x159.jpg 114w, https:\/\/wp.ufpel.edu.br\/gem\/files\/2020\/05\/evolucao_prospectiva-768x1068.jpg 768w, https:\/\/wp.ufpel.edu.br\/gem\/files\/2020\/05\/evolucao_prospectiva-1105x1536.jpg 1105w, https:\/\/wp.ufpel.edu.br\/gem\/files\/2020\/05\/evolucao_prospectiva-1473x2048.jpg 1473w, https:\/\/wp.ufpel.edu.br\/gem\/files\/2020\/05\/evolucao_prospectiva-scaled.jpg 1841w\" sizes=\"auto, (max-width: 342px) 100vw, 342px\" \/><\/strong><\/span><\/p>\n<p><span style=\"color: #0000ff\"><span style=\"font-size: 18pt\"><strong>2016 &#8211; Produ\u00e7\u00e3o T\u00e9cnico Cient\u00edfica em Sementes<\/strong><\/span><span style=\"font-size: 18pt\"><strong>\u00a0<\/strong><\/span><\/span><\/p>\n<p style=\"text-align: justify\"><strong><span style=\"color: #000000\">O cen\u00e1rio atual exige especial aten\u00e7\u00e3o na tomada de decis\u00e3o e no estabelecimento do rumo a seguir. A aquisi\u00e7\u00e3o de mais e novos conhecimentos, a ado\u00e7\u00e3o de propostas inovadoras, a ades\u00e3o a novas tecnologias, o aprimoramento da gest\u00e3o e a incorpora\u00e7\u00e3o cada vez maior de sustentabilidade e de competitividade s\u00e3o exig\u00eancias para a supera\u00e7\u00e3o de desafios pessoais e corporativos. <\/span><\/strong><\/p>\n<p style=\"text-align: justify\"><strong><span style=\"color: #000000\">A necessidade de amoldar o planejamento passa pelo treinamento de pessoal para que as oportunidades n\u00e3o sejam desperdi\u00e7adas por falta de condi\u00e7\u00f5es para aproveit\u00e1-las na plenitude. Com foco no desenvolvimento, o Programa de P\u00f3s gradua\u00e7\u00e3o em Ci\u00eancia e Tecnologia de Sementes proporciona a qualifica\u00e7\u00e3o de pessoal em n\u00edveis de P\u00f3s-doutorado, Doutorado, Mestrado Acad\u00eamico, Mestrado Profissional e Especializa\u00e7\u00e3o, bem como oferece cursos de curta dura\u00e7\u00e3o. Al\u00e9m disso, a participa\u00e7\u00e3o por meio de palestras em eventos t\u00e9cnico cient\u00edficos, feiras e dias de campo e a amplia\u00e7\u00e3o de parcerias com institui\u00e7\u00f5es p\u00fablicas e privadas t\u00eam contribu\u00eddo para a forma\u00e7\u00e3o de pessoal altamente qualificado e o acesso ao conhecimento com aplicabilidade no dia a dia aos profissionais que atuam no agroneg\u00f3cio. <\/span><\/strong><\/p>\n<p style=\"text-align: justify\"><strong><span style=\"color: #000000\">Visando a amplia\u00e7\u00e3o da divulga\u00e7\u00e3o de resultados de pesquisas desenvolvidas por docentes, discentes de p\u00f3s gradua\u00e7\u00e3o e de gradua\u00e7\u00e3o e t\u00e9cnicos envolvidos com a \u00c1rea de Sementes do Departamento de Fitotecnia, da Faculdade de Agronomia Eliseu Maciel, da Universidade Federal de Pelotas, estamos colocando \u00e0 disposi\u00e7\u00e3o o livro PRODU\u00c7\u00c3O T\u00c9CNICO CIENT\u00cdFICA EM SEMENTES &#8211; VOLUME I que abarca temas oportunos e atuais da Produ\u00e7\u00e3o e Tecnologia de Sementes. Esperamos que os assuntos abordados atendam \u00e0s expectativas dos leitores, no que se refere \u00e0 abrang\u00eancia, consist\u00eancia, contribui\u00e7\u00e3o e inova\u00e7\u00e3o.<\/span><\/strong><\/p>\n<p><strong><span style=\"color: #000000\">Clique na Figura Abaixo para ter acesso ao conte\u00fado na \u00edntegra.<\/span><\/strong><\/p>\n<p><a href=\"https:\/\/wp.ufpel.edu.br\/gem\/livros\/producao_tecnico_centifica_em_sementes_volume_i\/\"><img loading=\"lazy\" decoding=\"async\" class=\"wp-image-113 aligncenter\" src=\"https:\/\/wp.ufpel.edu.br\/gem\/files\/2017\/10\/capa_livro2016vers\u00e3o-online1-424x242.jpg\" alt=\"\" width=\"385\" height=\"220\" srcset=\"https:\/\/wp.ufpel.edu.br\/gem\/files\/2017\/10\/capa_livro2016vers\u00e3o-online1-424x242.jpg 424w, https:\/\/wp.ufpel.edu.br\/gem\/files\/2017\/10\/capa_livro2016vers\u00e3o-online1-212x121.jpg 212w, https:\/\/wp.ufpel.edu.br\/gem\/files\/2017\/10\/capa_livro2016vers\u00e3o-online1-768x438.jpg 768w, https:\/\/wp.ufpel.edu.br\/gem\/files\/2017\/10\/capa_livro2016vers\u00e3o-online1-619x353.jpg 619w\" sizes=\"auto, (max-width: 385px) 100vw, 385px\" \/><\/a><\/p>\n","protected":false},"excerpt":{"rendered":"<p>2008 &#8211; Prospec\u00e7\u00e3o da Produ\u00e7\u00e3o T\u00e9cnico Cient\u00edfica em Sementes Esta publicac\u0327a\u0303o resulta da ac\u0327a\u0303o conjunta dos Cursos de Mestrado Profissional e de Doutorado e Mestrado Acade\u0302mico, do Programa de Po\u0301s-Graduac\u0327a\u0303o em Cie\u0302ncia e Tecnologia de Sementes. Inicialmente, esta\u0301 contemplada a totalidade dos resumos dos trabalhos te\u0301cnico-cienti\u0301ficos apresentados no XXI Semina\u0301rio Panamericano de Sementes, realizado de&hellip;<\/p>\n","protected":false},"author":599,"featured_media":0,"parent":0,"menu_order":0,"comment_status":"closed","ping_status":"closed","template":"","meta":{"footnotes":""},"class_list":["post-111","page","type-page","status-publish","hentry"],"_links":{"self":[{"href":"https:\/\/wp.ufpel.edu.br\/gem\/wp-json\/wp\/v2\/pages\/111","targetHints":{"allow":["GET"]}}],"collection":[{"href":"https:\/\/wp.ufpel.edu.br\/gem\/wp-json\/wp\/v2\/pages"}],"about":[{"href":"https:\/\/wp.ufpel.edu.br\/gem\/wp-json\/wp\/v2\/types\/page"}],"author":[{"embeddable":true,"href":"https:\/\/wp.ufpel.edu.br\/gem\/wp-json\/wp\/v2\/users\/599"}],"replies":[{"embeddable":true,"href":"https:\/\/wp.ufpel.edu.br\/gem\/wp-json\/wp\/v2\/comments?post=111"}],"version-history":[{"count":12,"href":"https:\/\/wp.ufpel.edu.br\/gem\/wp-json\/wp\/v2\/pages\/111\/revisions"}],"predecessor-version":[{"id":220,"href":"https:\/\/wp.ufpel.edu.br\/gem\/wp-json\/wp\/v2\/pages\/111\/revisions\/220"}],"wp:attachment":[{"href":"https:\/\/wp.ufpel.edu.br\/gem\/wp-json\/wp\/v2\/media?parent=111"}],"curies":[{"name":"wp","href":"https:\/\/api.w.org\/{rel}","templated":true}]}}