{"id":92,"date":"2016-02-28T12:37:46","date_gmt":"2016-02-28T15:37:46","guid":{"rendered":"https:\/\/wp.ufpel.edu.br\/gehar\/?page_id=92"},"modified":"2019-11-25T21:45:09","modified_gmt":"2019-11-26T00:45:09","slug":"galeria","status":"publish","type":"page","link":"https:\/\/wp.ufpel.edu.br\/gehar\/galeria","title":{"rendered":"GALERIA"},"content":{"rendered":"<p><a href=\"https:\/\/photos.app.goo.gl\/XJg37CgiHkn7heGq5\" target=\"_blank\" rel=\"noopener noreferrer\"><i class=\"far fa-images fa-lg\"> <\/i> Encontro GEHAr 10 Anos (2019)<\/a> <span style=\"color:red\">Novo!<\/span><\/p>\n<p><a href=\"https:\/\/photos.app.goo.gl\/KSjMQyc9TaB1TU6s5\" target=\"_blank\" rel=\"noopener noreferrer\"><i class=\"far fa-images fa-lg\"> <\/i> ANPOF Vit\u00f3ria-ES (2018)<\/a><\/p>\n<p><a href=\"https:\/\/goo.gl\/photos\/JYG68FBnP1vyLcXm8\" target=\"_blank\" rel=\"noopener noreferrer\"><i class=\"far fa-images fa-lg\"> <\/i> X Encontro Hannah Arendt \/ VI Col\u00f3quio de Pensamento Pol\u00edtico Contempor\u00e2neo (2016)<\/a><\/p>\n<p><a href=\"https:\/\/goo.gl\/photos\/4AYywogHUkKLYdG97\" target=\"_blank\" rel=\"noopener noreferrer\"><i class=\"far fa-images fa-lg\"> <\/i> Defesa Rossana Batista Padilha (2016)<\/a><\/p>\n<p><a href=\"https:\/\/goo.gl\/photos\/7hv7q4bQGMKyiD73A\" target=\"_blank\" rel=\"noopener noreferrer\"><i class=\"far fa-images fa-lg\"> <\/i> VIII Encontro Arendt (2014)<\/a><\/p>\n<p><a href=\"https:\/\/goo.gl\/photos\/o5zGy2ho6AEMk1y76\" target=\"_blank\" rel=\"noopener noreferrer\"><i class=\"far fa-images fa-lg\"> <\/i> VII Encontro Arendt (2013)<\/a><\/p>\n<p><a href=\"https:\/\/goo.gl\/photos\/rFuHhzzQ2QSUuVgB7\" target=\"_blank\" rel=\"noopener noreferrer\"><i class=\"far fa-images fa-lg\"> <\/i> V Col\u00f3quio Kant (2012)<\/a><\/p>\n<p><a href=\"https:\/\/goo.gl\/photos\/pkYrYRFxWTUPmWGWA\" target=\"_blank\" rel=\"noopener noreferrer\"><i class=\"far fa-images fa-lg\"> <\/i> Defesa Aflons Carles Salellas Bosch (2012)<\/a><\/p>\n<p><a href=\"https:\/\/goo.gl\/photos\/jZpvynQzTHocKi2D8\" target=\"_blank\" rel=\"noopener noreferrer\"><i class=\"far fa-images fa-lg\"> <\/i> VI Encontro Arendt (2012)<\/a><\/p>\n<p><a href=\"https:\/\/goo.gl\/photos\/Zf1h4ycbTy6hZREu9\" target=\"_blank\" rel=\"noopener noreferrer\"><i class=\"far fa-images fa-lg\"> <\/i> III SIGAM (2011)<\/a><\/p>\n<p><a href=\"https:\/\/goo.gl\/photos\/5FwqfYcXkb2YshzX9\" target=\"_blank\" rel=\"noopener noreferrer\"><i class=\"far fa-images fa-lg\"> <\/i> V Encontro Arendt (2011)<\/a><\/p>\n<p><a href=\"https:\/\/goo.gl\/photos\/ZZYxhNpaRLpRSvYJ8\" target=\"_blank\" rel=\"noopener noreferrer\"><i class=\"far fa-images fa-lg\"> <\/i> I Congresso Internacional de Filosofia UFPEL (2009)<\/a><\/p>\n<p>&nbsp;<\/p>\n","protected":false},"excerpt":{"rendered":"<p>Encontro GEHAr 10 Anos (2019) Novo! ANPOF Vit\u00f3ria-ES (2018) X Encontro Hannah Arendt \/ VI Col\u00f3quio de Pensamento Pol\u00edtico Contempor\u00e2neo (2016) Defesa Rossana Batista Padilha (2016) VIII Encontro Arendt (2014) VII Encontro Arendt (2013) V Col\u00f3quio Kant (2012) Defesa Aflons&#8230; <a class=\"more-link\" href=\"https:\/\/wp.ufpel.edu.br\/gehar\/galeria\">Continue lendo &rarr;<\/a><\/p>\n","protected":false},"author":537,"featured_media":0,"parent":0,"menu_order":6,"comment_status":"closed","ping_status":"closed","template":"","meta":{"jetpack_post_was_ever_published":false,"footnotes":"","_links_to":"","_links_to_target":""},"class_list":["post-92","page","type-page","status-publish","hentry"],"jetpack_sharing_enabled":true,"jetpack_shortlink":"https:\/\/wp.me\/PaaByC-1u","jetpack-related-posts":[],"_links":{"self":[{"href":"https:\/\/wp.ufpel.edu.br\/gehar\/wp-json\/wp\/v2\/pages\/92","targetHints":{"allow":["GET"]}}],"collection":[{"href":"https:\/\/wp.ufpel.edu.br\/gehar\/wp-json\/wp\/v2\/pages"}],"about":[{"href":"https:\/\/wp.ufpel.edu.br\/gehar\/wp-json\/wp\/v2\/types\/page"}],"author":[{"embeddable":true,"href":"https:\/\/wp.ufpel.edu.br\/gehar\/wp-json\/wp\/v2\/users\/537"}],"replies":[{"embeddable":true,"href":"https:\/\/wp.ufpel.edu.br\/gehar\/wp-json\/wp\/v2\/comments?post=92"}],"version-history":[{"count":22,"href":"https:\/\/wp.ufpel.edu.br\/gehar\/wp-json\/wp\/v2\/pages\/92\/revisions"}],"predecessor-version":[{"id":654,"href":"https:\/\/wp.ufpel.edu.br\/gehar\/wp-json\/wp\/v2\/pages\/92\/revisions\/654"}],"wp:attachment":[{"href":"https:\/\/wp.ufpel.edu.br\/gehar\/wp-json\/wp\/v2\/media?parent=92"}],"curies":[{"name":"wp","href":"https:\/\/api.w.org\/{rel}","templated":true}]}}

<p><a href="https://photos.app.goo.gl/XJg37CgiHkn7heGq5" target="_blank" rel="noopener noreferrer"><i class="far fa-images fa-lg"> </i> Encontro GEHAr 10 Anos (2019)</a> <span style="color:red">Novo!</span></p>
<p><a href="https://photos.app.goo.gl/KSjMQyc9TaB1TU6s5" target="_blank" rel="noopener noreferrer"><i class="far fa-images fa-lg"> </i> ANPOF Vitória-ES (2018)</a></p>
<p><a href="https://goo.gl/photos/JYG68FBnP1vyLcXm8" target="_blank" rel="noopener noreferrer"><i class="far fa-images fa-lg"> </i> X Encontro Hannah Arendt / VI Colóquio de Pensamento Político Contemporâneo (2016)</a></p>
<p><a href="https://goo.gl/photos/4AYywogHUkKLYdG97" target="_blank" rel="noopener noreferrer"><i class="far fa-images fa-lg"> </i> Defesa Rossana Batista Padilha (2016)</a></p>
<p><a href="https://goo.gl/photos/7hv7q4bQGMKyiD73A" target="_blank" rel="noopener noreferrer"><i class="far fa-images fa-lg"> </i> VIII Encontro Arendt (2014)</a></p>
<p><a href="https://goo.gl/photos/o5zGy2ho6AEMk1y76" target="_blank" rel="noopener noreferrer"><i class="far fa-images fa-lg"> </i> VII Encontro Arendt (2013)</a></p>
<p><a href="https://goo.gl/photos/rFuHhzzQ2QSUuVgB7" target="_blank" rel="noopener noreferrer"><i class="far fa-images fa-lg"> </i> V Colóquio Kant (2012)</a></p>
<p><a href="https://goo.gl/photos/pkYrYRFxWTUPmWGWA" target="_blank" rel="noopener noreferrer"><i class="far fa-images fa-lg"> </i> Defesa Aflons Carles Salellas Bosch (2012)</a></p>
<p><a href="https://goo.gl/photos/jZpvynQzTHocKi2D8" target="_blank" rel="noopener noreferrer"><i class="far fa-images fa-lg"> </i> VI Encontro Arendt (2012)</a></p>
<p><a href="https://goo.gl/photos/Zf1h4ycbTy6hZREu9" target="_blank" rel="noopener noreferrer"><i class="far fa-images fa-lg"> </i> III SIGAM (2011)</a></p>
<p><a href="https://goo.gl/photos/5FwqfYcXkb2YshzX9" target="_blank" rel="noopener noreferrer"><i class="far fa-images fa-lg"> </i> V Encontro Arendt (2011)</a></p>
<p><a href="https://goo.gl/photos/ZZYxhNpaRLpRSvYJ8" target="_blank" rel="noopener noreferrer"><i class="far fa-images fa-lg"> </i> I Congresso Internacional de Filosofia UFPEL (2009)</a></p>
<p>&nbsp;</p>

<p>Encontro GEHAr 10 Anos (2019) Novo! ANPOF Vitória-ES (2018) X Encontro Hannah Arendt / VI Colóquio de Pensamento Político Contemporâneo (2016) Defesa Rossana Batista Padilha (2016) VIII Encontro Arendt (2014) VII Encontro Arendt (2013) V Colóquio Kant (2012) Defesa Aflons&#8230; <a class="more-link" href="https://wp.ufpel.edu.br/gehar/galeria">Continue lendo &rarr;</a></p>
