{"id":77,"date":"2016-02-28T10:33:46","date_gmt":"2016-02-28T13:33:46","guid":{"rendered":"https:\/\/wp.ufpel.edu.br\/gehar\/?page_id=77"},"modified":"2018-08-08T14:03:58","modified_gmt":"2018-08-08T17:03:58","slug":"publicacoes","status":"publish","type":"page","link":"https:\/\/wp.ufpel.edu.br\/gehar\/publicacoes","title":{"rendered":"PUBLICA\u00c7\u00d5ES"},"content":{"rendered":"<h5><strong>HANNAH ARENDT &#8211; HIST\u00d3RIA E LIBERDADE\u00a0<\/strong><\/h5>\n<p><em>S\u00f4nia Maria Schio<\/em><\/p>\n<p><span style=\"font-size: 10pt\">Porto Alegre, Editora Clarinete, 2012<\/span><\/p>\n<p>Em 2012, Prof. Sonia Maria Schio, coordenadora do GEHAR, \u00a0lan\u00e7ou a segunda edi\u00e7\u00e3o de seu livro <i>\u201cHannah Arendt \u2013 Hist\u00f3ria e Liberdade \u2013 Da A\u00e7\u00e3o \u00e0 Reflex\u00e3o\u201d,<\/i> agora editado pela Editora Clarinete. A nova edi\u00e7\u00e3o, que passou por reformula\u00e7\u00f5es editoriais, renova o acesso ao texto, acess\u00edvel a leitores de diversas \u00e1reas \u2013 Filosofia Pol\u00edtica, Hist\u00f3ria, Direito, Ci\u00eancias Sociais, Antropologia, Educa\u00e7\u00e3o, al\u00e9m daqueles que iniciam o estudo do pensamento de Arendt. Trata-se de uma obra que prov\u00ea uma introdu\u00e7\u00e3o ao pensamento de Hannah Arendt, mas permite a reflex\u00e3o de temas mais espec\u00edficos. A fil\u00f3sofa Hannah Arendt vivenciou o Totalitarismo e conviveu com grandes expoentes da filosofia do s\u00e9c. XX como Husserl, Heidegger, Benjamin, Sartre.<\/p>\n<p><a href=\"https:\/\/geharnoticias.files.wordpress.com\/2012\/11\/capa.jpg\"><img data-recalc-dims=\"1\" loading=\"lazy\" decoding=\"async\" data-attachment-id=\"18\" data-permalink=\"https:\/\/wp.ufpel.edu.br\/gehar\/cropped-cabecalhofoto-gehar_-png\" data-orig-file=\"https:\/\/i0.wp.com\/wp.ufpel.edu.br\/gehar\/files\/2016\/02\/cropped-cabecalhofoto.gehar_.png?fit=1600%2C230&amp;ssl=1\" data-orig-size=\"1600,230\" data-comments-opened=\"0\" data-image-meta=\"{&quot;aperture&quot;:&quot;0&quot;,&quot;credit&quot;:&quot;&quot;,&quot;camera&quot;:&quot;&quot;,&quot;caption&quot;:&quot;&quot;,&quot;created_timestamp&quot;:&quot;0&quot;,&quot;copyright&quot;:&quot;&quot;,&quot;focal_length&quot;:&quot;0&quot;,&quot;iso&quot;:&quot;0&quot;,&quot;shutter_speed&quot;:&quot;0&quot;,&quot;title&quot;:&quot;&quot;,&quot;orientation&quot;:&quot;0&quot;}\" data-image-title=\"cropped-cabecalhofoto.gehar_.png\" data-image-description=\"\" data-image-caption=\"\" data-medium-file=\"https:\/\/i0.wp.com\/wp.ufpel.edu.br\/gehar\/files\/2016\/02\/cropped-cabecalhofoto.gehar_.png?fit=424%2C61&amp;ssl=1\" data-large-file=\"https:\/\/i0.wp.com\/wp.ufpel.edu.br\/gehar\/files\/2016\/02\/cropped-cabecalhofoto.gehar_.png?fit=676%2C151&amp;ssl=1\" class=\"alignleft size-medium wp-image-18\" title=\"H.A - Hist\u00f3ria e Liberdade - Sonia Schio\" src=\"https:\/\/geharnoticias.files.wordpress.com\/2012\/11\/capa.jpg?w=200&#038;h=300&#038;fit=200%2C300&#038;resize=200%2C300\" alt=\"\" width=\"200\" height=\"300\" \/><\/a>O pensamento arendtiano tem se tornado, com o passar do tempo, imprescind\u00edvel de ser conhecido devido aos conceitos, \u00e0s reflex\u00f5es, enfim, aos conte\u00fados que apresenta. O tema principal \u00e9 a \u201cpol\u00edtica\u201d e todos os assuntos relacionados com ele. Em outros termos, Arendt entende a pol\u00edtica como o gerenciamento dos \u201cassuntos humanos\u201d: a pol\u00edtica \u00e9 a forma de estar no mundo junto aos outros seres humanos, gerenciando essa rela\u00e7\u00e3o de forma organizada, regrada, humanizada, isto \u00e9, civilizada. Para tanto \u00e9 preciso igualdade na pluralidade, com a possibilidade de falar, ouvir, concordar ou divergir, sem coa\u00e7\u00e3o ou viol\u00eancia, e tendo o \u201cmundo\u201d como preocupa\u00e7\u00e3o principal. Al\u00e9m disso, nessa esfera p\u00fablica, de aparecimento e de <i>vita activa<\/i>, ap\u00f3s a discuss\u00e3o, h\u00e1 a decis\u00e3o e a a\u00e7\u00e3o. A a\u00e7\u00e3o de cada sujeito, mesmo que em conjunto aos seus semelhantes, gera responsabilidade, uma \u201cresponsabilidade pelo mundo\u201d. Estes elementos, por si s\u00f3, j\u00e1 bastariam para justificar a import\u00e2ncia desta segunda edi\u00e7\u00e3o do livro: <i>Hannah Arendt \u2013 Hist\u00f3ria e liberdade \u2013 Da a\u00e7\u00e3o \u00e0 reflex\u00e3o <\/i>de S\u00f4nia Maria Schio, agora atrav\u00e9s da editora <i>Clarinete<\/i>. Desta forma, renovamos o acesso, do texto, aos leitores das mais diversas \u00e1reas: Filosofia Pol\u00edtica, Hist\u00f3ria, Direito, Ci\u00eancias Sociais, Antropologia, Educa\u00e7\u00e3o, mas tamb\u00e9m aos leitores iniciantes. Trata-se de uma obra que prov\u00ea uma introdu\u00e7\u00e3o ao pensamento de Hannah Arendt, mas permite a reflex\u00e3o de temas mais espec\u00edficos. A fil\u00f3sofa Hannah Arendt vivenciou o Totalitarismo e conviveu com grandes expoentes da filosofia do s\u00e9c. XX como Husserl, Heidegger, Benjamin, Sartre. O\u00a0lan\u00e7amento tamb\u00e9m refor\u00e7ou o prop\u00f3sito\u00a0da Editora\u00a0<i>Clarinete\u00a0<\/i>de contribuir para o estudo qualificado da filosofia no pa\u00eds.<\/p>\n<p>&nbsp;<\/p>\n<h5><strong>HANNAH ARENDT:\u00a0PLURALIDADE, MUNDO E POL\u00cdTICA<\/strong><\/h5>\n<p><em>S\u00f4nia Maria Schio (org.)<\/em><br \/>\n<em>Matheus Soares Kuskoski (org.)<\/em><\/p>\n<p><span style=\"font-size: 10pt\">Porto Alegre, Observat\u00f3rio Gr\u00e1fico, 2013<\/span><\/p>\n<p>O VI Encontro Hannah Arendt ocorreu na cidade de Pelotas, Rio Grande do Sul, na Faculdade de Direito da Universidade Federal de Pelotas, entre os dias 02 a 04 de Maio de 2012. Durante esse breve e intenso intercurso de tempo, o pensamento arendtiano foi revivido e questionado criticamente, construindo uma fonte prof\u00edcua e motivadora para os estudiosos da Filosofia Pol\u00edtica Contempor\u00e2nea. O livro re\u00fane 15 textos de estudiosos do pensamento de Arendt do Brasil e do exterior que foram apresentados no evento.<\/p>\n<p><img data-recalc-dims=\"1\" loading=\"lazy\" decoding=\"async\" data-attachment-id=\"81\" data-permalink=\"https:\/\/wp.ufpel.edu.br\/gehar\/publicacoes\/anais-arendt\" data-orig-file=\"https:\/\/i0.wp.com\/wp.ufpel.edu.br\/gehar\/files\/2016\/02\/anais-arendt.jpg?fit=141%2C210&amp;ssl=1\" data-orig-size=\"141,210\" data-comments-opened=\"0\" data-image-meta=\"{&quot;aperture&quot;:&quot;0&quot;,&quot;credit&quot;:&quot;&quot;,&quot;camera&quot;:&quot;&quot;,&quot;caption&quot;:&quot;&quot;,&quot;created_timestamp&quot;:&quot;0&quot;,&quot;copyright&quot;:&quot;&quot;,&quot;focal_length&quot;:&quot;0&quot;,&quot;iso&quot;:&quot;0&quot;,&quot;shutter_speed&quot;:&quot;0&quot;,&quot;title&quot;:&quot;&quot;,&quot;orientation&quot;:&quot;0&quot;}\" data-image-title=\"anais arendt\" data-image-description=\"\" data-image-caption=\"\" data-medium-file=\"https:\/\/i0.wp.com\/wp.ufpel.edu.br\/gehar\/files\/2016\/02\/anais-arendt.jpg?fit=141%2C210&amp;ssl=1\" data-large-file=\"https:\/\/i0.wp.com\/wp.ufpel.edu.br\/gehar\/files\/2016\/02\/anais-arendt.jpg?fit=141%2C210&amp;ssl=1\" class=\"alignleft wp-image-81 size-full\" src=\"https:\/\/i0.wp.com\/wp.ufpel.edu.br\/gehar\/files\/2016\/02\/anais-arendt.jpg?resize=141%2C210&#038;ssl=1\" alt=\"anais arendt\" width=\"141\" height=\"210\" srcset=\"https:\/\/i0.wp.com\/wp.ufpel.edu.br\/gehar\/files\/2016\/02\/anais-arendt.jpg?w=141&amp;ssl=1 141w, https:\/\/i0.wp.com\/wp.ufpel.edu.br\/gehar\/files\/2016\/02\/anais-arendt.jpg?resize=107%2C159&amp;ssl=1 107w\" sizes=\"auto, (max-width: 141px) 100vw, 141px\" \/>Os <em>Encontros Arendt <\/em>t\u00eam reunido, sob a \u00e9gide da <em>philia <\/em>filosofia, pensadores voltados para o di\u00e1logo como pensamento de Hannah Arendt. Dada a pluralidade de vozes, os <em>Encontros<\/em> s\u00e3o marcados pelos esp\u00edrito de inclus\u00e3o e participa\u00e7\u00e3o de professores e alunos. Assim, as confer\u00eancias e as comunica\u00e7\u00f5es espelham a multiplicidade dos temas e as diversas aberturas que o pensamento arendtiano irradia. Os textos do livro atestam o estilo cr\u00edtico de pensar em Arendt, o qual n\u00e3o respeita fronteiras, compartimentos ou no\u00e7\u00f5es estanques e submissas. Ao contr\u00e1rio, Arendt convida \u00e0 liberdade de pensar as conex\u00f5es que perpassam a Filosofia Pol\u00edtica, a Literatura, a Educa\u00e7\u00e3o e o Direito, dentre outros,\u00a0 articulando temas como a condi\u00e7\u00e3o humana, o espa\u00e7o p\u00fablico, a pol\u00edtica, a liberdade, a igualdade, a toler\u00e2ncia e a tradi\u00e7\u00e3o, por exemplo<\/p>\n<p>&nbsp;<\/p>\n<p>Para visualizar outras publica\u00e7\u00f5es da Coordenadora do GEHAr, Prof. S\u00f4nia Maria Schio,<a href=\"https:\/\/antropologiaufpel.academia.edu\/S%C3%B4niaMariaSchio\" target=\"_blank\" rel=\"noopener\"> clique aqui <img data-recalc-dims=\"1\" loading=\"lazy\" decoding=\"async\" style=\"vertical-align: middle\" src=\"https:\/\/i0.wp.com\/wp.ufpel.edu.br\/gehar\/files\/2018\/08\/academia-edu_logo_80.png?resize=107%2C71&#038;ssl=1\" alt=\"\" width=\"107\" height=\"71\" \/><\/a><\/p>\n","protected":false},"excerpt":{"rendered":"<p>HANNAH ARENDT &#8211; HIST\u00d3RIA E LIBERDADE\u00a0 S\u00f4nia Maria Schio Porto Alegre, Editora Clarinete, 2012 Em 2012, Prof. Sonia Maria Schio, coordenadora do GEHAR, \u00a0lan\u00e7ou a segunda edi\u00e7\u00e3o de seu livro \u201cHannah Arendt \u2013 Hist\u00f3ria e Liberdade \u2013 Da A\u00e7\u00e3o \u00e0&#8230; <a class=\"more-link\" href=\"https:\/\/wp.ufpel.edu.br\/gehar\/publicacoes\">Continue lendo &rarr;<\/a><\/p>\n","protected":false},"author":537,"featured_media":0,"parent":0,"menu_order":4,"comment_status":"closed","ping_status":"closed","template":"","meta":{"jetpack_post_was_ever_published":false,"footnotes":"","_links_to":"","_links_to_target":""},"class_list":["post-77","page","type-page","status-publish","hentry"],"jetpack_sharing_enabled":true,"jetpack_shortlink":"https:\/\/wp.me\/PaaByC-1f","jetpack-related-posts":[],"_links":{"self":[{"href":"https:\/\/wp.ufpel.edu.br\/gehar\/wp-json\/wp\/v2\/pages\/77","targetHints":{"allow":["GET"]}}],"collection":[{"href":"https:\/\/wp.ufpel.edu.br\/gehar\/wp-json\/wp\/v2\/pages"}],"about":[{"href":"https:\/\/wp.ufpel.edu.br\/gehar\/wp-json\/wp\/v2\/types\/page"}],"author":[{"embeddable":true,"href":"https:\/\/wp.ufpel.edu.br\/gehar\/wp-json\/wp\/v2\/users\/537"}],"replies":[{"embeddable":true,"href":"https:\/\/wp.ufpel.edu.br\/gehar\/wp-json\/wp\/v2\/comments?post=77"}],"version-history":[{"count":9,"href":"https:\/\/wp.ufpel.edu.br\/gehar\/wp-json\/wp\/v2\/pages\/77\/revisions"}],"predecessor-version":[{"id":424,"href":"https:\/\/wp.ufpel.edu.br\/gehar\/wp-json\/wp\/v2\/pages\/77\/revisions\/424"}],"wp:attachment":[{"href":"https:\/\/wp.ufpel.edu.br\/gehar\/wp-json\/wp\/v2\/media?parent=77"}],"curies":[{"name":"wp","href":"https:\/\/api.w.org\/{rel}","templated":true}]}}

PUBLICAÇÕES

<h5><strong>HANNAH ARENDT &#8211; HISTÓRIA E LIBERDADE </strong></h5>
<p><em>Sônia Maria Schio</em></p>
<p><span style="font-size: 10pt">Porto Alegre, Editora Clarinete, 2012</span></p>
<p>Em 2012, Prof. Sonia Maria Schio, coordenadora do GEHAR,  lançou a segunda edição de seu livro <i>“Hannah Arendt – História e Liberdade – Da Ação à Reflexão”,</i> agora editado pela Editora Clarinete. A nova edição, que passou por reformulações editoriais, renova o acesso ao texto, acessível a leitores de diversas áreas – Filosofia Política, História, Direito, Ciências Sociais, Antropologia, Educação, além daqueles que iniciam o estudo do pensamento de Arendt. Trata-se de uma obra que provê uma introdução ao pensamento de Hannah Arendt, mas permite a reflexão de temas mais específicos. A filósofa Hannah Arendt vivenciou o Totalitarismo e conviveu com grandes expoentes da filosofia do séc. XX como Husserl, Heidegger, Benjamin, Sartre.</p>
<p><a href="https://geharnoticias.files.wordpress.com/2012/11/capa.jpg"><img data-recalc-dims="1" loading="lazy" decoding="async" data-attachment-id="18" data-permalink="https://wp.ufpel.edu.br/gehar/cropped-cabecalhofoto-gehar_-png" data-orig-file="https://i0.wp.com/wp.ufpel.edu.br/gehar/files/2016/02/cropped-cabecalhofoto.gehar_.png?fit=1600%2C230&amp;ssl=1" data-orig-size="1600,230" data-comments-opened="0" data-image-meta="{&quot;aperture&quot;:&quot;0&quot;,&quot;credit&quot;:&quot;&quot;,&quot;camera&quot;:&quot;&quot;,&quot;caption&quot;:&quot;&quot;,&quot;created_timestamp&quot;:&quot;0&quot;,&quot;copyright&quot;:&quot;&quot;,&quot;focal_length&quot;:&quot;0&quot;,&quot;iso&quot;:&quot;0&quot;,&quot;shutter_speed&quot;:&quot;0&quot;,&quot;title&quot;:&quot;&quot;,&quot;orientation&quot;:&quot;0&quot;}" data-image-title="cropped-cabecalhofoto.gehar_.png" data-image-description="" data-image-caption="" data-medium-file="https://i0.wp.com/wp.ufpel.edu.br/gehar/files/2016/02/cropped-cabecalhofoto.gehar_.png?fit=424%2C61&amp;ssl=1" data-large-file="https://i0.wp.com/wp.ufpel.edu.br/gehar/files/2016/02/cropped-cabecalhofoto.gehar_.png?fit=676%2C151&amp;ssl=1" class="alignleft size-medium wp-image-18" title="H.A - História e Liberdade - Sonia Schio" src="https://geharnoticias.files.wordpress.com/2012/11/capa.jpg?w=200&#038;h=300&#038;fit=200%2C300&#038;resize=200%2C300" alt="" width="200" height="300" /></a>O pensamento arendtiano tem se tornado, com o passar do tempo, imprescindível de ser conhecido devido aos conceitos, às reflexões, enfim, aos conteúdos que apresenta. O tema principal é a “política” e todos os assuntos relacionados com ele. Em outros termos, Arendt entende a política como o gerenciamento dos “assuntos humanos”: a política é a forma de estar no mundo junto aos outros seres humanos, gerenciando essa relação de forma organizada, regrada, humanizada, isto é, civilizada. Para tanto é preciso igualdade na pluralidade, com a possibilidade de falar, ouvir, concordar ou divergir, sem coação ou violência, e tendo o “mundo” como preocupação principal. Além disso, nessa esfera pública, de aparecimento e de <i>vita activa</i>, após a discussão, há a decisão e a ação. A ação de cada sujeito, mesmo que em conjunto aos seus semelhantes, gera responsabilidade, uma “responsabilidade pelo mundo”. Estes elementos, por si só, já bastariam para justificar a importância desta segunda edição do livro: <i>Hannah Arendt – História e liberdade – Da ação à reflexão </i>de Sônia Maria Schio, agora através da editora <i>Clarinete</i>. Desta forma, renovamos o acesso, do texto, aos leitores das mais diversas áreas: Filosofia Política, História, Direito, Ciências Sociais, Antropologia, Educação, mas também aos leitores iniciantes. Trata-se de uma obra que provê uma introdução ao pensamento de Hannah Arendt, mas permite a reflexão de temas mais específicos. A filósofa Hannah Arendt vivenciou o Totalitarismo e conviveu com grandes expoentes da filosofia do séc. XX como Husserl, Heidegger, Benjamin, Sartre. O lançamento também reforçou o propósito da Editora <i>Clarinete </i>de contribuir para o estudo qualificado da filosofia no país.</p>
<p>&nbsp;</p>
<h5><strong>HANNAH ARENDT: PLURALIDADE, MUNDO E POLÍTICA</strong></h5>
<p><em>Sônia Maria Schio (org.)</em><br />
<em>Matheus Soares Kuskoski (org.)</em></p>
<p><span style="font-size: 10pt">Porto Alegre, Observatório Gráfico, 2013</span></p>
<p>O VI Encontro Hannah Arendt ocorreu na cidade de Pelotas, Rio Grande do Sul, na Faculdade de Direito da Universidade Federal de Pelotas, entre os dias 02 a 04 de Maio de 2012. Durante esse breve e intenso intercurso de tempo, o pensamento arendtiano foi revivido e questionado criticamente, construindo uma fonte profícua e motivadora para os estudiosos da Filosofia Política Contemporânea. O livro reúne 15 textos de estudiosos do pensamento de Arendt do Brasil e do exterior que foram apresentados no evento.</p>
<p><img data-recalc-dims="1" loading="lazy" decoding="async" data-attachment-id="81" data-permalink="https://wp.ufpel.edu.br/gehar/publicacoes/anais-arendt" data-orig-file="https://i0.wp.com/wp.ufpel.edu.br/gehar/files/2016/02/anais-arendt.jpg?fit=141%2C210&amp;ssl=1" data-orig-size="141,210" data-comments-opened="0" data-image-meta="{&quot;aperture&quot;:&quot;0&quot;,&quot;credit&quot;:&quot;&quot;,&quot;camera&quot;:&quot;&quot;,&quot;caption&quot;:&quot;&quot;,&quot;created_timestamp&quot;:&quot;0&quot;,&quot;copyright&quot;:&quot;&quot;,&quot;focal_length&quot;:&quot;0&quot;,&quot;iso&quot;:&quot;0&quot;,&quot;shutter_speed&quot;:&quot;0&quot;,&quot;title&quot;:&quot;&quot;,&quot;orientation&quot;:&quot;0&quot;}" data-image-title="anais arendt" data-image-description="" data-image-caption="" data-medium-file="https://i0.wp.com/wp.ufpel.edu.br/gehar/files/2016/02/anais-arendt.jpg?fit=141%2C210&amp;ssl=1" data-large-file="https://i0.wp.com/wp.ufpel.edu.br/gehar/files/2016/02/anais-arendt.jpg?fit=141%2C210&amp;ssl=1" class="alignleft wp-image-81 size-full" src="https://i0.wp.com/wp.ufpel.edu.br/gehar/files/2016/02/anais-arendt.jpg?resize=141%2C210&#038;ssl=1" alt="anais arendt" width="141" height="210" srcset="https://i0.wp.com/wp.ufpel.edu.br/gehar/files/2016/02/anais-arendt.jpg?w=141&amp;ssl=1 141w, https://i0.wp.com/wp.ufpel.edu.br/gehar/files/2016/02/anais-arendt.jpg?resize=107%2C159&amp;ssl=1 107w" sizes="auto, (max-width: 141px) 100vw, 141px" />Os <em>Encontros Arendt </em>têm reunido, sob a égide da <em>philia </em>filosofia, pensadores voltados para o diálogo como pensamento de Hannah Arendt. Dada a pluralidade de vozes, os <em>Encontros</em> são marcados pelos espírito de inclusão e participação de professores e alunos. Assim, as conferências e as comunicações espelham a multiplicidade dos temas e as diversas aberturas que o pensamento arendtiano irradia. Os textos do livro atestam o estilo crítico de pensar em Arendt, o qual não respeita fronteiras, compartimentos ou noções estanques e submissas. Ao contrário, Arendt convida à liberdade de pensar as conexões que perpassam a Filosofia Política, a Literatura, a Educação e o Direito, dentre outros,  articulando temas como a condição humana, o espaço público, a política, a liberdade, a igualdade, a tolerância e a tradição, por exemplo</p>
<p>&nbsp;</p>
<p>Para visualizar outras publicações da Coordenadora do GEHAr, Prof. Sônia Maria Schio,<a href="https://antropologiaufpel.academia.edu/S%C3%B4niaMariaSchio" target="_blank" rel="noopener"> clique aqui <img data-recalc-dims="1" loading="lazy" decoding="async" style="vertical-align: middle" src="https://i0.wp.com/wp.ufpel.edu.br/gehar/files/2018/08/academia-edu_logo_80.png?resize=107%2C71&#038;ssl=1" alt="" width="107" height="71" /></a></p>

<p>HANNAH ARENDT &#8211; HISTÓRIA E LIBERDADE  Sônia Maria Schio Porto Alegre, Editora Clarinete, 2012 Em 2012, Prof. Sonia Maria Schio, coordenadora do GEHAR,  lançou a segunda edição de seu livro “Hannah Arendt – História e Liberdade – Da Ação à&#8230; <a class="more-link" href="https://wp.ufpel.edu.br/gehar/publicacoes">Continue lendo &rarr;</a></p>
