{"id":2,"date":"2015-05-26T13:32:13","date_gmt":"2015-05-26T13:32:13","guid":{"rendered":"https:\/\/wp.ufpel.edu.br\/gehar\/?page_id=2"},"modified":"2018-08-10T13:26:40","modified_gmt":"2018-08-10T16:26:40","slug":"apresentacao","status":"publish","type":"page","link":"https:\/\/wp.ufpel.edu.br\/gehar\/apresentacao","title":{"rendered":"APRESENTA\u00c7\u00c3O"},"content":{"rendered":"<h5 style=\"text-align: left\">GRUPO DE ESTUDOS HANNAH ARENDT \u2013 GEHAR<\/h5>\n<p>No segundo semestre de 2009, a partir da sugest\u00e3o do Chefe do Departamento de Filosofia da UFPel, a Professora S\u00f4nia encaminhou \u00e0 Pr\u00f3-Reitoria de Extens\u00e3o e Cultura o projeto de extens\u00e3o denominado \u201cHANNAH ARENDT: entre o passado e o futuro\u201d. O estudo versou, ent\u00e3o, em v\u00e1rios artigos da obra de Arendt (1906-1975) Entre o passado e o futuro. Objetivo Geral foi o de \u201cDemonstrar que os conceitos de tempo, Hist\u00f3ria, a\u00e7\u00e3o humana, natalidade, liberdade, autoridade, responsabilidade, julgamento, entre outros, possuem uma conex\u00e3o direta com o conceito de liberdade que visa a pol\u00edtica, no pensamento arendtiano.\u201d Por isso, a hip\u00f3tese geral afirmava a necessidade de \u201cDemonstrar que os conceitos de Arendt possuem relev\u00e2ncia inquestion\u00e1vel na arquitetura do pensamento da autora, por isso precisam ser retomados para permitir a compreens\u00e3o do conceito de pol\u00edtica expresso por ela.\u201d<\/p>\n<p><!--more-->No primeiro semestre de sua exist\u00eancia, ou seja, de setembro a dezembro de 2009, o grupo se reunia quinzenalmente, e possu\u00eda a dura\u00e7\u00e3o de uma hora. O grupo come\u00e7ou suas atividades com uma exposi\u00e7\u00e3o da Professora sobre Arendt: vida, obras, fontes te\u00f3ricas, dos literatos aos fil\u00f3sofos, da Antiguidade aos comentadores atuais, inclusive do Brasil. Na continuidade, o artigo foi escolhido, e as leituras eram feitas previamente, com a exposi\u00e7\u00e3o do conte\u00fado por um dos componentes do grupo, e a discuss\u00e3o.<\/p>\n<p style=\"text-align: left\">No final desse primeiro semestre, as experi\u00eancias surgiram: percebeu-se a necessidade de encontros mais frequentes, e de mais tempo para a discuss\u00e3o. Al\u00e9m disso, e o mais importante: o grupo, consensualmente, entendeu que era importante continuar os estudos sobre o pensamento Arendtiano, devido ao conjunto conceitos que ele expressa, assim como de reflex\u00f5es que ele permite.<\/p>\n<p style=\"text-align: left\">Dessa forma, o grupo continuou por todo o ano de 2010, por\u00e9m com encontros semanais de 90 minutos. Alguns componentes seguiram participando dos encontros, e est\u00e3o no grupo atualmente. Outros j\u00e1 est\u00e3o finalizando o Mestrado. H\u00e1 ainda aqueles que, pelos mais diversos motivos, afastaram-se. Pode-se, contudo, afirmar que o principal permaneceu: o pensamento de Arendt fornece fundamentos novos para pensar a vida, seja a cotidiana, seja a da Humanidade, mas em sua singularidade e novidade. Ele possibilita conhecer, aprofundar e mesmo discordar de fatos, de interpreta\u00e7\u00f5es e sugerir novas, in\u00e9ditas, respeitando a pluralidade e a liberdade humanas, t\u00e3o presente, e t\u00e3o caras \u00e0 autora.<\/p>\n<p style=\"text-align: left\">No final deste terceiro semestre, e, portanto, em dezembro de 2010, em conjunto decidiu-se a tem\u00e1tica para a continuidade do grupo em 2011: \u201cHANNAH ARENDT: a est\u00e9tica e a pol\u00edtica\u201d a partir do artigo \u201cA crise na cultura \u2013 sua import\u00e2ncia social e pol\u00edtica\u201d presente na obra <em>Entre o Passado e o Futuro<\/em>. Isso ocorreu porque percebeu-se que esse artigo precisa ser lido, discutido, suas tem\u00e1ticas necessitam de um estudo aprofundado, com calma, tomando-se a devida dist\u00e2ncia para perceber o que realmente Arendt pretendia ao escrev\u00ea-lo.<\/p>\n<p style=\"text-align: left\">Cabe destacar que, no final de 2010, de um mestrando que estudava a Filosofia Pol\u00edtica de Arendt, somaram-se outros dois, um oriundo desse grupo de estudo, e que acompanhou tamb\u00e9m as disciplinas. A esses tr\u00eas, em fevereiro de 2011, somou-se mais uma, que de conhecedora de Arendt, passou a ser estudiosa do pensamento arendtiano. Assim sendo, o grupo de estudos tornou-se mais coeso, consolidou-se, pois os mestrando o acompanharam, participaram e o enriqueceram com suas presen\u00e7as, suas considera\u00e7\u00f5es, reflex\u00f5es e d\u00favidas. Como o grupo \u00e9 aberto, ele recebeu mestrandos de outros cursos e de outras gradua\u00e7\u00f5es, os quais tamb\u00e9m t\u00eam colaborado para que o GEHAr tenha se consolidado como grupo de estudo, de pesquisa e de reflex\u00e3o.<\/p>\n<p style=\"text-align: left\">Nesse sentido, o GEHAr, em 2011, estudou com afinco o tema da \u201cest\u00e9tica e da pol\u00edtica\u201d com o objetivo de \u201cDemonstrar que os conceitos de est\u00e9tica, cultura e arte, em especial, possuem uma conex\u00e3o direta com o conceito de julgamento que visa \u00e0 pol\u00edtica, no pensamento arendtiano.\u201d<\/p>\n<p style=\"text-align: left\">Faz-se necess\u00e1rio lembrar que, em 2011, os componentes do GEHAr participaram ativamente tamb\u00e9m de Eventos, tanto em Pelotas\/RS como no Estado e, inclusive, no V Encontro Arendt, em Fortaleza \u2013 Ce. Nesses, foram apresentados trabalhos oriundos de leituras s\u00e9rias, de an\u00e1lises da professora e dos colegas visando ao aperfei\u00e7oamento tanto do texto quanto do conhecimento sobre os conceitos, temas e discuss\u00f5es que a reflex\u00e3o sobre as acep\u00e7\u00f5es de Arendt permitem.<\/p>\n<div id=\"attachment_53\" style=\"width: 237px\" class=\"wp-caption alignright\"><a href=\"https:\/\/i0.wp.com\/wp.ufpel.edu.br\/gehar\/files\/2015\/05\/cartazgehar.jpg?ssl=1\"><img data-recalc-dims=\"1\" loading=\"lazy\" decoding=\"async\" aria-describedby=\"caption-attachment-53\" data-attachment-id=\"53\" data-permalink=\"https:\/\/wp.ufpel.edu.br\/gehar\/apresentacao\/cartazgehar\" data-orig-file=\"https:\/\/i0.wp.com\/wp.ufpel.edu.br\/gehar\/files\/2015\/05\/cartazgehar.jpg?fit=280%2C393&amp;ssl=1\" data-orig-size=\"280,393\" data-comments-opened=\"0\" data-image-meta=\"{&quot;aperture&quot;:&quot;0&quot;,&quot;credit&quot;:&quot;&quot;,&quot;camera&quot;:&quot;&quot;,&quot;caption&quot;:&quot;&quot;,&quot;created_timestamp&quot;:&quot;0&quot;,&quot;copyright&quot;:&quot;&quot;,&quot;focal_length&quot;:&quot;0&quot;,&quot;iso&quot;:&quot;0&quot;,&quot;shutter_speed&quot;:&quot;0&quot;,&quot;title&quot;:&quot;&quot;,&quot;orientation&quot;:&quot;0&quot;}\" data-image-title=\"cartazgehar\" data-image-description=\"\" data-image-caption=\"\" data-medium-file=\"https:\/\/i0.wp.com\/wp.ufpel.edu.br\/gehar\/files\/2015\/05\/cartazgehar.jpg?fit=227%2C318&amp;ssl=1\" data-large-file=\"https:\/\/i0.wp.com\/wp.ufpel.edu.br\/gehar\/files\/2015\/05\/cartazgehar.jpg?fit=280%2C220&amp;ssl=1\" class=\"wp-image-53 size-medium\" src=\"https:\/\/i0.wp.com\/wp.ufpel.edu.br\/gehar\/files\/2015\/05\/cartazgehar.jpg?resize=227%2C318&#038;ssl=1\" alt=\"cartazgehar\" width=\"227\" height=\"318\" srcset=\"https:\/\/i0.wp.com\/wp.ufpel.edu.br\/gehar\/files\/2015\/05\/cartazgehar.jpg?resize=227%2C318&amp;ssl=1 227w, https:\/\/i0.wp.com\/wp.ufpel.edu.br\/gehar\/files\/2015\/05\/cartazgehar.jpg?resize=113%2C159&amp;ssl=1 113w, https:\/\/i0.wp.com\/wp.ufpel.edu.br\/gehar\/files\/2015\/05\/cartazgehar.jpg?w=280&amp;ssl=1 280w\" sizes=\"auto, (max-width: 227px) 100vw, 227px\" \/><\/a><p id=\"caption-attachment-53\" class=\"wp-caption-text\"><span style=\"font-size: 8pt\">Divulga\u00e7\u00e3o GEHAr 2016<\/span><\/p><\/div>\n<p style=\"text-align: left\">Em 2012, o tema escolhido foi \u201cA rep\u00fablica\u201d, efetivado a partir da obra<em>Sobre a Revolu\u00e7\u00e3o<\/em>. Tamb\u00e9m nesse ano foi realizado o VI Encontro Hannah Arendt,\u00a0imprescind\u00edvel para a identidade do grupo assim como para a consolida\u00e7\u00e3o dos estudos do pensamento de Arendt no Brasil, \u00a0o qual contou com a presen\u00e7a de in\u00fameros professores pesquisadores na \u00e1rea, assim como alunos de gradua\u00e7\u00e3o, mestrado e doutorado, e leitores das obras de Arendt, e de convidados, do Brasil e do Exterior.<\/p>\n<p style=\"text-align: left\">Desde 2014, estuda-se diversos textos de Arendt e de comentadores sob a denomina\u00e7\u00e3o &#8220;A\u00e7\u00e3o Pol\u00edtica e Comportamento de Massa&#8221;. \u00a0Em 2016, o grupo inici\u00e1ria seus encontros em 14 de Mar\u00e7o e, ainda no primeiro semestre, participar\u00e1 tamb\u00e9m do &#8220;X Econtro Arendt&#8221;, em Go\u00edas.<\/p>\n","protected":false},"excerpt":{"rendered":"<p>GRUPO DE ESTUDOS HANNAH ARENDT \u2013 GEHAR No segundo semestre de 2009, a partir da sugest\u00e3o do Chefe do Departamento de Filosofia da UFPel, a Professora S\u00f4nia encaminhou \u00e0 Pr\u00f3-Reitoria de Extens\u00e3o e Cultura o projeto de extens\u00e3o denominado \u201cHANNAH&#8230; <a class=\"more-link\" href=\"https:\/\/wp.ufpel.edu.br\/gehar\/apresentacao\">Continue lendo &rarr;<\/a><\/p>\n","protected":false},"author":537,"featured_media":0,"parent":0,"menu_order":1,"comment_status":"closed","ping_status":"closed","template":"","meta":{"jetpack_post_was_ever_published":false,"footnotes":"","_links_to":"","_links_to_target":""},"class_list":["post-2","page","type-page","status-publish","hentry"],"jetpack_sharing_enabled":true,"jetpack_shortlink":"https:\/\/wp.me\/PaaByC-2","jetpack-related-posts":[],"_links":{"self":[{"href":"https:\/\/wp.ufpel.edu.br\/gehar\/wp-json\/wp\/v2\/pages\/2","targetHints":{"allow":["GET"]}}],"collection":[{"href":"https:\/\/wp.ufpel.edu.br\/gehar\/wp-json\/wp\/v2\/pages"}],"about":[{"href":"https:\/\/wp.ufpel.edu.br\/gehar\/wp-json\/wp\/v2\/types\/page"}],"author":[{"embeddable":true,"href":"https:\/\/wp.ufpel.edu.br\/gehar\/wp-json\/wp\/v2\/users\/537"}],"replies":[{"embeddable":true,"href":"https:\/\/wp.ufpel.edu.br\/gehar\/wp-json\/wp\/v2\/comments?post=2"}],"version-history":[{"count":15,"href":"https:\/\/wp.ufpel.edu.br\/gehar\/wp-json\/wp\/v2\/pages\/2\/revisions"}],"predecessor-version":[{"id":482,"href":"https:\/\/wp.ufpel.edu.br\/gehar\/wp-json\/wp\/v2\/pages\/2\/revisions\/482"}],"wp:attachment":[{"href":"https:\/\/wp.ufpel.edu.br\/gehar\/wp-json\/wp\/v2\/media?parent=2"}],"curies":[{"name":"wp","href":"https:\/\/api.w.org\/{rel}","templated":true}]}}

APRESENTAÇÃO

<h5 style="text-align: left">GRUPO DE ESTUDOS HANNAH ARENDT – GEHAR</h5>
<p>No segundo semestre de 2009, a partir da sugestão do Chefe do Departamento de Filosofia da UFPel, a Professora Sônia encaminhou à Pró-Reitoria de Extensão e Cultura o projeto de extensão denominado “HANNAH ARENDT: entre o passado e o futuro”. O estudo versou, então, em vários artigos da obra de Arendt (1906-1975) Entre o passado e o futuro. Objetivo Geral foi o de “Demonstrar que os conceitos de tempo, História, ação humana, natalidade, liberdade, autoridade, responsabilidade, julgamento, entre outros, possuem uma conexão direta com o conceito de liberdade que visa a política, no pensamento arendtiano.” Por isso, a hipótese geral afirmava a necessidade de “Demonstrar que os conceitos de Arendt possuem relevância inquestionável na arquitetura do pensamento da autora, por isso precisam ser retomados para permitir a compreensão do conceito de política expresso por ela.”</p>
<p><!--more-->No primeiro semestre de sua existência, ou seja, de setembro a dezembro de 2009, o grupo se reunia quinzenalmente, e possuía a duração de uma hora. O grupo começou suas atividades com uma exposição da Professora sobre Arendt: vida, obras, fontes teóricas, dos literatos aos filósofos, da Antiguidade aos comentadores atuais, inclusive do Brasil. Na continuidade, o artigo foi escolhido, e as leituras eram feitas previamente, com a exposição do conteúdo por um dos componentes do grupo, e a discussão.</p>
<p style="text-align: left">No final desse primeiro semestre, as experiências surgiram: percebeu-se a necessidade de encontros mais frequentes, e de mais tempo para a discussão. Além disso, e o mais importante: o grupo, consensualmente, entendeu que era importante continuar os estudos sobre o pensamento Arendtiano, devido ao conjunto conceitos que ele expressa, assim como de reflexões que ele permite.</p>
<p style="text-align: left">Dessa forma, o grupo continuou por todo o ano de 2010, porém com encontros semanais de 90 minutos. Alguns componentes seguiram participando dos encontros, e estão no grupo atualmente. Outros já estão finalizando o Mestrado. Há ainda aqueles que, pelos mais diversos motivos, afastaram-se. Pode-se, contudo, afirmar que o principal permaneceu: o pensamento de Arendt fornece fundamentos novos para pensar a vida, seja a cotidiana, seja a da Humanidade, mas em sua singularidade e novidade. Ele possibilita conhecer, aprofundar e mesmo discordar de fatos, de interpretações e sugerir novas, inéditas, respeitando a pluralidade e a liberdade humanas, tão presente, e tão caras à autora.</p>
<p style="text-align: left">No final deste terceiro semestre, e, portanto, em dezembro de 2010, em conjunto decidiu-se a temática para a continuidade do grupo em 2011: “HANNAH ARENDT: a estética e a política” a partir do artigo “A crise na cultura – sua importância social e política” presente na obra <em>Entre o Passado e o Futuro</em>. Isso ocorreu porque percebeu-se que esse artigo precisa ser lido, discutido, suas temáticas necessitam de um estudo aprofundado, com calma, tomando-se a devida distância para perceber o que realmente Arendt pretendia ao escrevê-lo.</p>
<p style="text-align: left">Cabe destacar que, no final de 2010, de um mestrando que estudava a Filosofia Política de Arendt, somaram-se outros dois, um oriundo desse grupo de estudo, e que acompanhou também as disciplinas. A esses três, em fevereiro de 2011, somou-se mais uma, que de conhecedora de Arendt, passou a ser estudiosa do pensamento arendtiano. Assim sendo, o grupo de estudos tornou-se mais coeso, consolidou-se, pois os mestrando o acompanharam, participaram e o enriqueceram com suas presenças, suas considerações, reflexões e dúvidas. Como o grupo é aberto, ele recebeu mestrandos de outros cursos e de outras graduações, os quais também têm colaborado para que o GEHAr tenha se consolidado como grupo de estudo, de pesquisa e de reflexão.</p>
<p style="text-align: left">Nesse sentido, o GEHAr, em 2011, estudou com afinco o tema da “estética e da política” com o objetivo de “Demonstrar que os conceitos de estética, cultura e arte, em especial, possuem uma conexão direta com o conceito de julgamento que visa à política, no pensamento arendtiano.”</p>
<p style="text-align: left">Faz-se necessário lembrar que, em 2011, os componentes do GEHAr participaram ativamente também de Eventos, tanto em Pelotas/RS como no Estado e, inclusive, no V Encontro Arendt, em Fortaleza – Ce. Nesses, foram apresentados trabalhos oriundos de leituras sérias, de análises da professora e dos colegas visando ao aperfeiçoamento tanto do texto quanto do conhecimento sobre os conceitos, temas e discussões que a reflexão sobre as acepções de Arendt permitem.</p>
<div id="attachment_53" style="width: 237px" class="wp-caption alignright"><a href="https://i0.wp.com/wp.ufpel.edu.br/gehar/files/2015/05/cartazgehar.jpg?ssl=1"><img data-recalc-dims="1" loading="lazy" decoding="async" aria-describedby="caption-attachment-53" data-attachment-id="53" data-permalink="https://wp.ufpel.edu.br/gehar/apresentacao/cartazgehar" data-orig-file="https://i0.wp.com/wp.ufpel.edu.br/gehar/files/2015/05/cartazgehar.jpg?fit=280%2C393&amp;ssl=1" data-orig-size="280,393" data-comments-opened="0" data-image-meta="{&quot;aperture&quot;:&quot;0&quot;,&quot;credit&quot;:&quot;&quot;,&quot;camera&quot;:&quot;&quot;,&quot;caption&quot;:&quot;&quot;,&quot;created_timestamp&quot;:&quot;0&quot;,&quot;copyright&quot;:&quot;&quot;,&quot;focal_length&quot;:&quot;0&quot;,&quot;iso&quot;:&quot;0&quot;,&quot;shutter_speed&quot;:&quot;0&quot;,&quot;title&quot;:&quot;&quot;,&quot;orientation&quot;:&quot;0&quot;}" data-image-title="cartazgehar" data-image-description="" data-image-caption="" data-medium-file="https://i0.wp.com/wp.ufpel.edu.br/gehar/files/2015/05/cartazgehar.jpg?fit=227%2C318&amp;ssl=1" data-large-file="https://i0.wp.com/wp.ufpel.edu.br/gehar/files/2015/05/cartazgehar.jpg?fit=280%2C220&amp;ssl=1" class="wp-image-53 size-medium" src="https://i0.wp.com/wp.ufpel.edu.br/gehar/files/2015/05/cartazgehar.jpg?resize=227%2C318&#038;ssl=1" alt="cartazgehar" width="227" height="318" srcset="https://i0.wp.com/wp.ufpel.edu.br/gehar/files/2015/05/cartazgehar.jpg?resize=227%2C318&amp;ssl=1 227w, https://i0.wp.com/wp.ufpel.edu.br/gehar/files/2015/05/cartazgehar.jpg?resize=113%2C159&amp;ssl=1 113w, https://i0.wp.com/wp.ufpel.edu.br/gehar/files/2015/05/cartazgehar.jpg?w=280&amp;ssl=1 280w" sizes="auto, (max-width: 227px) 100vw, 227px" /></a><p id="caption-attachment-53" class="wp-caption-text"><span style="font-size: 8pt">Divulgação GEHAr 2016</span></p></div>
<p style="text-align: left">Em 2012, o tema escolhido foi “A república”, efetivado a partir da obra<em>Sobre a Revolução</em>. Também nesse ano foi realizado o VI Encontro Hannah Arendt, imprescindível para a identidade do grupo assim como para a consolidação dos estudos do pensamento de Arendt no Brasil,  o qual contou com a presença de inúmeros professores pesquisadores na área, assim como alunos de graduação, mestrado e doutorado, e leitores das obras de Arendt, e de convidados, do Brasil e do Exterior.</p>
<p style="text-align: left">Desde 2014, estuda-se diversos textos de Arendt e de comentadores sob a denominação &#8220;Ação Política e Comportamento de Massa&#8221;.  Em 2016, o grupo iniciária seus encontros em 14 de Março e, ainda no primeiro semestre, participará também do &#8220;X Econtro Arendt&#8221;, em Goías.</p>

<p>GRUPO DE ESTUDOS HANNAH ARENDT – GEHAR No segundo semestre de 2009, a partir da sugestão do Chefe do Departamento de Filosofia da UFPel, a Professora Sônia encaminhou à Pró-Reitoria de Extensão e Cultura o projeto de extensão denominado “HANNAH&#8230; <a class="more-link" href="https://wp.ufpel.edu.br/gehar/apresentacao">Continue lendo &rarr;</a></p>
