{"id":2540,"date":"2020-09-08T20:00:19","date_gmt":"2020-09-08T23:00:19","guid":{"rendered":"https:\/\/wp.ufpel.edu.br\/gegradi\/?page_id=2540"},"modified":"2025-04-09T09:51:29","modified_gmt":"2025-04-09T12:51:29","slug":"conversas","status":"publish","type":"page","link":"https:\/\/wp.ufpel.edu.br\/gegradi\/conversas\/","title":{"rendered":"Conversas"},"content":{"rendered":"<div style=\"text-align: justify;\">\n<p><span style=\"color: #000000;\">Ol\u00e1!<\/span><\/p>\n<\/div>\n<div style=\"text-align: justify;\">\n<p><span style=\"color: #000000;\">Abrimos este espa\u00e7o para promover conversas com pesquisadores nos diferentes campos de desenvolvimento e aplica\u00e7\u00e3o das tecnologias digitais de representa\u00e7\u00e3o.<\/span><\/p>\n<\/div>\n<div style=\"text-align: justify;\">\n<p><span style=\"color: #000000;\">Agradecemos a difus\u00e3o deste espa\u00e7o, na expectativa de conectarmos investigadores e promovermos o estabelecimento de redes colaborativas cada vez mais amplas sobre o tema.<\/span><\/p>\n<\/div>\n<p>&nbsp;<\/p>\n<p><a href=\"https:\/\/youtu.be\/9ktFF47klUo\"><img class=\"alignnone size-medium wp-image-4657\" src=\"https:\/\/wp.ufpel.edu.br\/gegradi\/files\/2025\/04\/Susana_Youtube1-400x225.png\" alt=\"\" width=\"400\" height=\"225\" srcset=\"https:\/\/wp.ufpel.edu.br\/gegradi\/files\/2025\/04\/Susana_Youtube1-400x225.png 400w, https:\/\/wp.ufpel.edu.br\/gegradi\/files\/2025\/04\/Susana_Youtube1-1024x576.png 1024w, https:\/\/wp.ufpel.edu.br\/gegradi\/files\/2025\/04\/Susana_Youtube1-768x432.png 768w, https:\/\/wp.ufpel.edu.br\/gegradi\/files\/2025\/04\/Susana_Youtube1.png 1247w\" sizes=\"(max-width: 400px) 100vw, 400px\" \/><\/a><\/p>\n<p>GEGRADI conversa com Susana Bautista Blasco, sobre &#8220;El Papel de las TICs al servicio de las personas con discapacidad: \u00bfAmigos o enemigos?&#8221;<br \/>\nFoi adiado para 25\/04\/2025, \u00e0s 9h, sexta-feira.<\/p>\n<p><span style=\"color: #808080;\"><em>Acesso ao canal do Prograu no YouTube clicando na imagem.<\/em><\/span><\/p>\n<p>&nbsp;<\/p>\n<p><a href=\"https:\/\/youtu.be\/WwYo0FKcByg\" target=\"_blank\" rel=\"noopener\"><img class=\"alignleft wp-image-4524 size-medium\" src=\"https:\/\/wp.ufpel.edu.br\/gegradi\/files\/2024\/05\/Otavio_3Youtube-400x225.png\" alt=\"\" width=\"400\" height=\"225\" srcset=\"https:\/\/wp.ufpel.edu.br\/gegradi\/files\/2024\/05\/Otavio_3Youtube-400x225.png 400w, https:\/\/wp.ufpel.edu.br\/gegradi\/files\/2024\/05\/Otavio_3Youtube-1024x576.png 1024w, https:\/\/wp.ufpel.edu.br\/gegradi\/files\/2024\/05\/Otavio_3Youtube-768x432.png 768w, https:\/\/wp.ufpel.edu.br\/gegradi\/files\/2024\/05\/Otavio_3Youtube.png 1277w\" sizes=\"(max-width: 400px) 100vw, 400px\" \/><\/a><\/p>\n<p>&nbsp;<\/p>\n<p>GEGRADI conversa com Ot\u00e1vio Martins Peres, sobre &#8220;Cidade e hidrografia: expans\u00e3o e \u00e1reas suscet\u00edveis \u00e0 inunda\u00e7\u00e3o em Pelotas&#8221;<br \/>\nDia 23\/05\/2024, \u00e0s 10h30, quinta-feira.<\/p>\n<p><span style=\"color: #808080;\"><em>Acesso ao canal do Prograu no YouTube clicando na imagem ao lado.<\/em><\/span><\/p>\n<p>Lattes do palestrante <span style=\"color: #0000ff;\"><em><a style=\"color: #0000ff;\" href=\"http:\/\/lattes.cnpq.br\/3623706033011018\" target=\"_blank\" rel=\"noopener\">aqui<\/a><\/em><\/span><\/p>\n<p>&nbsp;<\/p>\n<hr \/>\n<p><a href=\"https:\/\/youtu.be\/cx3BOTHUCmE\" target=\"_blank\" rel=\"noopener\"><img class=\"alignleft wp-image-4315 size-medium\" src=\"https:\/\/wp.ufpel.edu.br\/gegradi\/files\/2023\/10\/Francisco_1-400x252.png\" alt=\"\" width=\"400\" height=\"252\" srcset=\"https:\/\/wp.ufpel.edu.br\/gegradi\/files\/2023\/10\/Francisco_1-400x252.png 400w, https:\/\/wp.ufpel.edu.br\/gegradi\/files\/2023\/10\/Francisco_1-1024x644.png 1024w, https:\/\/wp.ufpel.edu.br\/gegradi\/files\/2023\/10\/Francisco_1-768x483.png 768w, https:\/\/wp.ufpel.edu.br\/gegradi\/files\/2023\/10\/Francisco_1-1536x966.png 1536w, https:\/\/wp.ufpel.edu.br\/gegradi\/files\/2023\/10\/Francisco_1-2048x1288.png 2048w\" sizes=\"(max-width: 400px) 100vw, 400px\" \/><\/a><\/p>\n<p>GEGRADI conversa com Francisco Ser\u00f3n Arbeloa, sobre &#8220;Cartografia das ideias atuais sobre as m\u00e1quinas inteligentes&#8221;<br \/>\nDia 06\/11\/2023, \u00e0s 15h, ter\u00e7a-feira.<\/p>\n<p><span style=\"color: #808080;\"><em>Acesso ao canal do Prograu no YouTube clicando na imagem ao lado.<br \/>\n<\/em><\/span>Com direito a comprovante de participa\u00e7\u00e3o.<\/p>\n<p>Esta conversa tamb\u00e9m \u00e9 uma trilha para o Graphica 2024, que ser\u00e1 sediado em Pelotas, em 06, 07 e 08 de novembro de 2024.<\/p>\n<p>&nbsp;<\/p>\n<p><img class=\"alignleft wp-image-4373\" src=\"https:\/\/wp.ufpel.edu.br\/gegradi\/files\/2023\/11\/Paco-livro-200x200.jpg\" alt=\"\" width=\"120\" height=\"166\" srcset=\"https:\/\/wp.ufpel.edu.br\/gegradi\/files\/2023\/11\/Paco-livro-290x400.jpg 290w, https:\/\/wp.ufpel.edu.br\/gegradi\/files\/2023\/11\/Paco-livro.jpg 515w\" sizes=\"(max-width: 120px) 100vw, 120px\" \/>O livro &#8220;Cartograf\u00eda de las ideas actuales dobre las M\u00c1QUINAS INTELIGENTES, delos problemas reales ala ficci\u00f3n, dela ficci\u00f3n a la inteligencia artificial, y de la inteligencia artificial pasemos nuevamente a la ficci\u00f3n&#8221;.<br \/>\nDe Francisco Jos\u00e9 Ser\u00f3n Arbeloa (2023).<br \/>\nSe desejar uma c\u00f3pia, favor entrar em contato com Gegradi@gmail.com<br \/>\nO autor permitiu a divulga\u00e7\u00e3o do material.<\/p>\n<p>&nbsp;<\/p>\n<hr \/>\n<p><a href=\"https:\/\/youtu.be\/46m3bg4Tp5c\" target=\"_blank\" rel=\"noopener\"><img class=\"alignleft wp-image-4297 size-medium\" src=\"https:\/\/wp.ufpel.edu.br\/gegradi\/files\/2023\/08\/Monica-Tolentino-1-400x225.jpeg\" alt=\"\" width=\"400\" height=\"225\" srcset=\"https:\/\/wp.ufpel.edu.br\/gegradi\/files\/2023\/08\/Monica-Tolentino-1-400x225.jpeg 400w, https:\/\/wp.ufpel.edu.br\/gegradi\/files\/2023\/08\/Monica-Tolentino-1-1024x576.jpeg 1024w, https:\/\/wp.ufpel.edu.br\/gegradi\/files\/2023\/08\/Monica-Tolentino-1-768x432.jpeg 768w, https:\/\/wp.ufpel.edu.br\/gegradi\/files\/2023\/08\/Monica-Tolentino-1-1536x864.jpeg 1536w, https:\/\/wp.ufpel.edu.br\/gegradi\/files\/2023\/08\/Monica-Tolentino-1.jpeg 1600w\" sizes=\"(max-width: 400px) 100vw, 400px\" \/><\/a><\/p>\n<p>&nbsp;<\/p>\n<p>GEGRADI conversa com M\u00f4nica Andrade Tolentino, sobre &#8220;A utiliza\u00e7\u00e3o das tecnologias digitais na documenta\u00e7\u00e3o do patrim\u00f4nio arquitet\u00f4nico&#8221;<br \/>\nDia 29\/08\/2023, \u00e0s 18h, ter\u00e7a-feira.<\/p>\n<p><span style=\"color: #808080;\"><em>Acesso ao canal do Prograu no YouTube clicando na imagem ao lado.<\/em><\/span><\/p>\n<p>Comprovantes de participa\u00e7\u00e3o entregues.<\/p>\n<p>Lattes da palestrante <span style=\"color: #0000ff;\"><em><a style=\"color: #0000ff;\" href=\"http:\/\/lattes.cnpq.br\/9725102677803443\" target=\"_blank\" rel=\"noopener\">aqui.<\/a><\/em><\/span><\/p>\n<p>&nbsp;<\/p>\n<div style=\"text-align: justify;\">\n<p><a href=\"https:\/\/youtu.be\/DPKcJf9qknI\"><img class=\"alignleft size-medium wp-image-4271\" src=\"https:\/\/wp.ufpel.edu.br\/gegradi\/files\/2023\/07\/Fabiano_3Youtube-400x225.png\" alt=\"\" width=\"400\" height=\"225\" srcset=\"https:\/\/wp.ufpel.edu.br\/gegradi\/files\/2023\/07\/Fabiano_3Youtube-400x225.png 400w, https:\/\/wp.ufpel.edu.br\/gegradi\/files\/2023\/07\/Fabiano_3Youtube-1024x576.png 1024w, https:\/\/wp.ufpel.edu.br\/gegradi\/files\/2023\/07\/Fabiano_3Youtube-768x432.png 768w, https:\/\/wp.ufpel.edu.br\/gegradi\/files\/2023\/07\/Fabiano_3Youtube-1536x864.png 1536w, https:\/\/wp.ufpel.edu.br\/gegradi\/files\/2023\/07\/Fabiano_3Youtube-2048x1152.png 2048w\" sizes=\"(max-width: 400px) 100vw, 400px\" \/><\/a><\/p>\n<\/div>\n<div><\/div>\n<div>GEGRADI conversa com Fabiano Mikalauskas S. Nogueira, sobre &#8220;Reconstru\u00e7\u00e3o digital: narrativas virtuais e um novo lugar para a mem\u00f3ria&#8221;<br \/>\nDia 27\/07\/2023 \u00e0s 18h<\/div>\n<p>Nossa primeira conversa de 2023!<\/p>\n<p><span style=\"color: #808080;\"><em>Acesso ao canal do Prograu no YouTube clicando na imagem ao lado.<\/em><\/span><\/p>\n<p>Comprovantes de participa\u00e7\u00e3o entregues.<\/p>\n<p>Lattes do palestrante <span style=\"color: #0000ff;\"><em><a style=\"color: #0000ff;\" href=\"http:\/\/lattes.cnpq.br\/7312332822308158\" target=\"_blank\" rel=\"noopener\">aqui.<\/a><\/em><\/span><\/p>\n<hr \/>\n<h2 style=\"text-align: justify;\"><strong>Conversas realizadas em 2022:<\/strong><\/h2>\n<p><a href=\"https:\/\/youtu.be\/YtY2sFlQ_2s\" target=\"_blank\" rel=\"noopener\"><img class=\"alignleft wp-image-4076 size-medium\" src=\"https:\/\/wp.ufpel.edu.br\/gegradi\/files\/2022\/11\/Monica_22nov_Youtube-400x225.png\" alt=\"\" width=\"400\" height=\"225\" srcset=\"https:\/\/wp.ufpel.edu.br\/gegradi\/files\/2022\/11\/Monica_22nov_Youtube-400x225.png 400w, https:\/\/wp.ufpel.edu.br\/gegradi\/files\/2022\/11\/Monica_22nov_Youtube-1024x576.png 1024w, https:\/\/wp.ufpel.edu.br\/gegradi\/files\/2022\/11\/Monica_22nov_Youtube-768x432.png 768w, https:\/\/wp.ufpel.edu.br\/gegradi\/files\/2022\/11\/Monica_22nov_Youtube.png 1277w\" sizes=\"(max-width: 400px) 100vw, 400px\" \/><\/a><\/p>\n<p>&nbsp;<\/p>\n<p style=\"text-align: justify;\"><span style=\"color: #000000;\">GEGRADI conversa com M\u00f4nica Santos Salgado no dia 22 de novembro, ter\u00e7a-feira \u00e0s 18h. Sobre &#8220;Cidades: sustent\u00e1veis, inteligentes e resilientes&#8221;.<br \/>\nNossa \u00faltima conversa em <em>live<\/em> no ano de 2022.<\/span><\/p>\n<p><span style=\"color: #808080;\"><em>Acesso ao canal do Prograu no YouTube clicando na imagem ao lado.<\/em><\/span><\/p>\n<p><span style=\"color: #333333;\">Comprovantes de participa\u00e7\u00e3o entregues.<\/span><\/p>\n<p>&nbsp;<\/p>\n<hr \/>\n<p><a href=\"https:\/\/youtu.be\/mL-bWKeDsAA\" target=\"_blank\" rel=\"noopener\"><img class=\"alignleft wp-image-4055 size-medium\" src=\"https:\/\/wp.ufpel.edu.br\/gegradi\/files\/2022\/10\/Cesar_Youtube-400x225.png\" alt=\"\" width=\"400\" height=\"225\" srcset=\"https:\/\/wp.ufpel.edu.br\/gegradi\/files\/2022\/10\/Cesar_Youtube-400x225.png 400w, https:\/\/wp.ufpel.edu.br\/gegradi\/files\/2022\/10\/Cesar_Youtube-1024x576.png 1024w, https:\/\/wp.ufpel.edu.br\/gegradi\/files\/2022\/10\/Cesar_Youtube-768x432.png 768w, https:\/\/wp.ufpel.edu.br\/gegradi\/files\/2022\/10\/Cesar_Youtube.png 1247w\" sizes=\"(max-width: 400px) 100vw, 400px\" \/><\/a><\/p>\n<p>&nbsp;<\/p>\n<p style=\"text-align: justify;\"><span style=\"color: #000000;\">GEGRADI conversa com C\u00e9sar Bastos Vieira no dia 07 de outubro, sexta-feira \u00e0s 18h. Sobre &#8220;Fotografia de arquitetura e da cidade&#8221;.<\/span><\/p>\n<p><span style=\"color: #808080;\"><em>Acesso ao canal do Prograu no YouTube clicando na imagem ao lado.<\/em><\/span><\/p>\n<p><span style=\"color: #333333;\">Comprovantes de participa\u00e7\u00e3o entregues.<\/span><\/p>\n<p>&nbsp;<\/p>\n<p>&nbsp;<\/p>\n<hr \/>\n<p><a href=\"https:\/\/youtu.be\/tzMaOuG_EOc\" target=\"_blank\" rel=\"noopener\"><img class=\"alignleft wp-image-4042 size-medium\" src=\"https:\/\/wp.ufpel.edu.br\/gegradi\/files\/2022\/08\/Betina_Youtube-400x225.png\" alt=\"\" width=\"400\" height=\"225\" srcset=\"https:\/\/wp.ufpel.edu.br\/gegradi\/files\/2022\/08\/Betina_Youtube-400x225.png 400w, https:\/\/wp.ufpel.edu.br\/gegradi\/files\/2022\/08\/Betina_Youtube-1024x576.png 1024w, https:\/\/wp.ufpel.edu.br\/gegradi\/files\/2022\/08\/Betina_Youtube-768x432.png 768w, https:\/\/wp.ufpel.edu.br\/gegradi\/files\/2022\/08\/Betina_Youtube.png 1277w\" sizes=\"(max-width: 400px) 100vw, 400px\" \/><\/a><\/p>\n<p>&nbsp;<\/p>\n<p style=\"text-align: justify;\"><span style=\"color: #000000;\">GEGRADI conversa com Betina Tschiedel Martau, no dia 06 de setembro, ter\u00e7a-feira \u00e0s 18h. Sobre &#8220;Desvendando a ilumina\u00e7\u00e3o integrativa&#8221;.<\/span><\/p>\n<p><span style=\"color: #808080;\"><em>Acesso ao canal do Prograu no YouTube clicando na imagem ao lado.<\/em><\/span><\/p>\n<p><span style=\"color: #333333;\">Comprovantes de participa\u00e7\u00e3o entregues.<\/span><\/p>\n<p>&nbsp;<\/p>\n<p>&nbsp;<\/p>\n<hr \/>\n<p><a href=\"https:\/\/youtu.be\/gaNmc5KBIk0\" target=\"_blank\" rel=\"noopener\"><img class=\"alignleft wp-image-3997 size-medium\" src=\"https:\/\/wp.ufpel.edu.br\/gegradi\/files\/2022\/07\/Monica_16ago_Youtube-400x225.png\" alt=\"\" width=\"400\" height=\"225\" srcset=\"https:\/\/wp.ufpel.edu.br\/gegradi\/files\/2022\/07\/Monica_16ago_Youtube-400x225.png 400w, https:\/\/wp.ufpel.edu.br\/gegradi\/files\/2022\/07\/Monica_16ago_Youtube-1024x576.png 1024w, https:\/\/wp.ufpel.edu.br\/gegradi\/files\/2022\/07\/Monica_16ago_Youtube-768x432.png 768w, https:\/\/wp.ufpel.edu.br\/gegradi\/files\/2022\/07\/Monica_16ago_Youtube.png 1280w\" sizes=\"(max-width: 400px) 100vw, 400px\" \/><\/a><\/p>\n<p>&nbsp;<\/p>\n<p style=\"text-align: justify;\"><span style=\"color: #000000;\">GEGRADI conversa com M\u00f4nica Santos Salgado, no dia 16 de agosto, ter\u00e7a-feira \u00e0s 18h. Sobre &#8220;Desafios e alternativas na ado\u00e7\u00e3o do BIM no ensino de arquitetura&#8221;.<\/span><\/p>\n<p><span style=\"color: #808080;\"><em>Acesso ao canal do Prograu no YouTube clicando na imagem ao lado.<\/em><\/span><\/p>\n<p><span style=\"color: #000000;\">Comprovantes de participa\u00e7\u00e3o entregues.<\/span><\/p>\n<p>&nbsp;<\/p>\n<hr \/>\n<p><a href=\"https:\/\/youtu.be\/i1emHyIy7g0\" target=\"_blank\" rel=\"attachment noopener wp-att-3940\"><img class=\"alignleft wp-image-3940 size-medium\" src=\"https:\/\/wp.ufpel.edu.br\/gegradi\/files\/2022\/06\/Eloisa_3Youtube-400x225.png\" alt=\"\" width=\"400\" height=\"225\" srcset=\"https:\/\/wp.ufpel.edu.br\/gegradi\/files\/2022\/06\/Eloisa_3Youtube-400x225.png 400w, https:\/\/wp.ufpel.edu.br\/gegradi\/files\/2022\/06\/Eloisa_3Youtube-1024x576.png 1024w, https:\/\/wp.ufpel.edu.br\/gegradi\/files\/2022\/06\/Eloisa_3Youtube-768x432.png 768w, https:\/\/wp.ufpel.edu.br\/gegradi\/files\/2022\/06\/Eloisa_3Youtube-1536x864.png 1536w, https:\/\/wp.ufpel.edu.br\/gegradi\/files\/2022\/06\/Eloisa_3Youtube-2048x1152.png 2048w\" sizes=\"(max-width: 400px) 100vw, 400px\" \/><\/a><\/p>\n<p><span style=\"color: #000000;\">GEGRADI conversa com Eloisa Dezen Kempter, no dia 05 de julho, ter\u00e7a-feira \u00e0s 18h. Sobre &#8220;Duas ilhas, v\u00e1rias escalas, diferentes abordagens: tecnologias disruptivas para documenta\u00e7\u00e3o patrimonial&#8221;.<\/span><\/p>\n<p><span style=\"color: #808080;\"><em>Acesso ao canal do Prograu no YouTube clicando na imagem ao lado.<\/em><\/span><\/p>\n<p><span style=\"color: #000000;\">Comprovantes de participa\u00e7\u00e3o entregues.<\/span><\/p>\n<p>&nbsp;<\/p>\n<p>&nbsp;<\/p>\n<hr \/>\n<p><a href=\"https:\/\/youtu.be\/7_Uxz61WuC8\" target=\"_blank\" rel=\"attachment noopener wp-att-3917\"><img class=\"alignleft wp-image-3917 size-medium\" src=\"https:\/\/wp.ufpel.edu.br\/gegradi\/files\/2022\/05\/PauloAfonso_3AYoutube-400x225.png\" alt=\"\" width=\"400\" height=\"225\" srcset=\"https:\/\/wp.ufpel.edu.br\/gegradi\/files\/2022\/05\/PauloAfonso_3AYoutube-400x225.png 400w, https:\/\/wp.ufpel.edu.br\/gegradi\/files\/2022\/05\/PauloAfonso_3AYoutube-1024x576.png 1024w, https:\/\/wp.ufpel.edu.br\/gegradi\/files\/2022\/05\/PauloAfonso_3AYoutube-768x432.png 768w, https:\/\/wp.ufpel.edu.br\/gegradi\/files\/2022\/05\/PauloAfonso_3AYoutube-1536x864.png 1536w, https:\/\/wp.ufpel.edu.br\/gegradi\/files\/2022\/05\/PauloAfonso_3AYoutube-2048x1152.png 2048w\" sizes=\"(max-width: 400px) 100vw, 400px\" \/><\/a><\/p>\n<p>&nbsp;<\/p>\n<p><span style=\"color: #000000;\">GEGRADI conversa com Paulo Afonso Rheingantz, no dia <strong>14 de junho<\/strong>, ter\u00e7a-feira \u00e0s 18h. Sobre Bruno Latour &#8216;fil\u00f3sofo emp\u00edrico&#8217;: os modos de exist\u00eancia de uma formiga &#8216;n\u00e3o-moderna&#8217;.<\/span><\/p>\n<p><span style=\"color: #808080;\"><em>Acesso ao canal do Prograu no YouTube clicando na imagem ao lado.<\/em><\/span><\/p>\n<p><span style=\"color: #000000;\">Comprovantes de participa\u00e7\u00e3o entregues.<\/span><\/p>\n<p>&nbsp;<\/p>\n<p>&nbsp;<\/p>\n<p><a href=\"https:\/\/youtu.be\/vLxenZtK3gQ\" target=\"_blank\" rel=\"attachment noopener wp-att-3918\"><img class=\"alignleft wp-image-3918 size-medium\" src=\"https:\/\/wp.ufpel.edu.br\/gegradi\/files\/2022\/05\/PauloAfonso_3Youtube-400x225.png\" alt=\"\" width=\"400\" height=\"225\" srcset=\"https:\/\/wp.ufpel.edu.br\/gegradi\/files\/2022\/05\/PauloAfonso_3Youtube-400x225.png 400w, https:\/\/wp.ufpel.edu.br\/gegradi\/files\/2022\/05\/PauloAfonso_3Youtube-1024x576.png 1024w, https:\/\/wp.ufpel.edu.br\/gegradi\/files\/2022\/05\/PauloAfonso_3Youtube-768x432.png 768w, https:\/\/wp.ufpel.edu.br\/gegradi\/files\/2022\/05\/PauloAfonso_3Youtube-1536x864.png 1536w, https:\/\/wp.ufpel.edu.br\/gegradi\/files\/2022\/05\/PauloAfonso_3Youtube-2048x1152.png 2048w\" sizes=\"(max-width: 400px) 100vw, 400px\" \/><\/a><\/p>\n<p>&nbsp;<\/p>\n<p><span style=\"color: #000000;\">GEGRADI conversa com Paulo Afonso Rheingantz, no dia <strong>09 de junho<\/strong>, quinta-feira \u00e0s 18h. Sobre Bruno Latour &#8216;fil\u00f3sofo emp\u00edrico&#8217;: os modos de exist\u00eancia de uma formiga &#8216;n\u00e3o-moderna&#8217;.<\/span><\/p>\n<p><span style=\"color: #808080;\"><em>Acesso ao canal do Prograu no YouTube clicando na imagem ao lado.<\/em><\/span><\/p>\n<p><span style=\"color: #000000;\">Comprovantes de participa\u00e7\u00e3o entregues.<\/span><\/p>\n<p>&nbsp;<\/p>\n<div style=\"text-align: justify;\">\n<hr \/>\n<p><a href=\"https:\/\/youtu.be\/4jckYjIm75Y\" target=\"_blank\" rel=\"attachment noopener wp-att-3879\"><img class=\"alignleft wp-image-3879 size-medium\" src=\"https:\/\/wp.ufpel.edu.br\/gegradi\/files\/2022\/04\/Regina_3Youtube-400x225.png\" alt=\"\" width=\"400\" height=\"225\" srcset=\"https:\/\/wp.ufpel.edu.br\/gegradi\/files\/2022\/04\/Regina_3Youtube-400x225.png 400w, https:\/\/wp.ufpel.edu.br\/gegradi\/files\/2022\/04\/Regina_3Youtube-1024x576.png 1024w, https:\/\/wp.ufpel.edu.br\/gegradi\/files\/2022\/04\/Regina_3Youtube-768x432.png 768w, https:\/\/wp.ufpel.edu.br\/gegradi\/files\/2022\/04\/Regina_3Youtube-1536x864.png 1536w, https:\/\/wp.ufpel.edu.br\/gegradi\/files\/2022\/04\/Regina_3Youtube-2048x1152.png 2048w\" sizes=\"(max-width: 400px) 100vw, 400px\" \/><\/a><\/p>\n<\/div>\n<p>&nbsp;<\/p>\n<p><span style=\"text-align: justify; color: #000000;\">GEGRADI conversa com Regina Ruschel, sobre &#8220;Design Science Research aplicada para o desenvolvimento de g\u00eameo digital de laborat\u00f3rio de pesquisa como foco no consumo de energia\u201d<\/span><\/p>\n<p><span style=\"color: #000000;\">Ter\u00e7a-feira, \u00e0s 18h, em 24\/05\/2022.<\/span><\/p>\n<p><span style=\"color: #000000;\">Comprovantes de participa\u00e7\u00e3o entregues.<\/span><\/p>\n<p><span style=\"color: #808080;\"><em>Acesso ao canal do Prograu no YouTube clicando na imagem ao lado.<\/em><\/span><\/p>\n<hr \/>\n<p><a href=\"https:\/\/youtu.be\/tnqDKhCMBXU\" target=\"_blank\" rel=\"attachment noopener wp-att-3866\"><img class=\"alignleft wp-image-3866 size-medium\" src=\"https:\/\/wp.ufpel.edu.br\/gegradi\/files\/2022\/04\/Petar_3Youtube-400x225.png\" alt=\"\" width=\"400\" height=\"225\" srcset=\"https:\/\/wp.ufpel.edu.br\/gegradi\/files\/2022\/04\/Petar_3Youtube-400x225.png 400w, https:\/\/wp.ufpel.edu.br\/gegradi\/files\/2022\/04\/Petar_3Youtube-1024x576.png 1024w, https:\/\/wp.ufpel.edu.br\/gegradi\/files\/2022\/04\/Petar_3Youtube-768x432.png 768w, https:\/\/wp.ufpel.edu.br\/gegradi\/files\/2022\/04\/Petar_3Youtube-1536x864.png 1536w, https:\/\/wp.ufpel.edu.br\/gegradi\/files\/2022\/04\/Petar_3Youtube-2048x1152.png 2048w\" sizes=\"(max-width: 400px) 100vw, 400px\" \/><\/a><\/p>\n<div style=\"text-align: justify;\">\n<p>&nbsp;<\/p>\n<p><span style=\"color: #000000;\">GEGRADI conversa com Petar Vrcibradic, sobre &#8220;Gehry na pr\u00e1tica: Uma reflex\u00e3o sobre sua abordagem ao projeto, processos e instrumentos\u201d<\/span><\/p>\n<\/div>\n<p><span style=\"color: #000000;\">Sexta-feira, \u00e0s 14h, em 08\/04\/2022.<\/span><\/p>\n<p><span style=\"color: #000000;\">Comprovantes de participa\u00e7\u00e3o entregues.<\/span><\/p>\n<p><span style=\"color: #808080;\"><em>Acesso ao canal do Prograu no YouTube clicando na imagem ao lado.<\/em><\/span><\/p>\n<p><span style=\"color: #999999;\">(60\u00aa conversa deste projeto &#8220;Gegradi conversa com&#8221;)<\/span><\/p>\n<hr \/>\n<p><a href=\"https:\/\/youtu.be\/SK79Pbl4zfc\" target=\"_blank\" rel=\"attachment noopener wp-att-3850\"><img class=\"alignleft wp-image-3850 size-medium\" src=\"https:\/\/wp.ufpel.edu.br\/gegradi\/files\/2022\/03\/andrea-400x225.jpeg\" alt=\"\" width=\"400\" height=\"225\" srcset=\"https:\/\/wp.ufpel.edu.br\/gegradi\/files\/2022\/03\/andrea-400x225.jpeg 400w, https:\/\/wp.ufpel.edu.br\/gegradi\/files\/2022\/03\/andrea-1024x576.jpeg 1024w, https:\/\/wp.ufpel.edu.br\/gegradi\/files\/2022\/03\/andrea-768x432.jpeg 768w, https:\/\/wp.ufpel.edu.br\/gegradi\/files\/2022\/03\/andrea.jpeg 1280w\" sizes=\"(max-width: 400px) 100vw, 400px\" \/><\/a><\/p>\n<p>&nbsp;<\/p>\n<p><span style=\"color: #000000;\">GEGRADI conversa com Andr\u00e9a Q. Mussi e Tha\u00edsa L. Silva, do IMED, sobre &#8220;Tecnologias Digitais em Arquitetura e Urbanismo: Processos e Produtos\u201d<\/span><br \/>\n<span style=\"color: #000000;\">Quinta-feira, \u00e0s 18h, em 31\/03\/2022.<\/span><\/p>\n<p><span style=\"color: #000000;\">\u00c9 nossa primeira conversa em 2022.<\/span><br \/>\n<span style=\"color: #000000;\">Comprovantes de participa\u00e7\u00e3o entregues.<\/span><\/p>\n<p><span style=\"color: #808080;\"><em>Acesso ao canal do Prograu no YouTube clicando na imagem ao lado.<\/em><\/span><\/p>\n<hr \/>\n<p><strong>Conversas retomadas em mar\u00e7o de 2022!<br \/>\nCONVERSAS AT\u00c9 2021 DISPON\u00cdVEIS <em><span style=\"color: #333399;\"><a style=\"color: #333399;\" href=\"https:\/\/wp.ufpel.edu.br\/gegradi\/conversas-ate-2021\/\">aqui<\/a><\/span><\/em><br \/>\n<\/strong><\/p>\n","protected":false},"excerpt":{"rendered":"<p>Ol\u00e1! Abrimos este espa\u00e7o para promover conversas com pesquisadores nos diferentes campos de desenvolvimento e aplica\u00e7\u00e3o das tecnologias digitais de representa\u00e7\u00e3o. Agradecemos a difus\u00e3o deste espa\u00e7o, na expectativa de conectarmos investigadores e promovermos o estabelecimento de redes colaborativas cada vez mais amplas sobre o tema. &nbsp; GEGRADI conversa com Susana Bautista Blasco, sobre &#8220;El Papel [&hellip;]<\/p>\n","protected":false},"author":263,"featured_media":0,"parent":0,"menu_order":0,"comment_status":"closed","ping_status":"closed","template":"","meta":{"footnotes":""},"class_list":["post-2540","page","type-page","status-publish","hentry"],"jetpack_sharing_enabled":true,"_links":{"self":[{"href":"https:\/\/wp.ufpel.edu.br\/gegradi\/wp-json\/wp\/v2\/pages\/2540","targetHints":{"allow":["GET"]}}],"collection":[{"href":"https:\/\/wp.ufpel.edu.br\/gegradi\/wp-json\/wp\/v2\/pages"}],"about":[{"href":"https:\/\/wp.ufpel.edu.br\/gegradi\/wp-json\/wp\/v2\/types\/page"}],"author":[{"embeddable":true,"href":"https:\/\/wp.ufpel.edu.br\/gegradi\/wp-json\/wp\/v2\/users\/263"}],"replies":[{"embeddable":true,"href":"https:\/\/wp.ufpel.edu.br\/gegradi\/wp-json\/wp\/v2\/comments?post=2540"}],"version-history":[{"count":270,"href":"https:\/\/wp.ufpel.edu.br\/gegradi\/wp-json\/wp\/v2\/pages\/2540\/revisions"}],"predecessor-version":[{"id":4661,"href":"https:\/\/wp.ufpel.edu.br\/gegradi\/wp-json\/wp\/v2\/pages\/2540\/revisions\/4661"}],"wp:attachment":[{"href":"https:\/\/wp.ufpel.edu.br\/gegradi\/wp-json\/wp\/v2\/media?parent=2540"}],"curies":[{"name":"wp","href":"https:\/\/api.w.org\/{rel}","templated":true}]}}