{"id":18,"date":"2017-11-10T02:46:37","date_gmt":"2017-11-10T04:46:37","guid":{"rendered":"https:\/\/wp.ufpel.edu.br\/geemai\/?page_id=18"},"modified":"2017-11-10T02:55:56","modified_gmt":"2017-11-10T04:55:56","slug":"eventos","status":"publish","type":"page","link":"https:\/\/wp.ufpel.edu.br\/geemai\/publicacoes\/eventos\/","title":{"rendered":"Eventos"},"content":{"rendered":"<p>Trabalhos dispon\u00edveis em Anais de Eventos sobre Educa\u00e7\u00e3o Matem\u00e1tica<a href=\"https:\/\/wp.ufpel.edu.br\/geemai\/files\/2017\/11\/TRABALHANDO-MATEM\u00c1TICA-ATRAV\u00c9S-DE-SEQU\u00caNCIA-DID\u00c1TICA-E-LITERATURA-INFANTIL.pdf\"><\/a><\/p>\n<p><a href=\"https:\/\/wp.ufpel.edu.br\/geemai\/files\/2017\/11\/TRABALHANDO-MATEM\u00c1TICA-ATRAV\u00c9S-DE-SEQU\u00caNCIA-DID\u00c1TICA-E-LITERATURA-INFANTIL.pdf\">TRABALHANDO MATEM\u00c1TICA ATRAV\u00c9S DE SEQU\u00caNCIA DID\u00c1TICA E LITERATURA INFANTIL<\/a><\/p>\n<p><a href=\"https:\/\/wp.ufpel.edu.br\/geemai\/files\/2017\/11\/SABERES-E-CREN\u00c7AS-DE-PROFESSORAS-POLIVALENTES-UM-OLHAR-SOBRE-O-ENSINO-DA-MATEM\u00c1TICA.pdf\">SABERES E CREN\u00c7AS DE PROFESSORAS POLIVALENTES UM OLHAR SOBRE O ENSINO DA MATEM\u00c1TICA<\/a><\/p>\n<p><a href=\"https:\/\/wp.ufpel.edu.br\/geemai\/files\/2017\/11\/Professora-Polivalente_da-Formacao-a-Pratica-Docente-no-Ensino-de-Matematica_EBRAPEM.pdf\">Professora Polivalente_da Formacao a Pratica Docente no Ensino de Matematica<\/a><\/p>\n<p><a href=\"https:\/\/wp.ufpel.edu.br\/geemai\/files\/2017\/11\/CONCEPCOES-DE-ENSINO-E-APRENDIZAGEM-DA-PROFESSORA-POLIVALENTE-E-SUA-PRATICA-NAS-AULAS-DE-MATEMATICA-DOS-ANOS-INICIAIS.pdf\">CONCEPCOES DE ENSINO E APRENDIZAGEM DA PROFESSORA POLIVALENTE E SUA PRATICA NAS AULAS DE MATEMATICA DOS ANOS INICIAIS<\/a><\/p>\n<p><a href=\"https:\/\/wp.ufpel.edu.br\/geemai\/files\/2017\/11\/As-cren\u00e7as-desenvolvidas-pelas-Professoras-Polivalentes-um-olhar-sobre-ensino-de-Matem\u00e1tica.pdf\">A<\/a><a href=\"https:\/\/wp.ufpel.edu.br\/geemai\/files\/2017\/11\/As-cren\u00e7as-desenvolvidas-pelas-Professoras-Polivalentes-um-olhar-sobre-ensino-de-Matem\u00e1tica.pdf\">s cren\u00e7as desenvolvidas pelas Professoras Polivalentes um olhar sobre ensino de Matem\u00e1tica<\/a><\/p>\n<p><a href=\"https:\/\/wp.ufpel.edu.br\/geemai\/files\/2017\/11\/A-PRATICA-PEDAGOGICA-DO-PROFESSOR-POLIVALENTE-NO-ENSINO-DE-MATEMATICA_SIMPOSIO-PPGECM.pdf\">A PRATICA PEDAGOGICA DO PROFESSOR POLIVALENTE NO ENSINO DE MATEMATICA<\/a><\/p>\n<p><a href=\"https:\/\/wp.ufpel.edu.br\/geemai\/files\/2017\/11\/A-IMPORT\u00c2NCIA-DA-MATEM\u00c1TICA-NOS-ANOS-INICIAS.pdf\">A IMPORT\u00c2NCIA DA MATEM\u00c1TICA NOS ANOS INICIAS<\/a><\/p>\n<p><a href=\"https:\/\/wp.ufpel.edu.br\/geemai\/files\/2017\/11\/A-FORMA\u00c7\u00c3O-DOCENTE-E-AS-CREN\u00c7AS-DAS-PROFESSORAS-POLIVALENTES-EM-RELA\u00c7\u00c3O-AO-ENSINO-DE-MATEM\u00c1TICA.pdf\">A FORMA\u00c7\u00c3O DOCENTE E AS CREN\u00c7AS DAS PROFESSORAS POLIVALENTES EM RELA\u00c7\u00c3O AO ENSINO DE MATEM\u00c1TICA<\/a><\/p>\n<p><a href=\"https:\/\/wp.ufpel.edu.br\/geemai\/files\/2017\/11\/A-FORMACAO-DA-PROFESSORA-POLIVALENTE-E-SUA-PRATICA-PEDAGOGICA-NO-ENSINO-DE-MATEMATICA_CIEM.pdf\">A FORMACAO DA PROFESSORA POLIVALENTE E SUA PRATICA PEDAGOGICA NO ENSINO DE MATEMATICA<\/a><\/p>\n","protected":false},"excerpt":{"rendered":"<p>Trabalhos dispon\u00edveis em Anais de Eventos sobre Educa\u00e7\u00e3o Matem\u00e1tica TRABALHANDO MATEM\u00c1TICA ATRAV\u00c9S DE SEQU\u00caNCIA DID\u00c1TICA E LITERATURA INFANTIL SABERES E CREN\u00c7AS DE PROFESSORAS POLIVALENTES UM OLHAR SOBRE O ENSINO DA MATEM\u00c1TICA Professora Polivalente_da Formacao a Pratica Docente no Ensino de Matematica CONCEPCOES DE ENSINO E APRENDIZAGEM DA PROFESSORA POLIVALENTE E SUA PRATICA NAS AULAS DE &hellip; <\/p>\n<p><a class=\"more-link btn\" href=\"https:\/\/wp.ufpel.edu.br\/geemai\/publicacoes\/eventos\/\">Continue lendo<\/a><\/p>\n","protected":false},"author":481,"featured_media":0,"parent":14,"menu_order":0,"comment_status":"closed","ping_status":"closed","template":"","meta":{"footnotes":""},"class_list":["post-18","page","type-page","status-publish","hentry","nodate","item-wrap"],"_links":{"self":[{"href":"https:\/\/wp.ufpel.edu.br\/geemai\/wp-json\/wp\/v2\/pages\/18","targetHints":{"allow":["GET"]}}],"collection":[{"href":"https:\/\/wp.ufpel.edu.br\/geemai\/wp-json\/wp\/v2\/pages"}],"about":[{"href":"https:\/\/wp.ufpel.edu.br\/geemai\/wp-json\/wp\/v2\/types\/page"}],"author":[{"embeddable":true,"href":"https:\/\/wp.ufpel.edu.br\/geemai\/wp-json\/wp\/v2\/users\/481"}],"replies":[{"embeddable":true,"href":"https:\/\/wp.ufpel.edu.br\/geemai\/wp-json\/wp\/v2\/comments?post=18"}],"version-history":[{"count":3,"href":"https:\/\/wp.ufpel.edu.br\/geemai\/wp-json\/wp\/v2\/pages\/18\/revisions"}],"predecessor-version":[{"id":32,"href":"https:\/\/wp.ufpel.edu.br\/geemai\/wp-json\/wp\/v2\/pages\/18\/revisions\/32"}],"up":[{"embeddable":true,"href":"https:\/\/wp.ufpel.edu.br\/geemai\/wp-json\/wp\/v2\/pages\/14"}],"wp:attachment":[{"href":"https:\/\/wp.ufpel.edu.br\/geemai\/wp-json\/wp\/v2\/media?parent=18"}],"curies":[{"name":"wp","href":"https:\/\/api.w.org\/{rel}","templated":true}]}}

<p>Trabalhos disponíveis em Anais de Eventos sobre Educação Matemática<a href="https://wp.ufpel.edu.br/geemai/files/2017/11/TRABALHANDO-MATEMÁTICA-ATRAVÉS-DE-SEQUÊNCIA-DIDÁTICA-E-LITERATURA-INFANTIL.pdf"></a></p>
<p><a href="https://wp.ufpel.edu.br/geemai/files/2017/11/TRABALHANDO-MATEMÁTICA-ATRAVÉS-DE-SEQUÊNCIA-DIDÁTICA-E-LITERATURA-INFANTIL.pdf">TRABALHANDO MATEMÁTICA ATRAVÉS DE SEQUÊNCIA DIDÁTICA E LITERATURA INFANTIL</a></p>
<p><a href="https://wp.ufpel.edu.br/geemai/files/2017/11/SABERES-E-CRENÇAS-DE-PROFESSORAS-POLIVALENTES-UM-OLHAR-SOBRE-O-ENSINO-DA-MATEMÁTICA.pdf">SABERES E CRENÇAS DE PROFESSORAS POLIVALENTES UM OLHAR SOBRE O ENSINO DA MATEMÁTICA</a></p>
<p><a href="https://wp.ufpel.edu.br/geemai/files/2017/11/Professora-Polivalente_da-Formacao-a-Pratica-Docente-no-Ensino-de-Matematica_EBRAPEM.pdf">Professora Polivalente_da Formacao a Pratica Docente no Ensino de Matematica</a></p>
<p><a href="https://wp.ufpel.edu.br/geemai/files/2017/11/CONCEPCOES-DE-ENSINO-E-APRENDIZAGEM-DA-PROFESSORA-POLIVALENTE-E-SUA-PRATICA-NAS-AULAS-DE-MATEMATICA-DOS-ANOS-INICIAIS.pdf">CONCEPCOES DE ENSINO E APRENDIZAGEM DA PROFESSORA POLIVALENTE E SUA PRATICA NAS AULAS DE MATEMATICA DOS ANOS INICIAIS</a></p>
<p><a href="https://wp.ufpel.edu.br/geemai/files/2017/11/As-crenças-desenvolvidas-pelas-Professoras-Polivalentes-um-olhar-sobre-ensino-de-Matemática.pdf">A</a><a href="https://wp.ufpel.edu.br/geemai/files/2017/11/As-crenças-desenvolvidas-pelas-Professoras-Polivalentes-um-olhar-sobre-ensino-de-Matemática.pdf">s crenças desenvolvidas pelas Professoras Polivalentes um olhar sobre ensino de Matemática</a></p>
<p><a href="https://wp.ufpel.edu.br/geemai/files/2017/11/A-PRATICA-PEDAGOGICA-DO-PROFESSOR-POLIVALENTE-NO-ENSINO-DE-MATEMATICA_SIMPOSIO-PPGECM.pdf">A PRATICA PEDAGOGICA DO PROFESSOR POLIVALENTE NO ENSINO DE MATEMATICA</a></p>
<p><a href="https://wp.ufpel.edu.br/geemai/files/2017/11/A-IMPORTÂNCIA-DA-MATEMÁTICA-NOS-ANOS-INICIAS.pdf">A IMPORTÂNCIA DA MATEMÁTICA NOS ANOS INICIAS</a></p>
<p><a href="https://wp.ufpel.edu.br/geemai/files/2017/11/A-FORMAÇÃO-DOCENTE-E-AS-CRENÇAS-DAS-PROFESSORAS-POLIVALENTES-EM-RELAÇÃO-AO-ENSINO-DE-MATEMÁTICA.pdf">A FORMAÇÃO DOCENTE E AS CRENÇAS DAS PROFESSORAS POLIVALENTES EM RELAÇÃO AO ENSINO DE MATEMÁTICA</a></p>
<p><a href="https://wp.ufpel.edu.br/geemai/files/2017/11/A-FORMACAO-DA-PROFESSORA-POLIVALENTE-E-SUA-PRATICA-PEDAGOGICA-NO-ENSINO-DE-MATEMATICA_CIEM.pdf">A FORMACAO DA PROFESSORA POLIVALENTE E SUA PRATICA PEDAGOGICA NO ENSINO DE MATEMATICA</a></p>

<p>Trabalhos disponíveis em Anais de Eventos sobre Educação Matemática TRABALHANDO MATEMÁTICA ATRAVÉS DE SEQUÊNCIA DIDÁTICA E LITERATURA INFANTIL SABERES E CRENÇAS DE PROFESSORAS POLIVALENTES UM OLHAR SOBRE O ENSINO DA MATEMÁTICA Professora Polivalente_da Formacao a Pratica Docente no Ensino de Matematica CONCEPCOES DE ENSINO E APRENDIZAGEM DA PROFESSORA POLIVALENTE E SUA PRATICA NAS AULAS DE &hellip; </p>
<p><a class="more-link btn" href="https://wp.ufpel.edu.br/geemai/publicacoes/eventos/">Continue lendo</a></p>
