{"id":564,"date":"2023-10-18T16:06:42","date_gmt":"2023-10-18T19:06:42","guid":{"rendered":"https:\/\/wp.ufpel.edu.br\/gedeb\/?page_id=564"},"modified":"2024-01-04T19:19:50","modified_gmt":"2024-01-04T22:19:50","slug":"etica-na-pesquisa-em-educacao","status":"publish","type":"page","link":"https:\/\/wp.ufpel.edu.br\/gedeb\/etica-na-pesquisa-em-educacao\/","title":{"rendered":"\u00c9tica e Pesquisa em Educa\u00e7\u00e3o"},"content":{"rendered":"<p class=\"single-post-title entry-title\" style=\"padding-left: 40px;\"><span style=\"font-family: georgia, palatino, serif; font-size: 10pt;\"> E-book &#8211; Volume 1, 2 e 3 e outros materiais: <\/span><span style=\"font-size: 8pt;\"><a href=\"https:\/\/anped.org.br\/etica-na-pesquisa\/textos-e-videos?_ga=2.2281008.1447844474.1697656396-1476119041.1697562765\">https:\/\/anped.org.br\/etica-na-pesquisa\/textos-e-videos?_ga=2.2281008.1447844474.1697656396-1476119041.1697562765<\/a><\/span><\/p>\n<h1 class=\"single-post-title entry-title\"><\/h1>\n<p>&nbsp;<\/p>\n<h1 class=\"single-post-title entry-title\"><\/h1>\n<p>&nbsp;<\/p>\n<p>&nbsp;<\/p>\n","protected":false},"excerpt":{"rendered":"<p>E-book &#8211; Volume 1, 2 e 3 e outros materiais: https:\/\/anped.org.br\/etica-na-pesquisa\/textos-e-videos?_ga=2.2281008.1447844474.1697656396-1476119041.1697562765 &nbsp; &nbsp; &nbsp;<\/p>\n","protected":false},"author":745,"featured_media":0,"parent":0,"menu_order":0,"comment_status":"closed","ping_status":"closed","template":"","meta":{"footnotes":""},"class_list":["post-564","page","type-page","status-publish","hentry"],"jetpack_sharing_enabled":true,"_links":{"self":[{"href":"https:\/\/wp.ufpel.edu.br\/gedeb\/wp-json\/wp\/v2\/pages\/564","targetHints":{"allow":["GET"]}}],"collection":[{"href":"https:\/\/wp.ufpel.edu.br\/gedeb\/wp-json\/wp\/v2\/pages"}],"about":[{"href":"https:\/\/wp.ufpel.edu.br\/gedeb\/wp-json\/wp\/v2\/types\/page"}],"author":[{"embeddable":true,"href":"https:\/\/wp.ufpel.edu.br\/gedeb\/wp-json\/wp\/v2\/users\/745"}],"replies":[{"embeddable":true,"href":"https:\/\/wp.ufpel.edu.br\/gedeb\/wp-json\/wp\/v2\/comments?post=564"}],"version-history":[{"count":9,"href":"https:\/\/wp.ufpel.edu.br\/gedeb\/wp-json\/wp\/v2\/pages\/564\/revisions"}],"predecessor-version":[{"id":597,"href":"https:\/\/wp.ufpel.edu.br\/gedeb\/wp-json\/wp\/v2\/pages\/564\/revisions\/597"}],"wp:attachment":[{"href":"https:\/\/wp.ufpel.edu.br\/gedeb\/wp-json\/wp\/v2\/media?parent=564"}],"curies":[{"name":"wp","href":"https:\/\/api.w.org\/{rel}","templated":true}]}}