{"id":672,"date":"2017-03-24T16:25:49","date_gmt":"2017-03-24T19:25:49","guid":{"rendered":"https:\/\/wp.ufpel.edu.br\/gecon\/?page_id=672"},"modified":"2018-02-16T23:15:27","modified_gmt":"2018-02-17T01:15:27","slug":"documentos","status":"publish","type":"page","link":"https:\/\/wp.ufpel.edu.br\/gecon\/documentos\/","title":{"rendered":"| documentos"},"content":{"rendered":"<ul>\n<strong>| <a href=\"https:\/\/www.dropbox.com\/s\/yokbo5v7ing10od\/REGIMENTO%20GECON.pdf?dl=0\" rel=\"noopener\" target=\"_blank\">regimento interno do gecon<\/a><\/strong><\/ul>\n<ul>\n<strong>| <a href=\"https:\/\/www.dropbox.com\/s\/awmgeupke6joyja\/Registro%20de%20Patrim%C3%B4nio.pdf?dl=0\" target=\"_blank\">rela\u00e7\u00e3o de bens de patrim\u00f4nio no gecon<\/a><\/strong><\/ul>\n","protected":false},"excerpt":{"rendered":"<p>| regimento interno do gecon | rela\u00e7\u00e3o de bens de patrim\u00f4nio no gecon<\/p>\n","protected":false},"author":192,"featured_media":0,"parent":0,"menu_order":0,"comment_status":"closed","ping_status":"closed","template":"","meta":{"footnotes":""},"class_list":["post-672","page","type-page","status-publish","hentry"],"jetpack_sharing_enabled":true,"_links":{"self":[{"href":"https:\/\/wp.ufpel.edu.br\/gecon\/wp-json\/wp\/v2\/pages\/672","targetHints":{"allow":["GET"]}}],"collection":[{"href":"https:\/\/wp.ufpel.edu.br\/gecon\/wp-json\/wp\/v2\/pages"}],"about":[{"href":"https:\/\/wp.ufpel.edu.br\/gecon\/wp-json\/wp\/v2\/types\/page"}],"author":[{"embeddable":true,"href":"https:\/\/wp.ufpel.edu.br\/gecon\/wp-json\/wp\/v2\/users\/192"}],"replies":[{"embeddable":true,"href":"https:\/\/wp.ufpel.edu.br\/gecon\/wp-json\/wp\/v2\/comments?post=672"}],"version-history":[{"count":6,"href":"https:\/\/wp.ufpel.edu.br\/gecon\/wp-json\/wp\/v2\/pages\/672\/revisions"}],"predecessor-version":[{"id":676,"href":"https:\/\/wp.ufpel.edu.br\/gecon\/wp-json\/wp\/v2\/pages\/672\/revisions\/676"}],"wp:attachment":[{"href":"https:\/\/wp.ufpel.edu.br\/gecon\/wp-json\/wp\/v2\/media?parent=672"}],"curies":[{"name":"wp","href":"https:\/\/api.w.org\/{rel}","templated":true}]}}