{"id":16,"date":"2012-05-18T18:35:28","date_gmt":"2012-05-18T21:35:28","guid":{"rendered":"https:\/\/wp.ufpel.edu.br\/gecon\/?page_id=16"},"modified":"2019-03-28T16:29:37","modified_gmt":"2019-03-28T19:29:37","slug":"equipe","status":"publish","type":"page","link":"https:\/\/wp.ufpel.edu.br\/gecon\/equipe\/","title":{"rendered":"| equipe"},"content":{"rendered":"<p><strong>| coordenador<\/strong><\/p>\n<p><strong>F\u00e1bio Kellermann Schramm<\/strong> [<a href=\"http:\/\/lattes.cnpq.br\/7919194064432490\" title=\"lattes f\u00e1bio\" target=\"_blank\" rel=\"noopener noreferrer\">Curr\u00edculo Lattes<\/a>]<br \/>\nArquiteto e Urbanista (UFPel), Especialista em Gest\u00e3o Empresarial (FURG), Mestre e Doutor em Engenharia (UFRGS), Professor Associado (UFPel)<br \/>\nemail: <a href=\"mailto:fabioks@ufpel.edu.br\" title=\"email fabio\">fabioks@ufpel.edu.br<\/a><\/p>\n<p><strong>| mestrandos<\/strong><\/p>\n<p><strong>Ana Luiza Coelho<\/strong> [<a href=\"http:\/\/lattes.cnpq.br\/3952814185871073\" title=\"lattes ana\" target=\"_blank\" rel=\"noopener noreferrer\">Curr\u00edculo Lattes<\/a>]<br \/>\nArquiteta e Urbanista (UCPel)<br \/>\nMestranda LABCEE\/GECON<br \/>\nemail: <a href=\"mailto:coelho.analuiza@hotmail.com\" title=\"email ana\">coelho.analuiza@hotmail.com<\/a><\/p>\n<p><strong>Barthira Leston Araujo<\/strong> [<a href=\"http:\/\/lattes.cnpq.br\/5712447114273273\" title=\"lattes barthira\" target=\"_blank\" rel=\"noopener noreferrer\">Curr\u00edculo Lattes<\/a>]<br \/>\nEngenheira Civil Empresarial (FURG)<br \/>\nMestranda GECON<br \/>\nemail: <a href=\"mailto:barthiraleston@gmail.com\" title=\"email barthira\">barthiraleston@gmail.com<\/a><\/p>\n<p><strong>Estefania Duarte Fagundes<\/strong> [<a href=\"http:\/\/lattes.cnpq.br\/7211166311463002\" title=\"lattes estefania\" target=\"_blank\" rel=\"noopener noreferrer\">Curr\u00edculo Lattes<\/a>]<br \/>\nEngenheira Civil (FURG)<br \/>\nMestranda GECON\/LABCEE<br \/>\nemail: <a href=\"mailto:estefania-fagundes@hotmail.com\" title=\"email estefania\">estefania-fagundes@hotmail.com<\/a><\/p>\n<p><strong>Gabriel Augusto Sehn Silva<\/strong> [<a href=\"http:\/\/lattes.cnpq.br\/8687841615398316\" title=\"lattes gabriel\" target=\"_blank\" rel=\"noopener noreferrer\">Curr\u00edculo Lattes<\/a>]<br \/>\nArquiteto e Urbanista (UFPel)<br \/>\nMestrando GECON<br \/>\nemail: <a href=\"mailto:arq.gabrielaugusto@gmail.com\" title=\"email gabriel\">arq.gabrielaugusto@gmail.com<\/a><\/p>\n<p><strong>N\u00e1tali Vergara Martins<\/strong> [<a href=\"http:\/\/lattes.cnpq.br\/2599500421569856\" title=\"lattes natal\" target=\"_blank\" rel=\"noopener noreferrer\">Curr\u00edculo Lattes<\/a>]<br \/>\nEngenheira Civil (UFPel)<br \/>\nPesquisadora Volunt\u00e1ria<br \/>\nemail: <a href=\"mailto:natvmartins@gmail.com\" title=\"email n\u00e1tali\">natvmartins@gmail.com<\/a><\/p>\n<p><strong>| bolsistas<\/strong><\/p>\n<p><strong>Dara Elisa Bandeira<\/strong> [<a href=\"http:\/\/lattes.cnpq.br\/0287754115619776\" title=\"lattes dara\" target=\"_blank\" rel=\"noopener noreferrer\">Curr\u00edculo Lattes<\/a>]<br \/>\nAcad\u00eamica de Arquitetura e Urbanismo (UFPel)<br \/>\nBolsista PBIP-AF\/UFPel<br \/>\nemail: <a href=\"mailto:bdaraelisa@gmail.com\" title=\"email dara\">bdaraelisa@gmail.com<\/a><\/p>\n<p><strong>| colaboradores<\/strong><\/p>\n","protected":false},"excerpt":{"rendered":"<p>| coordenador F\u00e1bio Kellermann Schramm [Curr\u00edculo Lattes] Arquiteto e Urbanista (UFPel), Especialista em Gest\u00e3o Empresarial (FURG), Mestre e Doutor em Engenharia (UFRGS), Professor Associado (UFPel) email: fabioks@ufpel.edu.br | mestrandos Ana Luiza Coelho [Curr\u00edculo Lattes] Arquiteta e Urbanista (UCPel) Mestranda LABCEE\/GECON &hellip;<\/p>\n<p class=\"read-more\"> <a class=\"\" href=\"https:\/\/wp.ufpel.edu.br\/gecon\/equipe\/\"> <span class=\"screen-reader-text\">| equipe<\/span> Read More &raquo;<\/a><\/p>\n","protected":false},"author":192,"featured_media":0,"parent":0,"menu_order":6,"comment_status":"closed","ping_status":"closed","template":"","meta":{"footnotes":""},"class_list":["post-16","page","type-page","status-publish","hentry"],"jetpack_sharing_enabled":true,"_links":{"self":[{"href":"https:\/\/wp.ufpel.edu.br\/gecon\/wp-json\/wp\/v2\/pages\/16","targetHints":{"allow":["GET"]}}],"collection":[{"href":"https:\/\/wp.ufpel.edu.br\/gecon\/wp-json\/wp\/v2\/pages"}],"about":[{"href":"https:\/\/wp.ufpel.edu.br\/gecon\/wp-json\/wp\/v2\/types\/page"}],"author":[{"embeddable":true,"href":"https:\/\/wp.ufpel.edu.br\/gecon\/wp-json\/wp\/v2\/users\/192"}],"replies":[{"embeddable":true,"href":"https:\/\/wp.ufpel.edu.br\/gecon\/wp-json\/wp\/v2\/comments?post=16"}],"version-history":[{"count":40,"href":"https:\/\/wp.ufpel.edu.br\/gecon\/wp-json\/wp\/v2\/pages\/16\/revisions"}],"predecessor-version":[{"id":722,"href":"https:\/\/wp.ufpel.edu.br\/gecon\/wp-json\/wp\/v2\/pages\/16\/revisions\/722"}],"wp:attachment":[{"href":"https:\/\/wp.ufpel.edu.br\/gecon\/wp-json\/wp\/v2\/media?parent=16"}],"curies":[{"name":"wp","href":"https:\/\/api.w.org\/{rel}","templated":true}]}}