{"id":112,"date":"2012-05-20T21:13:35","date_gmt":"2012-05-21T00:13:35","guid":{"rendered":"https:\/\/wp.ufpel.edu.br\/gecon\/?page_id=112"},"modified":"2017-02-21T22:16:28","modified_gmt":"2017-02-22T01:16:28","slug":"ensino","status":"publish","type":"page","link":"https:\/\/wp.ufpel.edu.br\/gecon\/ensino\/","title":{"rendered":"| ensino"},"content":{"rendered":"<p>O rol de disciplinas ministradas pelo GeCon est\u00e3o relacionadas ao ensino de gradua\u00e7\u00e3o e p\u00f3s-gradua\u00e7\u00e3o.<br \/>\nNa gradua\u00e7\u00e3o, s\u00e3o duas as disciplinas ministradas:<\/p>\n<ul>\n<strong>| <a href=\"http:\/\/avainstitucional.ufpel.edu.br\/course\/view.php?id=620\" title=\"gercon_ava\" target=\"_blank\">gerenciamento da constru\u00e7\u00e3o 1<\/strong><\/a><\/ul>\n<ul>\n<strong>| <a href=\"http:\/\/avainstitucional.ufpel.edu.br\/course\/view.php?id=620\" title=\"gercon_ava\" target=\"_blank\">gerenciamento da constru\u00e7\u00e3o 2<\/strong><\/a><\/ul>\n<p>J\u00e1 na p\u00f3s-gradua\u00e7\u00e3o, o GeCon \u00e9 respons\u00e1vel por uma disciplina: <\/p>\n<ul>\n<strong>| <a href=\"https:\/\/wp.ufpel.edu.br\/gecon\/ensino\/pos-graduacao\/gestao-do-processo-de-projeto-prograu\/\">gest\u00e3o do processo de projeto<\/strong><\/a><\/ul>\n","protected":false},"excerpt":{"rendered":"<p>O rol de disciplinas ministradas pelo GeCon est\u00e3o relacionadas ao ensino de gradua\u00e7\u00e3o e p\u00f3s-gradua\u00e7\u00e3o. Na gradua\u00e7\u00e3o, s\u00e3o duas as disciplinas ministradas: | gerenciamento da constru\u00e7\u00e3o 1 | gerenciamento da constru\u00e7\u00e3o 2 J\u00e1 na p\u00f3s-gradua\u00e7\u00e3o, o GeCon \u00e9 respons\u00e1vel por &hellip;<\/p>\n<p class=\"read-more\"> <a class=\"\" href=\"https:\/\/wp.ufpel.edu.br\/gecon\/ensino\/\"> <span class=\"screen-reader-text\">| ensino<\/span> Read More &raquo;<\/a><\/p>\n","protected":false},"author":192,"featured_media":0,"parent":0,"menu_order":2,"comment_status":"closed","ping_status":"closed","template":"","meta":{"footnotes":""},"class_list":["post-112","page","type-page","status-publish","hentry"],"jetpack_sharing_enabled":true,"_links":{"self":[{"href":"https:\/\/wp.ufpel.edu.br\/gecon\/wp-json\/wp\/v2\/pages\/112","targetHints":{"allow":["GET"]}}],"collection":[{"href":"https:\/\/wp.ufpel.edu.br\/gecon\/wp-json\/wp\/v2\/pages"}],"about":[{"href":"https:\/\/wp.ufpel.edu.br\/gecon\/wp-json\/wp\/v2\/types\/page"}],"author":[{"embeddable":true,"href":"https:\/\/wp.ufpel.edu.br\/gecon\/wp-json\/wp\/v2\/users\/192"}],"replies":[{"embeddable":true,"href":"https:\/\/wp.ufpel.edu.br\/gecon\/wp-json\/wp\/v2\/comments?post=112"}],"version-history":[{"count":5,"href":"https:\/\/wp.ufpel.edu.br\/gecon\/wp-json\/wp\/v2\/pages\/112\/revisions"}],"predecessor-version":[{"id":640,"href":"https:\/\/wp.ufpel.edu.br\/gecon\/wp-json\/wp\/v2\/pages\/112\/revisions\/640"}],"wp:attachment":[{"href":"https:\/\/wp.ufpel.edu.br\/gecon\/wp-json\/wp\/v2\/media?parent=112"}],"curies":[{"name":"wp","href":"https:\/\/api.w.org\/{rel}","templated":true}]}}