{"id":33,"date":"2014-09-13T10:16:12","date_gmt":"2014-09-13T13:16:12","guid":{"rendered":"https:\/\/wp.ufpel.edu.br\/gecapec\/?page_id=33"},"modified":"2017-12-06T10:37:34","modified_gmt":"2017-12-06T12:37:34","slug":"publicacoes","status":"publish","type":"page","link":"https:\/\/wp.ufpel.edu.br\/gecapec\/publicacoes\/","title":{"rendered":"Downloads e Publica\u00e7\u00f5es"},"content":{"rendered":"<p>DOWNLOADS<\/p>\n<p><a href=\"https:\/\/wp.ufpel.edu.br\/gecapec\/files\/2017\/12\/Manejo-da-vaca-de-corte.pdf\">Manejo da vaca de corte<\/a><\/p>\n<p><a href=\"https:\/\/wp.ufpel.edu.br\/gecapec\/files\/2014\/09\/Aula-de-carnes-e-carca\u00e7as-1.pdf\">aula-de-carnes-e-carcacas<\/a><\/p>\n<p><a href=\"https:\/\/wp.ufpel.edu.br\/gecapec\/files\/2014\/09\/Carca\u00e7as-bovinas-e-qualidade-de-carne-1.pdf\">carcacas-bovinas-e-qualidade-de-carne<\/a><\/p>\n<p><strong><a href=\"https:\/\/wp.ufpel.edu.br\/gecapec\/files\/2014\/09\/Alimentos-a-alimenta\u00e7\u00e3o-de-ruminates-manejo-pr\u00e1tico.pdf\">alimentos-a-alimentacao-de-ruminates-manejo-pratico<\/a><\/strong><\/p>\n<p><strong><a href=\"https:\/\/wp.ufpel.edu.br\/gecapec\/files\/2014\/09\/Sistema-de-produ\u00e7\u00e3o-e-estrutura-do-rebanho-1-1.pdf\">Sistema de produ\u00e7\u00e3o e estrutura do rebanho (1)<\/a><\/strong><\/p>\n<p>ARCO E SEAPA<\/p>\n<p><a href=\"https:\/\/wp.ufpel.edu.br\/gecapec\/files\/2015\/08\/Guia-pr\u00e1tico-do-Ovinocultor.pdf\">Guia pr\u00e1tico do Ovinocultor<\/a><\/p>\n<p>&nbsp;<\/p>\n<p><strong>ARTIGOS PUBLICADOS EM PERI\u00d3DICOS<\/strong><\/p>\n<p><strong>2017<\/strong><\/p>\n<p><a href=\"https:\/\/wp.ufpel.edu.br\/gecapec\/files\/2017\/12\/Costa_et_al._2017_-_Redvet_-_Desempenho_reprodutivo_e_produ\u00e7\u00e3o_de_l\u00e3_de_ovelhas_Corriedale.pdf\">Desempenho reprodutivo e produ\u00e7\u00e3o de l\u00e3 de ovelhas Corriedale<\/a><\/p>\n<p><a href=\"https:\/\/wp.ufpel.edu.br\/gecapec\/files\/2017\/12\/Breed-and-carcss-characteristics-on-losses-by-bruises-and-meat-ph-in-steers-and-culling-cows.pdf\">Breed and carcss characteristics on losses by bruises and meat ph in steers and culling cows<\/a><\/p>\n<p><a href=\"https:\/\/wp.ufpel.edu.br\/gecapec\/files\/2017\/12\/Redvet-F\u00e1baceas-forrageiras-de-esta\u00e7\u00e3o-quente-no-RS.pdf\">F\u00e1baceas forrageiras de esta\u00e7\u00e3o quente no estado do\u00a0 Rio Grande do Sul, Brasil<\/a><\/p>\n<p><a href=\"https:\/\/wp.ufpel.edu.br\/gecapec\/files\/2017\/12\/Redvet-Efeitos-associativos.-Consequ\u00eancias-da-suplementa\u00e7\u00e3o-concentrada-em-ruminantes.pdf\">Efeitos associativos. Consequ\u00eancias da suplementa\u00e7\u00e3o concentrada em ruminantes<\/a><\/p>\n<p><a href=\"https:\/\/wp.ufpel.edu.br\/gecapec\/files\/2017\/12\/Redvet-Caracter\u00edsticas-comportamentais-dos-bovinos.-Aspectos-b\u00e1sicos-aprendizagem-e-fatores-que-efetam.pdf\">Caracter\u00edsticas comportamentais dos bovinos. Aspectos b\u00e1sicos,\u00a0 processos de aprendizagem e fatores que as afetam<\/a><\/p>\n<p><a href=\"https:\/\/wp.ufpel.edu.br\/gecapec\/files\/2017\/12\/Redvet-Carne-bovina-percep\u00e7\u00f5es-do-consumidor.pdf\">Carne bovina: percep\u00e7\u00f5es do consumidor frente ao bem-estar animal<\/a><\/p>\n<p><a href=\"https:\/\/wp.ufpel.edu.br\/gecapec\/files\/2017\/12\/Redvet-Efeito-da-fertiliza\u00e7\u00e3o-foliar.pdf\">Efeito da fertiliza\u00e7\u00e3o foliar sobre a produ\u00e7\u00e3o de biomassa e absor\u00e7\u00e3o de nutrientes na grama tanner<\/a><\/p>\n<p><a href=\"https:\/\/wp.ufpel.edu.br\/gecapec\/files\/2017\/12\/Otoniel_AZ_Leaf-area-determination-by-digital-image-analysis.pdf\">Leaf area determination by digital image analysis<\/a><\/p>\n<p><a href=\"https:\/\/wp.ufpel.edu.br\/gecapec\/files\/2017\/12\/Jaque-Acta.pdf\">Perfomance efficciency of pasture-raised primiparous beef cows of three different biotypes and two milk production levels<\/a><\/p>\n<p><a href=\"https:\/\/wp.ufpel.edu.br\/gecapec\/files\/2017\/12\/Indicadores-financeiros-determin\u00edsticos-e-custos-de-produ\u00e7\u00e3o-do-confinamento-de-bovinos-no-Rio-Grande-do-Sul-Brasil.pdf\">Indicadores financeiros determin\u00edsticos e custos de produ\u00e7\u00e3o do confinamento de bovinos no Rio Grande do Sul-Brasil<\/a><\/p>\n<p><a href=\"https:\/\/wp.ufpel.edu.br\/gecapec\/files\/2017\/12\/AN\u00c1LISE-DE-CUSTOS-RECEITAS-E-PONTO-DE-EQUIL\u00cdBRIO-DOS-SISTEMAS-DE-PRODU\u00c7\u00c3O-DE-BEZERROS-NO-RIO-GRANDE-DO-SUL.pdf\">AN\u00c1LISE DE CUSTOS, RECEITAS E PONTO DE EQUIL\u00cdBRIO DOS SISTEMAS DE PRODU\u00c7\u00c3O DE BEZERROS NO RIO GRANDE DO SUL<\/a><\/p>\n<p>EFICI\u00caNCIA PRODUTIVA DE OVELHAS COM DIFERENTES CARACTER\u00cdSTICAS CONFORMACIONAIS SOB PASTEJO\u00a0 <a href=\"https:\/\/wp.ufpel.edu.br\/gecapec\/files\/2014\/09\/Ver\u00f4nica-CAB.pdf\">Ver\u00f4nica CAB<\/a><\/p>\n<p>Amendoim forrageiro manejado com baixos res\u00edduos de pastejo por ovinos\u00a0<a href=\"https:\/\/wp.ufpel.edu.br\/gecapec\/files\/2014\/09\/Alonzo-ABMVZ.pdf\">Alonzo &#8211; ABMVZ<\/a><\/p>\n<p>EFIC\u00c1CIA ANTI-HELM\u00cdNTICA COMPARATIVA DO NITROXINIL, LEVAMISOL, CLOSANTEL, MOXIDECTINA E FENBENDAZOLE NO CONTROLE PARASIT\u00c1RIO EM OVINOS \u00a0<a href=\"https:\/\/wp.ufpel.edu.br\/gecapec\/files\/2014\/09\/Pablo-BIA.pdf\">Pablo BIA<\/a><\/p>\n<p><strong>2016<\/strong><\/p>\n<p>Grupo gen\u00e9tico e presen\u00e7a de chifres em contus\u00f5es e perdas econ\u00f4micas em carca\u00e7as bovinas: \u00a0<a href=\"https:\/\/wp.ufpel.edu.br\/gecapec\/files\/2014\/09\/Grupo-Gen\u00e9tico-e-presen\u00e7a-de-chifres-em-contus\u00f5es-e-perdas-econ\u00f4micas-em-carca\u00e7as-bovinas.pdf\">grupo-genetico-e-presenca-de-chifres-em-contusoes-e-perdas-economicas-em-carcacas-bovinas<\/a><\/p>\n<p>Pre-slaughtering factors related to bruises on cattle carcasses \u00a0 :\u00a0http:\/\/www.publish.csiro.au\/AN\/AN16177<\/p>\n<p>Genetic models for breed quality and navel development scores and its associations with traits in beef cattle:\u00a0http:\/\/link.springer.com\/article\/10.1007\/s11250-016-1143-1<\/p>\n<p>PRODUCTIVE EFFICIENCY OF PRIMIPAROUS ABERDEEN ANGUS COWS:\u00a0<a href=\"https:\/\/wp.ufpel.edu.br\/gecapec\/files\/2014\/09\/PRODUCTIVE-EFFICIENCY-OF-PRIMIPAROUS-ABERDEEN-ANGUS-COWS.pdf\">productive-efficiency-of-primiparous-aberdeen-angus-cows<\/a><\/p>\n<p><a href=\"https:\/\/wp.ufpel.edu.br\/gecapec\/files\/2014\/09\/Grupo-gen\u00e9tico-e-heterose-sobre-medidas-morfom\u00e9tricas-durante-o-crescimento-de-bovinos-de-corte-machos.pdf\">Grupo gen\u00e9tico e heterose sobre medidas morfom\u00e9tricas durante o crescimento de bovinos de corte machos: grupo-gen\u00e9tico-e-heterose-sobre-medidas-morfometricas-durante-o-crescimento-de-bovinos-de-corte-machos<\/a><\/p>\n<p><a href=\"https:\/\/wp.ufpel.edu.br\/gecapec\/files\/2014\/09\/Fatores-que-afetam-o-bem-estar-de-bovinos-durante-o-pr\u00e9-abate.pdf\">Fatores que afetam o bem-estar de bovinos durante o pr\u00e9-abate<\/a><\/p>\n<p><a href=\"https:\/\/wp.ufpel.edu.br\/gecapec\/files\/2014\/09\/Desempenho-produtivo-e-qualidade-da-carca\u00e7a-de-cordeiros-avaliados-em-dois-sistemas-alimentares.pdf\">Desempenho produtivo e qualidade da carca\u00e7a de cordeiros avaliados em dois sistemas alimentares<\/a><\/p>\n<p><a href=\"https:\/\/wp.ufpel.edu.br\/gecapec\/files\/2014\/09\/Pastagens-naturais-e-cultivadas-no-desempenho-de-vacas-de-corte-de-diferentes-grupos-gen\u00e9ticos.pdf\">Pastagens naturais e cultivadas no desempenho de vacas de corte de diferentes grupos gen\u00e9ticos<\/a><\/p>\n<p><strong>2014<\/strong><\/p>\n<p><a href=\"https:\/\/wp.ufpel.edu.br\/gecapec\/files\/2014\/09\/Qualidade-da-carca\u00e7a-e-da-carne-de-bovinos-superjovens-de-diferentes-grupos-gen\u00e9ticos.pdf\">Qualidade da carca\u00e7a e da carne de bovinos superjovens de diferentes grupos gen\u00e9ticos<\/a><\/p>\n<p><a href=\"https:\/\/wp.ufpel.edu.br\/gecapec\/files\/2014\/09\/Fatness-Beef-Cattle-Purchase-Transactions-Study-in-a-Abattoir-Firm-in-the-Rio.pdf\">Fatness Beef Cattle Purchase Transactions Study in a Abattoir Firm in the Rio<\/a><\/p>\n<p><a href=\"https:\/\/wp.ufpel.edu.br\/gecapec\/files\/2014\/09\/Use-of-the-correlation-between-input-variables-in-estimating.pdf\">Use of the correlation between input variables in estimating<\/a><\/p>\n<p><a href=\"https:\/\/wp.ufpel.edu.br\/gecapec\/files\/2014\/09\/Produtividade-e-efici\u00eancia-de-produ\u00e7\u00e3o-de-vacas-de-diferentes-grupos.pdf\">Produtividade e efici\u00eancia de produ\u00e7\u00e3o de vacas de diferentes grupos<\/a><\/p>\n<p><a href=\"https:\/\/wp.ufpel.edu.br\/gecapec\/files\/2014\/09\/AN\u00c1LISE-DE-EFICI\u00caNCIA-ECON\u00d4MICA-DE-SISTEMAS-DE-CRIA-COM.pdf\">AN\u00c1LISE DE EFICI\u00caNCIA ECON\u00d4MICA DE SISTEMAS DE CRIA COM<\/a><\/p>\n<p><a href=\"https:\/\/wp.ufpel.edu.br\/gecapec\/files\/2014\/09\/Risk-assessment-of-finishing-beef-cattle-in-feedlot-slaughter-weights-and.pdf\">Risk assessment of finishing beef cattle in feedlot slaughter weights and<\/a><\/p>\n<p>&nbsp;<\/p>\n<p><strong>2013<\/strong><\/p>\n<p><a href=\"https:\/\/wp.ufpel.edu.br\/gecapec\/files\/2014\/09\/PRODU\u00c7\u00c3O-DE-BOVINOS-DE-CORTE-EM-PASTAGEM-DE-AVEIA1.pdf\">PRODU\u00c7\u00c3O DE BOVINOS DE CORTE EM PASTAGEM DE AVEIA<\/a><\/p>\n<p><a href=\"https:\/\/wp.ufpel.edu.br\/gecapec\/files\/2014\/09\/Desempenho-em-confinamento-de-machos-bovinos-superjovens-de.pdf\">Desempenho em confinamento de machos bovinos superjovens de<\/a><\/p>\n<p><a href=\"https:\/\/wp.ufpel.edu.br\/gecapec\/files\/2014\/09\/Performance-of-Braford-steers-grazing-on-cultivated-pastures-and-fed-or-not-fed-an-energy-supplement.pdf\">Performance of Braford steers grazing on cultivated pastures and fed or not fed an energy supplement<\/a><\/p>\n<p>&nbsp;<\/p>\n<p><strong>2012<\/strong><\/p>\n<p>GEST\u00c3O E PLANEJAMENTO EM PECU\u00c1RIA DE CORTE<\/p>\n<p><a href=\"https:\/\/wp.ufpel.edu.br\/gecapec\/files\/2014\/09\/Economical-Analysis-and-Commercial-Cuts-Yields-of.pdf\">Economical Analysis and Commercial Cuts Yields of<\/a><\/p>\n<p><a href=\"https:\/\/wp.ufpel.edu.br\/gecapec\/files\/2014\/09\/Viabilidade-econ\u00f4mica-da-termina\u00e7\u00e3o-em-confinamento-de-novilhos.pdf\">Viabilidade econ\u00f4mica da termina\u00e7\u00e3o em confinamento de novilhos<\/a><\/p>\n<p><a href=\"https:\/\/wp.ufpel.edu.br\/gecapec\/files\/2014\/09\/GANHO-DE-PESO-PR\u00c9-E-P\u00d3S-DESMAME-NO-DESEMPENHO.pdf\">GANHO DE PESO PR\u00c9 E P\u00d3S-DESMAME NO DESEMPENHO<\/a><\/p>\n<p><a href=\"https:\/\/wp.ufpel.edu.br\/gecapec\/files\/2014\/09\/CARACTER\u00cdSTICAS-DE-CARCA\u00c7A-E-BIOMETRIA-TESTICULAR.pdf\">CARACTER\u00cdSTICAS DE CARCA\u00c7A E BIOMETRIA TESTICULAR<\/a><\/p>\n<p><a href=\"https:\/\/wp.ufpel.edu.br\/gecapec\/files\/2014\/09\/Desempenho-de-novilhas-de-corte-at\u00e9-o-parto-recebendo-diferentes-n\u00edveis-de-suplementa\u00e7\u00e3o-durante-o-per\u00edodo-reprodutivo-aos-14-meses-de-idade.pdf\">Desempenho de novilhas de corte at\u00e9 o parto recebendo diferentes n\u00edveis de suplementa\u00e7\u00e3o durante o per\u00edodo reprodutivo, aos 14 meses de idade<\/a><\/p>\n<p><a href=\"https:\/\/wp.ufpel.edu.br\/gecapec\/files\/2014\/09\/Natural-and-improved-pastures-on-growth-and-reproductive-performance-of-Hereford-heifers.pdf\">Natural and improved pastures on growth and reproductive performance of Hereford heifers<\/a><\/p>\n<p><a href=\"https:\/\/wp.ufpel.edu.br\/gecapec\/files\/2014\/09\/AN\u00c1LISE-ECON\u00d4MICA-RENDIMENTOS-DE-CARCA\u00c7A-E-DOS.pdf\">AN\u00c1LISE ECON\u00d4MICA, RENDIMENTOS DE CARCA\u00c7A E DOS<\/a><\/p>\n<p>&nbsp;<\/p>\n<p><strong>2011<\/strong><\/p>\n<p><a href=\"https:\/\/wp.ufpel.edu.br\/gecapec\/files\/2014\/09\/CARACTER\u00cdSTICAS-DA-CARCA\u00c7A-DE-NOVILHOS-DESMAMADOS-AOS-911.pdf\">CARACTER\u00cdSTICAS DA CARCA\u00c7A DE NOVILHOS DESMAMADOS AOS 91<\/a><\/p>\n<p><a href=\"https:\/\/wp.ufpel.edu.br\/gecapec\/files\/2014\/09\/Carcass-boneless-yield-of-Braford-steers-classified-according-to-fat-coverage-class1.pdf\">Carcass boneless yield of Braford steers, classified according to fat coverage class<\/a><\/p>\n<p><a href=\"https:\/\/wp.ufpel.edu.br\/gecapec\/files\/2014\/09\/Desenvolvimento-de-bezerros-de-corte-desmamados-aos-80-ou-152-dias-at\u00e9-os-15-16-meses-de-idade.pdf\">Desenvolvimento de bezerros de corte desmamados aos 80 ou 152 dias at\u00e9 os 15-16 meses de idade<\/a><\/p>\n<p><a href=\"https:\/\/wp.ufpel.edu.br\/gecapec\/files\/2014\/09\/Rela\u00e7\u00f5es-comerciais-entre-produtor-ind\u00fastria-e-varejo-e-as-implica\u00e7\u00f5es-na-diferencia\u00e7\u00e3o-e-precifica\u00e7\u00e3o-de-carne-e-produtos-bovinos-n\u00e3o-carca\u00e7a.pdf\">Rela\u00e7\u00f5es comerciais entre produtor, ind\u00fastria e varejo e as implica\u00e7\u00f5es na diferencia\u00e7\u00e3o e precifica\u00e7\u00e3o de carne e produtos bovinos n\u00e3o-carca\u00e7a<\/a><\/p>\n<p>&nbsp;<\/p>\n<p><strong>2010<\/strong><\/p>\n<p><a href=\"https:\/\/wp.ufpel.edu.br\/gecapec\/files\/2014\/09\/Efeito-da-idade-do-desmame-no-desenvolvimento-de-novilhas-de-corte-at\u00e9.pdf\">Efeito da idade do desmame no desenvolvimento de novilhas de corte at\u00e9<\/a><\/p>\n<p><a href=\"https:\/\/wp.ufpel.edu.br\/gecapec\/files\/2014\/09\/EFEITOS-DA-ALTURA-DE-COLHEITA-DA-SILAGEM-DE-MILHO-E-DO-N\u00cdVEL.pdf\">EFEITOS DA ALTURA DE COLHEITA DA SILAGEM DE MILHO E DO N\u00cdVEL<\/a><\/p>\n<p><a href=\"https:\/\/wp.ufpel.edu.br\/gecapec\/files\/2014\/09\/Beef-cuts-yield-of-steer-carcasses-graded-according-to-conformation-and1.pdf\">Beef cuts yield of steer carcasses graded according to conformation and<\/a><\/p>\n<p><a href=\"https:\/\/wp.ufpel.edu.br\/gecapec\/files\/2014\/09\/Efeito-da-idade-de-desmame-no-desempenho-reprodutivo-de-novilhas-de.pdf\">Efeito da idade de desmame no desempenho reprodutivo de novilhas de<\/a><\/p>\n<p><a href=\"https:\/\/wp.ufpel.edu.br\/gecapec\/files\/2014\/09\/Effects-of-the-weaning-age-of-calves-on-somatic-development-and-on.pdf\">Effects of the weaning age of calves on somatic development and on<\/a><\/p>\n<p><a href=\"https:\/\/wp.ufpel.edu.br\/gecapec\/files\/2014\/09\/Influence-of-weaning-age-on-the-reproductive-efficiency-of-primiparous-cows.pdf\">Influence of weaning age on the reproductive efficiency of primiparous cows<\/a><\/p>\n<p><a href=\"https:\/\/wp.ufpel.edu.br\/gecapec\/files\/2014\/09\/Productivity-and-efficiency-of-cow-herds-submitted-to-two-weaning-ages.pdf\">Productivity and efficiency of cow herds submitted to two weaning ages<\/a><\/p>\n<p>&nbsp;<\/p>\n<p><strong>2009<\/strong><\/p>\n<p><a href=\"https:\/\/wp.ufpel.edu.br\/gecapec\/files\/2014\/09\/DESENVOLVIMENTO-E-DESEMPENHO-REPRODUTIVO-DE-NOVILHAS-DE-CORTE.pdf\">DESENVOLVIMENTO E DESEMPENHO REPRODUTIVO DE NOVILHAS DE CORTE<\/a><\/p>\n<p><a href=\"https:\/\/wp.ufpel.edu.br\/gecapec\/files\/2014\/09\/Meat-yield-of-culled-cow-and-steer-carcasses.pdf\">Meat yield of culled cow and steer carcasses<\/a><\/p>\n<p>&nbsp;<\/p>\n<p><strong>2005<\/strong><\/p>\n<p><a href=\"https:\/\/wp.ufpel.edu.br\/gecapec\/files\/2014\/09\/Grupo-Gen\u00e9tico-e-Heterose-na-Produ\u00e7\u00e3o-de-Leite-de-Vacas-de-Corte-Submetidas-a.pdf\">Grupo Gen\u00e9tico e Heterose na Produ\u00e7\u00e3o de Leite de Vacas de Corte Submetidas a<\/a><\/p>\n<p>&nbsp;<\/p>\n<p><strong>2004<\/strong><\/p>\n<p><a href=\"https:\/\/wp.ufpel.edu.br\/gecapec\/files\/2014\/09\/Ganho-de-Peso-Antes-e-Ap\u00f3s-os-Sete-Meses-no-Desenvolvimento-e.pdf\">Ganho de Peso Antes e Ap\u00f3s os Sete Meses no Desenvolvimento e<\/a><\/p>\n<p><a href=\"https:\/\/wp.ufpel.edu.br\/gecapec\/files\/2014\/09\/Efici\u00eancia-Biol\u00f3gica-de-Vacas-de-Dois-Grupos-Gen\u00e9ticos-Amamentando-Bezerros-Puros.pdf\">Efici\u00eancia Biol\u00f3gica de Vacas de Dois Grupos Gen\u00e9ticos Amamentando Bezerros Puros<\/a><\/p>\n<p>&nbsp;<\/p>\n<p><strong>2002<\/strong><\/p>\n<p><a href=\"https:\/\/wp.ufpel.edu.br\/gecapec\/files\/2014\/09\/Caracter\u00edsticas-de-Carca\u00e7a-e-da-Carne-de-Novilhos-Filhos-de-Vacas-1.2-Nelore1.pdf\">Caracter\u00edsticas de Carca\u00e7a e da Carne de Novilhos Filhos de Vacas 1.2 Nelore<\/a><\/p>\n<p><a href=\"https:\/\/wp.ufpel.edu.br\/gecapec\/files\/2014\/09\/Efeitos-de-Ra\u00e7a-e-Heterose-na-Composi\u00e7\u00e3o-F\u00edsica-da-Carca\u00e7a-e-na-Qualidade-da-Carne-de-Novilhos-da-Primeira-Gera\u00e7\u00e3o-de-Cruzamento-entre-Charol\u00eas-e-Nelore.pdf\">Efeitos de Ra\u00e7a e Heterose na Composi\u00e7\u00e3o F\u00edsica da Carca\u00e7a e na Qualidade da Carne de Novilhos da Primeira Gera\u00e7\u00e3o de Cruzamento entre Charol\u00eas e Nelore<\/a><\/p>\n<p><a href=\"https:\/\/wp.ufpel.edu.br\/gecapec\/files\/2014\/09\/Suplementa\u00e7\u00e3o-Energ\u00e9tica-sobre-a-Qualidade-da-Carca\u00e7a-e-da-Carne-de-Vacas-de.pdf\">Suplementa\u00e7\u00e3o Energ\u00e9tica sobre a Qualidade da Carca\u00e7a e da Carne de Vacas de<\/a><\/p>\n<p>&nbsp;<\/p>\n<p><strong>2001<\/strong><\/p>\n<p><a href=\"https:\/\/wp.ufpel.edu.br\/gecapec\/files\/2014\/09\/Desempenho-de-Vacas-Charol\u00eas-e-Nelore-Desterneiradas-aos-Tr\u00eas-ou-Sete-Meses.pdf\">Desempenho de Vacas Charol\u00eas e Nelore Desterneiradas aos Tr\u00eas ou Sete Meses<\/a><\/p>\n<p>&nbsp;<\/p>\n<p><strong>1999<\/strong><\/p>\n<p><a href=\"https:\/\/wp.ufpel.edu.br\/gecapec\/files\/2014\/09\/EFEITO-DO-DESMAME-PRECOCE-NA-CARCA\u00c7A-DE-NOVILHOS.pdf\">EFEITO DO DESMAME PRECOCE NA CARCA\u00c7A DE NOVILHOS<\/a><\/p>\n<p><a href=\"https:\/\/wp.ufpel.edu.br\/gecapec\/files\/2014\/09\/Desenvolvimento-de-Bovinos-de-Corte-de-Diferentes-Grupos-Gen\u00e9ticos-Desmamados-aos-3-ou-7-meses-de-Idade.pdf\">Desenvolvimento de Bovinos de Corte de Diferentes Grupos Gen\u00e9ticos Desmamados aos 3 ou 7 meses de Idade<\/a><\/p>\n<p>&nbsp;<\/p>\n<p><strong>TRABALHOS PUBLICADOS EM ANAIS DE EVENTOS<\/strong><\/p>\n<p><strong>2016<\/strong><\/p>\n<p><a href=\"https:\/\/wp.ufpel.edu.br\/gecapec\/files\/2014\/09\/Caracteriza\u00e7\u00e3o-racial-grau-de-gordura-e-maturidade-no-pH-de-carca\u00e7as-bovinas-de-machos-castrados-e-f\u00eameas-de-descarte.pdf\">Caracteriza\u00e7\u00e3o racial, grau de gordura e maturidade no pH de carca\u00e7as bovinas de machos castrados e f\u00eameas de descarte<\/a><\/p>\n<p><a href=\"https:\/\/wp.ufpel.edu.br\/gecapec\/files\/2014\/09\/Certifica\u00e7\u00e3o-e-desclassifica\u00e7\u00e3o-de-f\u00eameas-bovinas-ao-Programa-Carne-Angus.pdf\">Certifica\u00e7\u00e3o e desclassifica\u00e7\u00e3o de f\u00eameas bovinas ao Programa Carne Angus<\/a><\/p>\n<p><a href=\"https:\/\/wp.ufpel.edu.br\/gecapec\/files\/2014\/09\/Efici\u00eancia-produtiva-de-ovelhas-com-diferentes-tamanhos-corporais.pdf\">Efici\u00eancia produtiva de ovelhas com diferentes tamanhos corporais<\/a><\/p>\n<p><a href=\"https:\/\/wp.ufpel.edu.br\/gecapec\/files\/2014\/09\/Ganho-de-peso-n\u00edveis-de-glicose-sangu\u00ednea-e-qualidade-da-l\u00e3-de-ovelhas-manejadas-no-ter\u00e7o-final-da-gesta\u00e7\u00e3o-em-pastagens-hibernais.pdf\">Ganho de peso, n\u00edveis de glicose sangu\u00ednea e qualidade da l\u00e3 de ovelhas manejadas no ter\u00e7o final da gesta\u00e7\u00e3o em pastagens hibernais<\/a><\/p>\n<p><a href=\"https:\/\/wp.ufpel.edu.br\/gecapec\/files\/2014\/09\/Caracteriza\u00e7\u00e3o-racial-grau-de-gordura-e-maturidade-nas-perdas-por-contus\u00f5es-em-carca\u00e7as-bovinas-de-machos-castrados.pdf\">Caracteriza\u00e7\u00e3o racial, grau de gordura e maturidade nas perdas por contus\u00f5es em carca\u00e7as bovinas de machos castrados<\/a><\/p>\n<p><a href=\"https:\/\/wp.ufpel.edu.br\/gecapec\/files\/2014\/09\/Desenvolvimento-e-desempenho-reprodutivo-de-novilhas-Hereford-de-diferentes-tamanhos-corporais.pdf\">Desenvolvimento e desempenho reprodutivo de novilhas Hereford de diferentes tamanhos corporais<\/a><\/p>\n<p><a href=\"https:\/\/wp.ufpel.edu.br\/gecapec\/files\/2014\/09\/Grupo-gen\u00e9tico-e-heterose-sobre-o-aumento-das-medidas-morfom\u00e9tricas-durante-o-crescimento-de-bovinos-machos.pdf\">Grupo gen\u00e9tico e heterose sobre o aumento das medidas morfom\u00e9tricas durante o crescimento de bovinos machos<\/a><\/p>\n<p><a href=\"https:\/\/wp.ufpel.edu.br\/gecapec\/files\/2014\/09\/Medidas-Morfom\u00e9tricas-e-ganho-de-peso-corporal-de-novilhas-de-corte-de-diferentes-condi\u00e7\u00f5es-sexuais.pdf\">Medidas Morfom\u00e9tricas e ganho de peso corporal de novilhas de corte de diferentes condi\u00e7\u00f5es sexuais<\/a><\/p>\n<p><strong>2015<\/strong><\/p>\n<p><a href=\"https:\/\/wp.ufpel.edu.br\/gecapec\/files\/2014\/09\/FATORES-DE-RISCO-PARA-OCORR\u00caNCIA-DE-LES\u00d5ES-EM-CARCA\u00c7AS-BOVINAS.-2-\u2013-MANEJO-E-INSTALA\u00c7\u00d5ES.pdf\" target=\"_blank\" rel=\"noopener noreferrer\">FATORES DE RISCO PARA OCORR\u00caNCIA DE LES\u00d5ES EM CARCA\u00c7AS BOVINAS. 2 \u2013 MANEJO E INSTALA\u00c7\u00d5ES<\/a><\/p>\n<p><a href=\"https:\/\/wp.ufpel.edu.br\/gecapec\/files\/2014\/09\/FATORES-DE-RISCO-PARA-OCORR\u00caNCIA-DE-LES\u00d5ES-EM-CARCA\u00c7AS-BOVINAS.-3-\u2013-CAMINH\u00c3O-E-DENSIDADE.pdf\" target=\"_blank\" rel=\"noopener noreferrer\">FATORES DE RISCO PARA OCORR\u00caNCIA DE LES\u00d5ES EM CARCA\u00c7AS BOVINAS. 3 \u2013 CAMINH\u00c3O E DENSIDADE<\/a><\/p>\n<p><a href=\"https:\/\/wp.ufpel.edu.br\/gecapec\/files\/2014\/09\/FATORES-DE-RISCO-PARA-OCORR\u00caNCIA-DE-LES\u00d5ES-EM-CARCA\u00c7AS-BOVINAS.-1-\u2013-TEMPO-E-DIST\u00c2NCIA-DE-TRANSPORTE.pdf\" target=\"_blank\" rel=\"noopener noreferrer\">FATORES DE RISCO PARA OCORR\u00caNCIA DE LES\u00d5ES EM CARCA\u00c7AS BOVINAS. 1 \u2013 TEMPO E DIST\u00c2NCIA DE TRANSPORTE<\/a><\/p>\n<p><strong>2014<\/strong><\/p>\n<p><a href=\"https:\/\/wp.ufpel.edu.br\/gecapec\/files\/2014\/09\/EFEITO-DO-SEXO-DOS-ANIMAIS-SOBRE-A-OCORR\u00caNCIA-DE-CONTUS\u00d5ES-EM-CARCA\u00c7AS-BOVINAS.pdf\">EFEITO DO SEXO DOS ANIMAIS SOBRE A OCORR\u00caNCIA DE CONTUS\u00d5ES EM CARCA\u00c7AS BOVINAS<\/a><\/p>\n<p>&nbsp;<\/p>\n<p><strong>2013<\/strong><\/p>\n<p><a href=\"https:\/\/wp.ufpel.edu.br\/gecapec\/files\/2014\/09\/EFICI\u00caNCIA-PREDITIVA-DE-DIFERENTES-PROCEDIMENTOS-APLICADOS-\u00c0-AN\u00c1LISE-DE-IMAGENS-PARA-MENSURAR-A-GORDURA-INTRAMUSCULAR-NA-CARNE-BOVINA.pdf\">EFICI\u00caNCIA PREDITIVA DE DIFERENTES PROCEDIMENTOS APLICADOS \u00c0 AN\u00c1LISE DE IMAGENS PARA MENSURAR A GORDURA INTRAMUSCULAR NA CARNE BOVINA<\/a><\/p>\n<p><strong>2012<\/strong><\/p>\n<p><a href=\"https:\/\/wp.ufpel.edu.br\/gecapec\/files\/2014\/09\/FATORES-PR\u00c9-ABATE-RELACIONADOS-AOS-EDEMAS-EM-CARCA\u00c7AS-BOVINAS-NO-RIO-GRANDE-DO-SUL.-4-\u2013-REGI\u00d5ES-DOS-ANIMAIS-E-MANEJO-DE-EMBARQUE.pdf\">FATORES PR\u00c9-ABATE RELACIONADOS AOS EDEMAS EM CARCA\u00c7AS BOVINAS NO RIO GRANDE DO SUL. 4 \u2013 REGI\u00d5ES DOS ANIMAIS E MANEJO DE EMBARQUE<\/a><\/p>\n<p>&nbsp;<\/p>\n","protected":false},"excerpt":{"rendered":"<p>DOWNLOADS Manejo da vaca de corte aula-de-carnes-e-carcacas carcacas-bovinas-e-qualidade-de-carne alimentos-a-alimentacao-de-ruminates-manejo-pratico Sistema de produ\u00e7\u00e3o e estrutura do rebanho (1) ARCO E SEAPA Guia pr\u00e1tico do Ovinocultor &nbsp; ARTIGOS PUBLICADOS EM PERI\u00d3DICOS 2017 Desempenho reprodutivo e produ\u00e7\u00e3o de l\u00e3 de ovelhas Corriedale Breed and carcss characteristics on losses by bruises and meat ph in steers and culling cows &hellip; <a href=\"https:\/\/wp.ufpel.edu.br\/gecapec\/publicacoes\/\" class=\"more-link\">Continue lendo <span class=\"screen-reader-text\">Downloads e Publica\u00e7\u00f5es<\/span> <span class=\"meta-nav\">&rarr;<\/span><\/a><\/p>\n","protected":false},"author":382,"featured_media":0,"parent":0,"menu_order":0,"comment_status":"closed","ping_status":"closed","template":"","meta":{"footnotes":""},"class_list":["post-33","page","type-page","status-publish","hentry"],"_links":{"self":[{"href":"https:\/\/wp.ufpel.edu.br\/gecapec\/wp-json\/wp\/v2\/pages\/33","targetHints":{"allow":["GET"]}}],"collection":[{"href":"https:\/\/wp.ufpel.edu.br\/gecapec\/wp-json\/wp\/v2\/pages"}],"about":[{"href":"https:\/\/wp.ufpel.edu.br\/gecapec\/wp-json\/wp\/v2\/types\/page"}],"author":[{"embeddable":true,"href":"https:\/\/wp.ufpel.edu.br\/gecapec\/wp-json\/wp\/v2\/users\/382"}],"replies":[{"embeddable":true,"href":"https:\/\/wp.ufpel.edu.br\/gecapec\/wp-json\/wp\/v2\/comments?post=33"}],"version-history":[{"count":60,"href":"https:\/\/wp.ufpel.edu.br\/gecapec\/wp-json\/wp\/v2\/pages\/33\/revisions"}],"predecessor-version":[{"id":294,"href":"https:\/\/wp.ufpel.edu.br\/gecapec\/wp-json\/wp\/v2\/pages\/33\/revisions\/294"}],"wp:attachment":[{"href":"https:\/\/wp.ufpel.edu.br\/gecapec\/wp-json\/wp\/v2\/media?parent=33"}],"curies":[{"name":"wp","href":"https:\/\/api.w.org\/{rel}","templated":true}]}}