{"id":29,"date":"2014-09-13T10:15:56","date_gmt":"2014-09-13T13:15:56","guid":{"rendered":"https:\/\/wp.ufpel.edu.br\/gecapec\/?page_id=29"},"modified":"2015-07-13T10:03:09","modified_gmt":"2015-07-13T13:03:09","slug":"parceiros","status":"publish","type":"page","link":"https:\/\/wp.ufpel.edu.br\/gecapec\/parceiros\/","title":{"rendered":"Parceiros"},"content":{"rendered":"<p>Empresa Brasileira de Pesquisa Agropecu\u00e1ria &#8211;\u00a0EMBRAPA<\/p>\n<p><a href=\"http:\/\/www.embrapa.br\/pecuaria-sul\" target=\"_blank\">www.embrapa.br\/pecuaria-sul<\/a><\/p>\n<p><a href=\"https:\/\/www.embrapa.br\/clima-temperado\/infraestrutura\/etb\" target=\"_blank\">https:\/\/www.embrapa.br\/clima-temperado\/infraestrutura\/etb<\/a><\/p>\n<p>&nbsp;<\/p>\n<p>Frigor\u00edfico Silva Ind\u00fastria e Com\u00e9rcio<\/p>\n<p><a href=\"http:\/\/www.frigorificosilva.com.br\/site\/content\/home\/\" target=\"_blank\">http:\/\/www.frigorificosilva.com.br\/site\/content\/home\/<\/a><\/p>\n<p>&nbsp;<\/p>\n","protected":false},"excerpt":{"rendered":"<p>Empresa Brasileira de Pesquisa Agropecu\u00e1ria &#8211;\u00a0EMBRAPA www.embrapa.br\/pecuaria-sul https:\/\/www.embrapa.br\/clima-temperado\/infraestrutura\/etb &nbsp; Frigor\u00edfico Silva Ind\u00fastria e Com\u00e9rcio http:\/\/www.frigorificosilva.com.br\/site\/content\/home\/ &nbsp;<\/p>\n","protected":false},"author":382,"featured_media":0,"parent":0,"menu_order":0,"comment_status":"closed","ping_status":"closed","template":"","meta":{"footnotes":""},"class_list":["post-29","page","type-page","status-publish","hentry"],"_links":{"self":[{"href":"https:\/\/wp.ufpel.edu.br\/gecapec\/wp-json\/wp\/v2\/pages\/29","targetHints":{"allow":["GET"]}}],"collection":[{"href":"https:\/\/wp.ufpel.edu.br\/gecapec\/wp-json\/wp\/v2\/pages"}],"about":[{"href":"https:\/\/wp.ufpel.edu.br\/gecapec\/wp-json\/wp\/v2\/types\/page"}],"author":[{"embeddable":true,"href":"https:\/\/wp.ufpel.edu.br\/gecapec\/wp-json\/wp\/v2\/users\/382"}],"replies":[{"embeddable":true,"href":"https:\/\/wp.ufpel.edu.br\/gecapec\/wp-json\/wp\/v2\/comments?post=29"}],"version-history":[{"count":3,"href":"https:\/\/wp.ufpel.edu.br\/gecapec\/wp-json\/wp\/v2\/pages\/29\/revisions"}],"predecessor-version":[{"id":67,"href":"https:\/\/wp.ufpel.edu.br\/gecapec\/wp-json\/wp\/v2\/pages\/29\/revisions\/67"}],"wp:attachment":[{"href":"https:\/\/wp.ufpel.edu.br\/gecapec\/wp-json\/wp\/v2\/media?parent=29"}],"curies":[{"name":"wp","href":"https:\/\/api.w.org\/{rel}","templated":true}]}}