{"id":25,"date":"2014-09-13T10:15:29","date_gmt":"2014-09-13T13:15:29","guid":{"rendered":"https:\/\/wp.ufpel.edu.br\/gecapec\/?page_id=25"},"modified":"2015-07-13T08:57:59","modified_gmt":"2015-07-13T11:57:59","slug":"o-grupo","status":"publish","type":"page","link":"https:\/\/wp.ufpel.edu.br\/gecapec\/o-grupo\/","title":{"rendered":"O Grupo"},"content":{"rendered":"<p>O grupo visa proporcionar maior conhecimento das cadeias de ruminantes e atrav\u00e9s de parcerias entre institui\u00e7\u00f5es de ensino, pesquisa e extens\u00e3o e a iniciativa privada, desenvolvendo projetos dos pesquisadores participantes visando o avan\u00e7o cient\u00edfico das cadeias de produ\u00e7\u00e3o de ruminantes. Al\u00e9m disso, o grupo pretende aprimorar o conhecimento de alunos de gradua\u00e7\u00e3o e de p\u00f3s-gradua\u00e7\u00e3o, bem como, analisar os sistemas produtivos de ruminantes sob um enfoque sist\u00eamico, permitindo alcan\u00e7ar a efici\u00eancia m\u00e1xima dos mesmos. Como atividade de extens\u00e3o a integra\u00e7\u00e3o entre os componentes do grupo com o meio acad\u00eamico e cient\u00edfico em reuni\u00f5es de car\u00e1ter did\u00e1tico-cientificas, semin\u00e1rios, simp\u00f3sios, visitas t\u00e9cnicas, cursos e outros eventos que possam auxiliar na divulga\u00e7\u00e3o e discuss\u00e3o dos conhecimentos relacionados \u00e0 \u00e1rea em quest\u00e3o e as atividades de pesquisa do grupo. Para tanto o grupo busca integrar conhecimentos das diversas \u00e1reas que estruturam os processos das cadeias produtivas de ruminantes, gerando produtos, servi\u00e7os ou informa\u00e7\u00f5es cient\u00edficas para desenvolvimento dos mesmos desde a produ\u00e7\u00e3o dos produtos at\u00e9 o consumidor final, agente que comanda as cadeias produtivas.<\/p>\n","protected":false},"excerpt":{"rendered":"<p>O grupo visa proporcionar maior conhecimento das cadeias de ruminantes e atrav\u00e9s de parcerias entre institui\u00e7\u00f5es de ensino, pesquisa e extens\u00e3o e a iniciativa privada, desenvolvendo projetos dos pesquisadores participantes visando o avan\u00e7o cient\u00edfico das cadeias de produ\u00e7\u00e3o de ruminantes. Al\u00e9m disso, o grupo pretende aprimorar o conhecimento de alunos de gradua\u00e7\u00e3o e de p\u00f3s-gradua\u00e7\u00e3o, &hellip; <a href=\"https:\/\/wp.ufpel.edu.br\/gecapec\/o-grupo\/\" class=\"more-link\">Continue lendo <span class=\"screen-reader-text\">O Grupo<\/span> <span class=\"meta-nav\">&rarr;<\/span><\/a><\/p>\n","protected":false},"author":382,"featured_media":0,"parent":0,"menu_order":0,"comment_status":"closed","ping_status":"closed","template":"","meta":{"footnotes":""},"class_list":["post-25","page","type-page","status-publish","hentry"],"_links":{"self":[{"href":"https:\/\/wp.ufpel.edu.br\/gecapec\/wp-json\/wp\/v2\/pages\/25","targetHints":{"allow":["GET"]}}],"collection":[{"href":"https:\/\/wp.ufpel.edu.br\/gecapec\/wp-json\/wp\/v2\/pages"}],"about":[{"href":"https:\/\/wp.ufpel.edu.br\/gecapec\/wp-json\/wp\/v2\/types\/page"}],"author":[{"embeddable":true,"href":"https:\/\/wp.ufpel.edu.br\/gecapec\/wp-json\/wp\/v2\/users\/382"}],"replies":[{"embeddable":true,"href":"https:\/\/wp.ufpel.edu.br\/gecapec\/wp-json\/wp\/v2\/comments?post=25"}],"version-history":[{"count":2,"href":"https:\/\/wp.ufpel.edu.br\/gecapec\/wp-json\/wp\/v2\/pages\/25\/revisions"}],"predecessor-version":[{"id":54,"href":"https:\/\/wp.ufpel.edu.br\/gecapec\/wp-json\/wp\/v2\/pages\/25\/revisions\/54"}],"wp:attachment":[{"href":"https:\/\/wp.ufpel.edu.br\/gecapec\/wp-json\/wp\/v2\/media?parent=25"}],"curies":[{"name":"wp","href":"https:\/\/api.w.org\/{rel}","templated":true}]}}