{"id":56,"date":"2011-04-02T14:52:28","date_gmt":"2011-04-02T17:52:28","guid":{"rendered":"https:\/\/wp.ufpel.edu.br\/gecap\/"},"modified":"2011-11-16T14:27:16","modified_gmt":"2011-11-16T17:27:16","slug":"imagens","status":"publish","type":"page","link":"https:\/\/wp.ufpel.edu.br\/gecap\/imagens\/","title":{"rendered":"Imagens"},"content":{"rendered":"<p><a href=\"https:\/\/picasaweb.google.com\/114620070965014539906\/XXCongressoDeIniciacaoCientificaUFPel2011?authuser=0&amp;feat=directlink\" target=\"_blank\">XX Congresso de Inicia\u00e7\u00e3o Cient\u00edfica &#8211; UFPel (2011)<\/a><\/p>\n<p><a href=\"https:\/\/picasaweb.google.com\/114620070965014539906\/ColetaDadosMestradoManuela?authuser=0&amp;feat=directlink\" target=\"_blank\">Coleta de Dados Mestrado Manuela<\/a><\/p>\n","protected":false},"excerpt":{"rendered":"<p>XX Congresso de Inicia\u00e7\u00e3o Cient\u00edfica &#8211; UFPel (2011) Coleta de Dados Mestrado Manuela<\/p>\n","protected":false},"author":104,"featured_media":0,"parent":0,"menu_order":5,"comment_status":"closed","ping_status":"open","template":"","meta":{"footnotes":""},"class_list":["post-56","page","type-page","status-publish","hentry","nodate","item-wrap"],"_links":{"self":[{"href":"https:\/\/wp.ufpel.edu.br\/gecap\/wp-json\/wp\/v2\/pages\/56","targetHints":{"allow":["GET"]}}],"collection":[{"href":"https:\/\/wp.ufpel.edu.br\/gecap\/wp-json\/wp\/v2\/pages"}],"about":[{"href":"https:\/\/wp.ufpel.edu.br\/gecap\/wp-json\/wp\/v2\/types\/page"}],"author":[{"embeddable":true,"href":"https:\/\/wp.ufpel.edu.br\/gecap\/wp-json\/wp\/v2\/users\/104"}],"replies":[{"embeddable":true,"href":"https:\/\/wp.ufpel.edu.br\/gecap\/wp-json\/wp\/v2\/comments?post=56"}],"version-history":[{"count":31,"href":"https:\/\/wp.ufpel.edu.br\/gecap\/wp-json\/wp\/v2\/pages\/56\/revisions"}],"predecessor-version":[{"id":195,"href":"https:\/\/wp.ufpel.edu.br\/gecap\/wp-json\/wp\/v2\/pages\/56\/revisions\/195"}],"wp:attachment":[{"href":"https:\/\/wp.ufpel.edu.br\/gecap\/wp-json\/wp\/v2\/media?parent=56"}],"curies":[{"name":"wp","href":"https:\/\/api.w.org\/{rel}","templated":true}]}}