{"id":2509,"date":"2026-04-08T15:32:38","date_gmt":"2026-04-08T18:32:38","guid":{"rendered":"https:\/\/wp.ufpel.edu.br\/geale\/?page_id=2509"},"modified":"2026-04-08T15:32:48","modified_gmt":"2026-04-08T18:32:48","slug":"colaboradores","status":"publish","type":"page","link":"https:\/\/wp.ufpel.edu.br\/geale\/equipe\/linha-formacao-e-praticas\/colaboradores\/","title":{"rendered":"Colaboradores"},"content":{"rendered":"<p><span style=\"color: #000000;\"><strong>Carmen Regina Gon\u00e7alves Ferreira<\/strong><\/span><br \/>\n<span style=\"color: #000000;\"><a style=\"color: #000000;\" href=\"https:\/\/wp.ufpel.edu.br\/geale\/files\/2021\/03\/Profa.-Carmen-Regina-Goncalves-Ferreira.jpg\"><img loading=\"lazy\" decoding=\"async\" class=\"alignleft wp-image-1727\" src=\"https:\/\/wp.ufpel.edu.br\/geale\/files\/2021\/03\/Profa.-Carmen-Regina-Goncalves-Ferreira-150x150.jpg\" alt=\"\" width=\"190\" height=\"190\" \/><\/a>Professora substituta na Faculdade de Educa\u00e7\u00e3o da Universidade Federal de Pelotas. Doutora em Educa\u00e7\u00e3o pelo Programa de P\u00f3s-Gradua\u00e7\u00e3o em Educa\u00e7\u00e3o da Universidade Federal de Pelotas. Possui mestrado em Educa\u00e7\u00e3o pela UFPel; possui licenciatura em Letras com habilita\u00e7\u00e3o em L\u00edngua Portuguesa e Literatura pela Funda\u00e7\u00e3o Universidade Federal do Rio Grande (2000), com experi\u00eancia no ensino da L\u00edngua Portuguesa e especializa\u00e7\u00e3o em Ci\u00eancias Sociais na Educa\u00e7\u00e3o pela Universidade da Regi\u00e3o da Campanha (2003). Possui experi\u00eancia nas \u00e1reas de L\u00edngu\u00edstica, atuando principalmente na \u00e1rea de Fonologia com \u00eanfase nos processos fonol\u00f3gicos e na aquisi\u00e7\u00e3o da l\u00edngua escrita, especificamente no que se refere \u00e0 segmenta\u00e7\u00e3o n\u00e3o-convencional das palavras no texto de alunos de EJA.<\/span><br \/>\n<span style=\"color: #000000;\"><a style=\"color: #000000;\" title=\"Curr\u00edculo Lattes\" href=\"http:\/\/buscatextual.cnpq.br\/buscatextual\/visualizacv.do?id=K4260934U0\" target=\"_blank\" rel=\"noopener noreferrer\">Curr\u00edculo Lattes<\/a><\/span><\/p>\n<p><span style=\"color: #000000;\"><strong>S\u00edlvia Nilc\u00e9ia Gon\u00e7alves<\/strong><\/span><br \/>\n<span style=\"color: #000000;\"><a href=\"https:\/\/wp.ufpel.edu.br\/geale\/files\/2026\/04\/silvia.jpg\"><img loading=\"lazy\" decoding=\"async\" class=\" wp-image-2511 alignleft\" src=\"https:\/\/wp.ufpel.edu.br\/geale\/files\/2026\/04\/silvia-150x150.jpg\" alt=\"\" width=\"207\" height=\"207\" \/><\/a>Doutorado em Educa\u00e7\u00e3o (UFPel, 2022). Mestrado em Educa\u00e7\u00e3o (UFPel, 2017). P\u00f3s Gradua\u00e7\u00e3o em Psicopedagogia (FADERGS, 2025), P\u00f3s Gradua\u00e7\u00e3o em Linguagem e Letramento Leitura e escrita no Ensino Fundamental pela FAPA (2004). Licenciatura em Letras pela FEVALE (2004) e Bacharelado em Letras pela UFRGS (2000). Integrante do grupo de pesquisa GEALE\/UFPel . Atualmente \u00e9 professora aposentada da Rede Municipal de Ensino de Porto Alegre Tem experi\u00eancia na \u00e1rea de Educa\u00e7\u00e3o, com \u00eanfase em alfabetiza\u00e7\u00e3o, atuando principalmente com a perspectiva do letramento, da forma\u00e7\u00e3o do leitor liter\u00e1rio, heterogeneidade e da ludicidade. Tem estudos na \u00e1rea das inf\u00e2ncias (sociologia); da documenta\u00e7\u00e3o pedag\u00f3gica, numa perspectiva de artesania pedag\u00f3gica;, da doc\u00eancia e da filosofia hermen\u00eautica de Gadamer, procurando pensar uma pedagogia hermen\u00eautica.<br \/>\n<a href=\"http:\/\/lattes.cnpq.br\/3524533374031630\">Curr\u00edculo Lattes<\/a><\/span><\/p>\n","protected":false},"excerpt":{"rendered":"<p>Carmen Regina Gon\u00e7alves Ferreira Professora substituta na Faculdade de Educa\u00e7\u00e3o da Universidade Federal de Pelotas. Doutora em Educa\u00e7\u00e3o pelo Programa de P\u00f3s-Gradua\u00e7\u00e3o em Educa\u00e7\u00e3o da Universidade Federal de Pelotas. Possui mestrado em Educa\u00e7\u00e3o pela UFPel; possui licenciatura em Letras com &hellip; <a href=\"https:\/\/wp.ufpel.edu.br\/geale\/equipe\/linha-formacao-e-praticas\/colaboradores\/\">Continue lendo <span class=\"meta-nav\">&rarr;<\/span><\/a><\/p>\n","protected":false},"author":72,"featured_media":0,"parent":2175,"menu_order":1,"comment_status":"closed","ping_status":"closed","template":"","meta":{"footnotes":""},"class_list":["post-2509","page","type-page","status-publish","hentry"],"_links":{"self":[{"href":"https:\/\/wp.ufpel.edu.br\/geale\/wp-json\/wp\/v2\/pages\/2509","targetHints":{"allow":["GET"]}}],"collection":[{"href":"https:\/\/wp.ufpel.edu.br\/geale\/wp-json\/wp\/v2\/pages"}],"about":[{"href":"https:\/\/wp.ufpel.edu.br\/geale\/wp-json\/wp\/v2\/types\/page"}],"author":[{"embeddable":true,"href":"https:\/\/wp.ufpel.edu.br\/geale\/wp-json\/wp\/v2\/users\/72"}],"replies":[{"embeddable":true,"href":"https:\/\/wp.ufpel.edu.br\/geale\/wp-json\/wp\/v2\/comments?post=2509"}],"version-history":[{"count":2,"href":"https:\/\/wp.ufpel.edu.br\/geale\/wp-json\/wp\/v2\/pages\/2509\/revisions"}],"predecessor-version":[{"id":2513,"href":"https:\/\/wp.ufpel.edu.br\/geale\/wp-json\/wp\/v2\/pages\/2509\/revisions\/2513"}],"up":[{"embeddable":true,"href":"https:\/\/wp.ufpel.edu.br\/geale\/wp-json\/wp\/v2\/pages\/2175"}],"wp:attachment":[{"href":"https:\/\/wp.ufpel.edu.br\/geale\/wp-json\/wp\/v2\/media?parent=2509"}],"curies":[{"name":"wp","href":"https:\/\/api.w.org\/{rel}","templated":true}]}}