{"id":2485,"date":"2026-04-08T15:13:12","date_gmt":"2026-04-08T18:13:12","guid":{"rendered":"https:\/\/wp.ufpel.edu.br\/geale\/?page_id=2485"},"modified":"2026-04-08T15:13:12","modified_gmt":"2026-04-08T18:13:12","slug":"pesquisadores","status":"publish","type":"page","link":"https:\/\/wp.ufpel.edu.br\/geale\/equipe\/linha-formacao-e-praticas\/pesquisadores\/","title":{"rendered":"Pesquisadores"},"content":{"rendered":"<p style=\"text-align: justify;\"><span style=\"color: #000000;\"><strong>Gilceane Caetano Porto<\/strong><\/span><br \/>\n<span style=\"color: #000000;\"><a style=\"color: #000000;\" href=\"https:\/\/wp.ufpel.edu.br\/geale\/files\/2026\/04\/Picture1.jpg\"><img loading=\"lazy\" decoding=\"async\" class=\" wp-image-2487 alignleft\" src=\"https:\/\/wp.ufpel.edu.br\/geale\/files\/2026\/04\/Picture1-150x150.jpg\" alt=\"\" width=\"198\" height=\"198\" srcset=\"https:\/\/wp.ufpel.edu.br\/geale\/files\/2026\/04\/Picture1-150x150.jpg 150w, https:\/\/wp.ufpel.edu.br\/geale\/files\/2026\/04\/Picture1-300x300.jpg 300w, https:\/\/wp.ufpel.edu.br\/geale\/files\/2026\/04\/Picture1.jpg 382w\" sizes=\"auto, (max-width: 198px) 100vw, 198px\" \/><\/a>Professora Associada do Departamento de Ensino da Faculdade de Educa\u00e7\u00e3o da Universidade Federal de Pelotas (UFPel). Doutora em Educa\u00e7\u00e3o pelo Programa de P\u00f3s- Gradua\u00e7\u00e3o em Educa\u00e7\u00e3o da Faculdade de Educa\u00e7\u00e3o da UFPel (2011). Possui Mestrado em Educa\u00e7\u00e3o pelo Programa de P\u00f3s- Gradua\u00e7\u00e3o em Educa\u00e7\u00e3o da Faculdade de Educa\u00e7\u00e3o da UFPel (2005), Especializa\u00e7\u00e3o em Educa\u00e7\u00e3o pela Faculdade de Educa\u00e7\u00e3o da FaE\/UFPel (2001) e Gradua\u00e7\u00e3o em Pedagogia pela mesma institui\u00e7\u00e3o (1999). \u00c9 vice-l\u00edder do Grupo Interdisciplinar de Pesquisa em Educa\u00e7\u00e3o P\u00fablica (GIPEP\/CNPq). \u00c9 pesquisadora do Grupo de Estudos sobre Aquisi\u00e7\u00e3o da Linguagem Escrita (GEALE\/CNPq).<\/span><br \/>\n<span style=\"color: #000000;\"><a style=\"color: #000000;\" href=\"http:\/\/lattes.cnpq.br\/7254346690954765\">Curr\u00edculo Lattes<\/a><\/span><\/p>\n<p style=\"text-align: justify;\"><span style=\"color: #000000;\"><strong>Patr\u00edcia Pereira Cava<\/strong><strong><br \/>\n<\/strong><a href=\"https:\/\/wp.ufpel.edu.br\/geale\/files\/2026\/04\/Picture1-1.jpg\"><img loading=\"lazy\" decoding=\"async\" class=\" wp-image-2488 alignleft\" src=\"https:\/\/wp.ufpel.edu.br\/geale\/files\/2026\/04\/Picture1-1-150x150.jpg\" alt=\"\" width=\"199\" height=\"199\" srcset=\"https:\/\/wp.ufpel.edu.br\/geale\/files\/2026\/04\/Picture1-1-150x150.jpg 150w, https:\/\/wp.ufpel.edu.br\/geale\/files\/2026\/04\/Picture1-1-300x300.jpg 300w, https:\/\/wp.ufpel.edu.br\/geale\/files\/2026\/04\/Picture1-1.jpg 382w\" sizes=\"auto, (max-width: 199px) 100vw, 199px\" \/><\/a>Professora Associada do Departamento de Fundamentos da Educa\u00e7\u00e3o, da Faculdade de Educa\u00e7\u00e3o, da Universidade Federal de Pelotas. Doutorado em Educa\u00e7\u00e3o (2007) com a Tese &#8220;Crian\u00e7a constituindo-se sujeito na sala de aula: uma fabulosa emerg\u00eancia de complexidades&#8221; e Mestrado em Educa\u00e7\u00e3o (1997) pela Universidade Federal do Rio Grande do Sul. Gradua\u00e7\u00e3o em Pedagogia (1990) e Especializa\u00e7\u00e3o em Educa\u00e7\u00e3o (1992) pela Universidade Federal de Pelotas. Pesquisadora do grupo de pesquisa Grupo de Estudos sobre Aquisi\u00e7\u00e3o da Linguagem Escrita (GEALE\/CNPq).\u00a0<\/span><br \/>\n<span style=\"color: #000000;\"><a style=\"color: #000000;\" href=\"http:\/\/lattes.cnpq.br\/1366801092800901\">Curr\u00edculo Lattes<\/a><\/span><\/p>\n","protected":false},"excerpt":{"rendered":"<p>Gilceane Caetano Porto Professora Associada do Departamento de Ensino da Faculdade de Educa\u00e7\u00e3o da Universidade Federal de Pelotas (UFPel). Doutora em Educa\u00e7\u00e3o pelo Programa de P\u00f3s- Gradua\u00e7\u00e3o em Educa\u00e7\u00e3o da Faculdade de Educa\u00e7\u00e3o da UFPel (2011). Possui Mestrado em Educa\u00e7\u00e3o &hellip; <a href=\"https:\/\/wp.ufpel.edu.br\/geale\/equipe\/linha-formacao-e-praticas\/pesquisadores\/\">Continue lendo <span class=\"meta-nav\">&rarr;<\/span><\/a><\/p>\n","protected":false},"author":72,"featured_media":0,"parent":2175,"menu_order":0,"comment_status":"closed","ping_status":"closed","template":"","meta":{"footnotes":""},"class_list":["post-2485","page","type-page","status-publish","hentry"],"_links":{"self":[{"href":"https:\/\/wp.ufpel.edu.br\/geale\/wp-json\/wp\/v2\/pages\/2485","targetHints":{"allow":["GET"]}}],"collection":[{"href":"https:\/\/wp.ufpel.edu.br\/geale\/wp-json\/wp\/v2\/pages"}],"about":[{"href":"https:\/\/wp.ufpel.edu.br\/geale\/wp-json\/wp\/v2\/types\/page"}],"author":[{"embeddable":true,"href":"https:\/\/wp.ufpel.edu.br\/geale\/wp-json\/wp\/v2\/users\/72"}],"replies":[{"embeddable":true,"href":"https:\/\/wp.ufpel.edu.br\/geale\/wp-json\/wp\/v2\/comments?post=2485"}],"version-history":[{"count":1,"href":"https:\/\/wp.ufpel.edu.br\/geale\/wp-json\/wp\/v2\/pages\/2485\/revisions"}],"predecessor-version":[{"id":2489,"href":"https:\/\/wp.ufpel.edu.br\/geale\/wp-json\/wp\/v2\/pages\/2485\/revisions\/2489"}],"up":[{"embeddable":true,"href":"https:\/\/wp.ufpel.edu.br\/geale\/wp-json\/wp\/v2\/pages\/2175"}],"wp:attachment":[{"href":"https:\/\/wp.ufpel.edu.br\/geale\/wp-json\/wp\/v2\/media?parent=2485"}],"curies":[{"name":"wp","href":"https:\/\/api.w.org\/{rel}","templated":true}]}}