{"id":1397,"date":"2019-07-22T20:28:35","date_gmt":"2019-07-22T23:28:35","guid":{"rendered":"https:\/\/wp.ufpel.edu.br\/geale\/?page_id=1397"},"modified":"2026-04-09T10:57:29","modified_gmt":"2026-04-09T13:57:29","slug":"pos-graduandos","status":"publish","type":"page","link":"https:\/\/wp.ufpel.edu.br\/geale\/equipe\/linha-aquisicao\/pos-graduandos\/","title":{"rendered":"P\u00f3s-graduandos"},"content":{"rendered":"<p style=\"text-align: justify;\"><span style=\"color: #000000;\"><strong><span style=\"text-decoration: underline;\"><span style=\"font-size: 14pt;\">Mestrado:<\/span><\/span><\/strong><\/span><\/p>\n<p style=\"text-align: justify;\"><span style=\"color: #000000;\"><strong>Lorenzo Steinhorst Richetti<br \/>\n<\/strong><a style=\"color: #000000;\" href=\"https:\/\/wp.ufpel.edu.br\/geale\/files\/2021\/03\/Lorenzo-Steinhorst-Richetti.jpg\"><img loading=\"lazy\" decoding=\"async\" class=\"wp-image-1738 size-thumbnail alignleft\" src=\"https:\/\/wp.ufpel.edu.br\/geale\/files\/2021\/03\/Lorenzo-Steinhorst-Richetti-150x150.jpg\" alt=\"\" width=\"150\" height=\"150\" \/><\/a>Licenciado em Pedagogia pela Faculdade de Educa\u00e7\u00e3o da Universidade Federal de Pelotas (FaE\/UFPel). Foi bolsista de Inicia\u00e7\u00e3o Cient\u00edfica (PROBIC\/FAPERGS, 2018-2019) no Grupo de Pesquisa, Filosofia e Pr\u00e1xis Social (FEPr\u00e1xiS\/FaE\/UFPel). Atuou como volunt\u00e1rio no Projeto de Ensino Pedagogia das Emerg\u00eancias: Cen\u00e1rios e Carreira (2018), e tamb\u00e9m no projeto sucessor Pedagogia Cen\u00e1rios e Carreiras: Pedagogia Hospitalar (2019). Foi bolsista de Inicia\u00e7\u00e3o Cient\u00edfica (PIBIC\/CNPq, 2019-2020; PBIP-AE\/UFPel, 2020-2021; PIBIC\/CNPq, 2021-2022; PIBIC\/CNPq, 2022-2023) no Grupo de Estudos sobre Aquisi\u00e7\u00e3o da Linguagem Escrita (GEALE\/FaE\/PPGE\/UFPel). Atualmente \u00e9 bolsista de Apoio T\u00e9cnico \u00e0 Pesquisa (AT-CNPq, 2023-2025) e mestrando da Linha 2 &#8211; Narrativas (auto)biogr\u00e1ficas, Cultura Escrita, Linguagem e Inclus\u00e3o do Programa de P\u00f3s-Gradua\u00e7\u00e3o em Educa\u00e7\u00e3o (FaE\/PPGE\/UFPel).<br \/>\n<a style=\"color: #000000;\" title=\"Curr\u00edculo Lattes\" href=\"http:\/\/lattes.cnpq.br\/3490384511693761\" target=\"_blank\" rel=\"noopener noreferrer\">Curr\u00edculo Lattes<\/a><\/span><\/p>\n<p style=\"text-align: justify;\"><span style=\"color: #000000;\"><strong>Nathalia Vit\u00f3ria Reinehr<br \/>\n<\/strong><a style=\"color: #000000;\" href=\"https:\/\/wp.ufpel.edu.br\/geale\/files\/2021\/03\/24.jpg\"><img loading=\"lazy\" decoding=\"async\" class=\"wp-image-1739 size-thumbnail alignleft\" src=\"https:\/\/wp.ufpel.edu.br\/geale\/files\/2021\/03\/24-150x150.jpg\" alt=\"\" width=\"150\" height=\"150\" srcset=\"https:\/\/wp.ufpel.edu.br\/geale\/files\/2021\/03\/24-150x150.jpg 150w, https:\/\/wp.ufpel.edu.br\/geale\/files\/2021\/03\/24-300x300.jpg 300w, https:\/\/wp.ufpel.edu.br\/geale\/files\/2021\/03\/24.jpg 640w\" sizes=\"auto, (max-width: 150px) 100vw, 150px\" \/><\/a><span style=\"font-weight: 400;\">Mestranda no Programa de P\u00f3s-gradua\u00e7\u00e3o em Letras (PPGL\/UFPel). Graduada em Letras &#8211; Portugu\u00eas\/Ingl\u00eas (CLC\/UFPel). Desde 2019, participa do grupo de pesquisa &#8220;Grupo de Estudos sobre Aquisi\u00e7\u00e3o da Linguagem Escrita (GEALE\/UFPel)&#8221;. Durante a gradua\u00e7\u00e3o, participou tamb\u00e9m do Programa de Resid\u00eancia Pedag\u00f3gica no subprojeto de L\u00edngua Inglesa e como Professora de Portugu\u00eas do Cursinho Desafio Pr\u00e9-Universit\u00e1rio Popular da UFPel. Atualmente \u00e9 bolsista de Mestrado do CNPq.<\/span><br \/>\n<a style=\"color: #000000;\" title=\"Curr\u00edculo Lattes\" href=\"http:\/\/lattes.cnpq.br\/1948866787334459\" target=\"_blank\" rel=\"noopener noreferrer\">Curr\u00edculo Lattes<\/a><\/span><\/p>\n<p><span style=\"text-decoration: underline; font-size: 14pt; color: #000000;\"><strong><br \/>\nDoutorado:<\/strong><\/span><\/p>\n<p style=\"text-align: justify;\"><span style=\"color: #000000;\"><strong>Lissa Pachalski<br \/>\n<\/strong><a style=\"color: #000000;\" href=\"https:\/\/wp.ufpel.edu.br\/geale\/files\/2021\/03\/Lissa-Pachalski.png\"><img loading=\"lazy\" decoding=\"async\" class=\"alignleft wp-image-1729\" src=\"https:\/\/wp.ufpel.edu.br\/geale\/files\/2021\/03\/Lissa-Pachalski-150x150.png\" alt=\"\" width=\"190\" height=\"190\" \/><\/a>Doutoranda em Letras pela Universidade Federal de Pelotas (UFPel). Mestra em Letras e Licenciada em Pedagogia pela UFPel. Foi Bolsista de Inicia\u00e7\u00e3o Cient\u00edfica (BIC\/CAPES, 2014-2016; PIBIC\/CNPq, 2016-2017) no Grupo de Estudos sobre Aquisi\u00e7\u00e3o da Linguagem Escrita (GEALE\/CNPq\/PPGE\/UFPel). Atualmente, segue desenvolvendo atividades de pesquisa junto ao GEALE, com \u00eanfase nos seguintes temas: aquisi\u00e7\u00e3o da escrita; aquisi\u00e7\u00e3o fonol\u00f3gica; fonologia e ortografia; grafia de s\u00edlabas complexas na escrita inicial; alfabetiza\u00e7\u00e3o e letramento. Tamb\u00e9m trabalha voluntariamente como pedagoga no Programa de Desenvolvimento Integral Vida Plena, onde coordena projetos socioeducativos voltados a crian\u00e7as e adolescentes em contexto de vulnerabilidade social.<br \/>\n<a style=\"color: #000000;\" title=\"Curr\u00edculo Lattes\" href=\"http:\/\/buscatextual.cnpq.br\/buscatextual\/visualizacv.do?id=K4842751A5\" target=\"_blank\" rel=\"noopener noreferrer\">Curr\u00edculo Lattes<\/a><\/span><\/p>\n<p style=\"text-align: justify;\"><span style=\"color: #000000;\"><strong>Mariana M\u00fcller\u00a0<\/strong><strong>de \u00c1vila<\/strong><\/span><br \/>\n<span style=\"color: #000000;\"><a style=\"color: #000000;\" href=\"https:\/\/wp.ufpel.edu.br\/geale\/files\/2022\/03\/Mariana-Muller-de-Avila.png\"><img loading=\"lazy\" decoding=\"async\" class=\"alignleft wp-image-1954\" src=\"https:\/\/wp.ufpel.edu.br\/geale\/files\/2022\/03\/Mariana-Muller-de-Avila-300x278.png\" alt=\"\" width=\"190\" height=\"176\" srcset=\"https:\/\/wp.ufpel.edu.br\/geale\/files\/2022\/03\/Mariana-Muller-de-Avila-300x278.png 300w, https:\/\/wp.ufpel.edu.br\/geale\/files\/2022\/03\/Mariana-Muller-de-Avila.png 548w\" sizes=\"auto, (max-width: 190px) 100vw, 190px\" \/><\/a>Doutoranda no Programa de P\u00f3s-gradua\u00e7\u00e3o em Letras da UFPel. Possui gradua\u00e7\u00e3o em Letras &#8211; Portugu\u00eas e Franc\u00eas &#8211; pela Universidade Federal de Pelotas (2016) e mestrado em Letras pela Universidade Federal de Pelotas (2019). Tem experi\u00eancia na \u00e1rea de Ling\u00fc\u00edstica, com \u00eanfase em Teoria e An\u00e1lise Ling\u00fc\u00edstica.<br \/>\n<a style=\"color: #000000;\" href=\"http:\/\/lattes.cnpq.br\/3647123786786763\">Curr\u00edculo Lattes<\/a><\/span><\/p>\n<p>&nbsp;<\/p>\n<p style=\"text-align: justify;\"><span style=\"color: #000000;\"><strong>Simone Silveira da Silva<br \/>\n<\/strong><a style=\"color: #000000;\" href=\"https:\/\/wp.ufpel.edu.br\/geale\/files\/2021\/03\/Simone-Silveira-da-Silva.jpg\"><img loading=\"lazy\" decoding=\"async\" class=\"alignleft wp-image-1731\" src=\"https:\/\/wp.ufpel.edu.br\/geale\/files\/2021\/03\/Simone-Silveira-da-Silva.jpg\" alt=\"\" width=\"190\" height=\"238\" \/><\/a>Doutoranda no Programa de P\u00f3s-gradua\u00e7\u00e3o em Educa\u00e7\u00e3o da Universidade Federal de Pelotas (PPGE\/FAE\/UFPel). Mestra em Educa\u00e7\u00e3o pelo PPGE\/UFPel. Especialista em Educa\u00e7\u00e3o e licenciada em Pedagogia pela Universidade Federal de Pelotas. Atua em atividades de pesquisa junto ao Grupo de Estudos sobre Aquisi\u00e7\u00e3o da Linguagem Escrita (GEALE), desenvolvendo trabalhos com \u00eanfase na aquisi\u00e7\u00e3o da linguagem escrita, alfabetiza\u00e7\u00e3o e letramento. Desenvolve atividade volunt\u00e1ria junto ao projeto de extens\u00e3o: &#8220;Compreens\u00e3o de si mesmo, do outro e da sociedade em que vivemos: por um trabalho de integridade, valores, viv\u00eancias e aux\u00edlio educativo na aten\u00e7\u00e3o \u00e0 crian\u00e7as do Instituto Nossa Senhora da Concei\u00e7\u00e3o&#8221;.<\/span><br \/>\n<span style=\"color: #000000;\"><a style=\"color: #000000;\" title=\"Curr\u00edculo Lattes\" href=\"http:\/\/buscatextual.cnpq.br\/buscatextual\/visualizacv.do?id=K2779440H6\" target=\"_blank\" rel=\"noopener noreferrer\">Curr\u00edculo Lattes<\/a><\/span><\/p>\n","protected":false},"excerpt":{"rendered":"<p>Mestrado: Lorenzo Steinhorst Richetti Licenciado em Pedagogia pela Faculdade de Educa\u00e7\u00e3o da Universidade Federal de Pelotas (FaE\/UFPel). Foi bolsista de Inicia\u00e7\u00e3o Cient\u00edfica (PROBIC\/FAPERGS, 2018-2019) no Grupo de Pesquisa, Filosofia e Pr\u00e1xis Social (FEPr\u00e1xiS\/FaE\/UFPel). Atuou como volunt\u00e1rio no Projeto de Ensino &hellip; <a href=\"https:\/\/wp.ufpel.edu.br\/geale\/equipe\/linha-aquisicao\/pos-graduandos\/\">Continue lendo <span class=\"meta-nav\">&rarr;<\/span><\/a><\/p>\n","protected":false},"author":72,"featured_media":0,"parent":2174,"menu_order":3,"comment_status":"closed","ping_status":"closed","template":"","meta":{"footnotes":""},"class_list":["post-1397","page","type-page","status-publish","hentry"],"_links":{"self":[{"href":"https:\/\/wp.ufpel.edu.br\/geale\/wp-json\/wp\/v2\/pages\/1397","targetHints":{"allow":["GET"]}}],"collection":[{"href":"https:\/\/wp.ufpel.edu.br\/geale\/wp-json\/wp\/v2\/pages"}],"about":[{"href":"https:\/\/wp.ufpel.edu.br\/geale\/wp-json\/wp\/v2\/types\/page"}],"author":[{"embeddable":true,"href":"https:\/\/wp.ufpel.edu.br\/geale\/wp-json\/wp\/v2\/users\/72"}],"replies":[{"embeddable":true,"href":"https:\/\/wp.ufpel.edu.br\/geale\/wp-json\/wp\/v2\/comments?post=1397"}],"version-history":[{"count":4,"href":"https:\/\/wp.ufpel.edu.br\/geale\/wp-json\/wp\/v2\/pages\/1397\/revisions"}],"predecessor-version":[{"id":2559,"href":"https:\/\/wp.ufpel.edu.br\/geale\/wp-json\/wp\/v2\/pages\/1397\/revisions\/2559"}],"up":[{"embeddable":true,"href":"https:\/\/wp.ufpel.edu.br\/geale\/wp-json\/wp\/v2\/pages\/2174"}],"wp:attachment":[{"href":"https:\/\/wp.ufpel.edu.br\/geale\/wp-json\/wp\/v2\/media?parent=1397"}],"curies":[{"name":"wp","href":"https:\/\/api.w.org\/{rel}","templated":true}]}}