{"id":1387,"date":"2019-07-22T20:25:16","date_gmt":"2019-07-22T23:25:16","guid":{"rendered":"https:\/\/wp.ufpel.edu.br\/geale\/?page_id=1387"},"modified":"2022-09-30T11:35:40","modified_gmt":"2022-09-30T14:35:40","slug":"coordenacao","status":"publish","type":"page","link":"https:\/\/wp.ufpel.edu.br\/geale\/equipe\/coordenacao\/","title":{"rendered":"Coordena\u00e7\u00e3o"},"content":{"rendered":"<p><span style=\"font-size: 14pt; color: #000000;\"><span style=\"color: #ffffff;\">.<\/span><span style=\"text-decoration: underline;\"><strong><br \/>\nCoordenadora<\/strong><\/span><strong>:<\/strong><\/span><\/p>\n<p style=\"text-align: justify;\"><span style=\"color: #000000;\"><strong>Ana Ruth Moresco Miranda \u2013 <\/strong>Linha de pesquisa: <em>Aquisi\u00e7\u00e3o da escrita<\/em><\/span><\/p>\n<p style=\"text-align: justify;\"><span style=\"color: #000000;\"><strong><a href=\"https:\/\/wp.ufpel.edu.br\/geale\/files\/2021\/03\/Profa.-Ana-Ruth-Moresco-Miranda.png\"><img loading=\"lazy\" decoding=\"async\" class=\"alignleft wp-image-1715\" src=\"https:\/\/wp.ufpel.edu.br\/geale\/files\/2021\/03\/Profa.-Ana-Ruth-Moresco-Miranda-150x150.png\" alt=\"\" width=\"190\" height=\"190\" \/><\/a><\/strong><\/span><span style=\"color: #000000;\">Possui gradua\u00e7\u00e3o em Letras pela Universidade Federal de Pelotas (1993), mestrado e doutorado em Lingu\u00edstica e Letras pela Pontif\u00edcia Universidade Cat\u00f3lica do Rio Grande do Sul (1996 e 2000) e p\u00f3s-doutorado em Lingu\u00edstica (Aquisi\u00e7\u00e3o da Escrita) pela Universidade de Barcelona. \u00c9 professora associada da Universidade Federal de Pelotas. Atua no Programa de P\u00f3s-Gradua\u00e7\u00e3o em Educa\u00e7\u00e3o (Linha: Cultura escrita, linguagens e aprendizagem), desenvolvendo pesquisas sobre a aquisi\u00e7\u00e3o da escrita, principalmente sobre a ortografia e sua rela\u00e7\u00e3o com a fonologia. Tem experi\u00eancia nas \u00e1reas de Ling\u00fc\u00edstica e de Educa\u00e7\u00e3o, com \u00eanfase em Psicoling\u00fc\u00edstica, atuando principalmente nos seguintes temas: aquisi\u00e7\u00e3o da fonologia, aquisi\u00e7\u00e3o da escrita, aquisi\u00e7\u00e3o da linguagem, fonologia e ensino de l\u00edngua materna.<\/span><br \/>\n<span style=\"color: #000000;\"> <a style=\"color: #000000;\" title=\"Curr\u00edculo Lattes\" href=\"http:\/\/buscatextual.cnpq.br\/buscatextual\/visualizacv.do?id=K4790384Z4\" target=\"_blank\" rel=\"noopener noreferrer\">Curr\u00edculo Lattes<\/a><br \/>\n<\/span><\/p>\n<p><span style=\"text-decoration: underline;\"><span style=\"font-size: 14pt; color: #000000;\"><strong>Vice-coordenadora:<\/strong><\/span><\/span><\/p>\n<p style=\"text-align: justify;\"><span style=\"color: #000000;\"><strong>Marta N\u00f6rnberg<\/strong> \u2013 Linha de pesquisa: <em>Forma\u00e7\u00e3o docente e pr\u00e1ticas de alfabetiza\u00e7\u00e3o<\/em><\/span><\/p>\n<p style=\"text-align: justify;\"><a href=\"https:\/\/wp.ufpel.edu.br\/geale\/files\/2021\/03\/Profa.-Marta-Nornberg.jpg\"><img loading=\"lazy\" decoding=\"async\" class=\"alignleft wp-image-1724\" src=\"https:\/\/wp.ufpel.edu.br\/geale\/files\/2021\/03\/Profa.-Marta-Nornberg-150x150.jpg\" alt=\"\" width=\"190\" height=\"190\" srcset=\"https:\/\/wp.ufpel.edu.br\/geale\/files\/2021\/03\/Profa.-Marta-Nornberg-150x150.jpg 150w, https:\/\/wp.ufpel.edu.br\/geale\/files\/2021\/03\/Profa.-Marta-Nornberg-300x300.jpg 300w, https:\/\/wp.ufpel.edu.br\/geale\/files\/2021\/03\/Profa.-Marta-Nornberg.jpg 640w\" sizes=\"auto, (max-width: 190px) 100vw, 190px\" \/><\/a><span style=\"color: #000000;\">Doutorado em Educa\u00e7\u00e3o (2008) e mestrado em Educa\u00e7\u00e3o (2002) pela Universidade Federal do Rio Grande do Sul (UFRGS). Gradua\u00e7\u00e3o em Pedagogia pela Faculdade de Filosofia Nossa Senhora Imaculada Concei\u00e7\u00e3o (1997). Atua no grupo de pesquisa Crian\u00e7as, Inf\u00e2ncia e Culturas (CIC) e no Grupo de Estudos sobre Aquisi\u00e7\u00e3o L\u00edngua Escrita (GEALE). Atualmente \u00e9 Professora Pesquisadora da Universidade Federal de Pelotas (UFPEL), vinculada ao Departamento de Ensino da Faculdade de Educa\u00e7\u00e3o. Realiza atividades de Pesquisa e Ensino, com \u00eanfase em Forma\u00e7\u00e3o de professores, realizando estudos sobre os seguintes temas: pr\u00e1tica pedag\u00f3gica, anos iniciais e inf\u00e2ncia; educa\u00e7\u00e3o infantil e inf\u00e2ncia; \u00e9tica do Cuidado e institui\u00e7\u00f5es; planejamento e gest\u00e3o de processos educativos.<\/span><br \/>\n<a style=\"color: #000000;\" href=\"http:\/\/buscatextual.cnpq.br\/buscatextual\/visualizacv.do?id=K4775886Y2\">Curr\u00edculo Lattes<\/a><\/p>\n","protected":false},"excerpt":{"rendered":"<p>. Coordenadora: Ana Ruth Moresco Miranda \u2013 Linha de pesquisa: Aquisi\u00e7\u00e3o da escrita Possui gradua\u00e7\u00e3o em Letras pela Universidade Federal de Pelotas (1993), mestrado e doutorado em Lingu\u00edstica e Letras pela Pontif\u00edcia Universidade Cat\u00f3lica do Rio Grande do Sul (1996 &hellip; <a href=\"https:\/\/wp.ufpel.edu.br\/geale\/equipe\/coordenacao\/\">Continue lendo <span class=\"meta-nav\">&rarr;<\/span><\/a><\/p>\n","protected":false},"author":72,"featured_media":0,"parent":19,"menu_order":1,"comment_status":"closed","ping_status":"closed","template":"","meta":{"footnotes":""},"class_list":["post-1387","page","type-page","status-publish","hentry"],"_links":{"self":[{"href":"https:\/\/wp.ufpel.edu.br\/geale\/wp-json\/wp\/v2\/pages\/1387","targetHints":{"allow":["GET"]}}],"collection":[{"href":"https:\/\/wp.ufpel.edu.br\/geale\/wp-json\/wp\/v2\/pages"}],"about":[{"href":"https:\/\/wp.ufpel.edu.br\/geale\/wp-json\/wp\/v2\/types\/page"}],"author":[{"embeddable":true,"href":"https:\/\/wp.ufpel.edu.br\/geale\/wp-json\/wp\/v2\/users\/72"}],"replies":[{"embeddable":true,"href":"https:\/\/wp.ufpel.edu.br\/geale\/wp-json\/wp\/v2\/comments?post=1387"}],"version-history":[{"count":14,"href":"https:\/\/wp.ufpel.edu.br\/geale\/wp-json\/wp\/v2\/pages\/1387\/revisions"}],"predecessor-version":[{"id":2090,"href":"https:\/\/wp.ufpel.edu.br\/geale\/wp-json\/wp\/v2\/pages\/1387\/revisions\/2090"}],"up":[{"embeddable":true,"href":"https:\/\/wp.ufpel.edu.br\/geale\/wp-json\/wp\/v2\/pages\/19"}],"wp:attachment":[{"href":"https:\/\/wp.ufpel.edu.br\/geale\/wp-json\/wp\/v2\/media?parent=1387"}],"curies":[{"name":"wp","href":"https:\/\/api.w.org\/{rel}","templated":true}]}}