{"id":204,"date":"2024-06-15T16:20:40","date_gmt":"2024-06-15T19:20:40","guid":{"rendered":"https:\/\/wp.ufpel.edu.br\/gcorrea\/home-portugues\/"},"modified":"2025-09-03T09:57:06","modified_gmt":"2025-09-03T12:57:06","slug":"inicial","status":"publish","type":"page","link":"https:\/\/wp.ufpel.edu.br\/gcorrea\/inicial\/","title":{"rendered":"Inicial"},"content":{"rendered":"<p style=\"text-align: justify;\"><img loading=\"lazy\" decoding=\"async\" class=\"wp-image-169 alignright\" src=\"https:\/\/wp.ufpel.edu.br\/gcorrea\/files\/2024\/03\/20240207_084810-819x1024.jpg\" alt=\"\" width=\"320\" height=\"400\" srcset=\"https:\/\/wp.ufpel.edu.br\/gcorrea\/files\/2024\/03\/20240207_084810-819x1024.jpg 819w, https:\/\/wp.ufpel.edu.br\/gcorrea\/files\/2024\/03\/20240207_084810-320x400.jpg 320w, https:\/\/wp.ufpel.edu.br\/gcorrea\/files\/2024\/03\/20240207_084810-768x960.jpg 768w, https:\/\/wp.ufpel.edu.br\/gcorrea\/files\/2024\/03\/20240207_084810.jpg 864w\" sizes=\"auto, (max-width: 320px) 100vw, 320px\" \/>Recebi o t\u00edtulo de <strong>Doutor em Engenharia Electrot\u00e9cnica e de Computadores<\/strong> pela <a href=\"https:\/\/www.uc.pt\/fctuc\/deec\/ensino\/doutoramento\">Universidade de Coimbra<\/a>, Portugal (2015), o t\u00edtulo de <strong>Mestre em Ci\u00eancia da Computa\u00e7\u00e3o<\/strong> pela <a href=\"https:\/\/www.inf.ufrgs.br\/site\/\">Universidade Federal do Rio Grande do Sul<\/a>, Brasil (2010) e o t\u00edtulo de <strong>Bacharel em Ci\u00eancia da Computa\u00e7\u00e3o<\/strong> pela <a href=\"https:\/\/wp.ufpel.edu.br\/computacao\/\">Universidade Federal de Pelotas<\/a>, Brasil (2009).<\/p>\n<p>Desde 2016, sou professor no <strong><a href=\"https:\/\/wp.ufpel.edu.br\/cdtec\/\">Centro de Desenvolvimento Tecnol\u00f3gico (CDTec)<\/a><\/strong> da <strong><a href=\"https:\/\/wp.ufpel.edu.br\/computacao\/\">Universidade Federal de Pelotas (UFPel)<\/a><\/strong>, Brasil. Sou orientador no <strong><a href=\"https:\/\/wp.ufpel.edu.br\/computacao\/en\/graduate-program-in-computing\/\">Programa de P\u00f3s-Gradua\u00e7\u00e3o em Computa\u00e7\u00e3o (PPGC)<\/a> <\/strong>e Bolsista de Produtividade em Pesquisa do CNPq N\u00edvel 2 (PQ-2).\u00a0Como pesquisador, sou membro do <strong><span aria-hidden=\"true\"><a href=\"https:\/\/wp.ufpel.edu.br\/vitech\/en\/\">Video Technology Research Group (ViTech)<\/a><\/span><\/strong>, da UFPel. Tenho mais de 15 anos de experi\u00eancia na \u00e1rea de processamento de sinais visuais, com minhas principais atividades focadas no desenvolvimento de solu\u00e7\u00f5es de codifica\u00e7\u00e3o de v\u00eddeo de baixa complexidade e efici\u00eancia energ\u00e9tica. Sou autor de mais de 100 artigos cient\u00edficos que receberam mais de 1.600 cita\u00e7\u00f5es, um livro e dois registros de patentes.<\/p>\n<p>Sou Senior Member do IEEE, onde sou afiliado \u00e0s sociedades IEEE Signal Processing Society (SPS), IEEE Education Society (EdSoc) e IEEE Circuits and Systems Society (CASS). Na IEEE CASS, atuo como membro eleito do comit\u00ea t\u00e9cnico Multimedia Systems Applications Technical Committee (MSA-TC) desde 2021, e como Vice-Chair do IEEE CASS Rio Grande do Sul Chapter no per\u00edodo 2024-2026. Tamb\u00e9m sou membro da Sociedade Brasileira de Computa\u00e7\u00e3o (SBC) e da Sociedade Brasileira de Microeletr\u00f4nica (SBMicro).<\/p>\n<p class=\"CDt4Ke zfr3Q\" dir=\"ltr\"><strong>T\u00f3picos de interesse em pesquisa:<\/strong><\/p>\n<ul>\n<li style=\"list-style-type: none;\">\n<ul>\n<li><span aria-hidden=\"true\">Processamento de sinais visuais;<\/span><\/li>\n<li><span aria-hidden=\"true\">Algoritmos e padr\u00f5es de codifica\u00e7\u00e3o de v\u00eddeo;<\/span><\/li>\n<li><span aria-hidden=\"true\">Aprendizado de m\u00e1quina e aprendizado profundo para aplica\u00e7\u00f5es multim\u00eddia;<\/span><\/li>\n<li>Projeto de hardware com efici\u00eancia energ\u00e9tica.<\/li>\n<\/ul>\n<\/li>\n<\/ul>\n","protected":false},"excerpt":{"rendered":"<p>Recebi o t\u00edtulo de Doutor em Engenharia Electrot\u00e9cnica e de Computadores pela Universidade de Coimbra, Portugal (2015), o t\u00edtulo de Mestre em Ci\u00eancia da Computa\u00e7\u00e3o pela Universidade Federal do Rio Grande do Sul, Brasil (2010) e o t\u00edtulo de Bacharel em Ci\u00eancia da Computa\u00e7\u00e3o pela Universidade Federal de Pelotas, Brasil (2009). Desde 2016, sou professor [&hellip;]<\/p>\n","protected":false},"author":748,"featured_media":0,"parent":0,"menu_order":0,"comment_status":"closed","ping_status":"closed","template":"","meta":{"footnotes":""},"class_list":["post-204","page","type-page","status-publish","hentry"],"_links":{"self":[{"href":"https:\/\/wp.ufpel.edu.br\/gcorrea\/wp-json\/wp\/v2\/pages\/204","targetHints":{"allow":["GET"]}}],"collection":[{"href":"https:\/\/wp.ufpel.edu.br\/gcorrea\/wp-json\/wp\/v2\/pages"}],"about":[{"href":"https:\/\/wp.ufpel.edu.br\/gcorrea\/wp-json\/wp\/v2\/types\/page"}],"author":[{"embeddable":true,"href":"https:\/\/wp.ufpel.edu.br\/gcorrea\/wp-json\/wp\/v2\/users\/748"}],"replies":[{"embeddable":true,"href":"https:\/\/wp.ufpel.edu.br\/gcorrea\/wp-json\/wp\/v2\/comments?post=204"}],"version-history":[{"count":3,"href":"https:\/\/wp.ufpel.edu.br\/gcorrea\/wp-json\/wp\/v2\/pages\/204\/revisions"}],"predecessor-version":[{"id":302,"href":"https:\/\/wp.ufpel.edu.br\/gcorrea\/wp-json\/wp\/v2\/pages\/204\/revisions\/302"}],"wp:attachment":[{"href":"https:\/\/wp.ufpel.edu.br\/gcorrea\/wp-json\/wp\/v2\/media?parent=204"}],"curies":[{"name":"wp","href":"https:\/\/api.w.org\/{rel}","templated":true}]}}