{"id":18,"date":"2021-06-25T15:10:54","date_gmt":"2021-06-25T18:10:54","guid":{"rendered":"https:\/\/wp.ufpel.edu.br\/gcorrea\/?page_id=18"},"modified":"2023-06-28T16:18:53","modified_gmt":"2023-06-28T19:18:53","slug":"teaching","status":"publish","type":"page","link":"https:\/\/wp.ufpel.edu.br\/gcorrea\/teaching\/","title":{"rendered":"Teaching"},"content":{"rendered":"<p>Information on my recent academic activities can be found at <a href=\"https:\/\/institucional.ufpel.edu.br\/servidores\/id\/11039\"><strong>Institucional UFPel<\/strong><\/a>.<\/p>\n<p>Students from UFPel can access all my courses at <a href=\"https:\/\/e-aula.ufpel.edu.br\/\"><strong>E-AULA UFPEL<\/strong><\/a>.<\/p>\n<p><strong>Graduate-level courses (<em>P\u00f3s-gradua\u00e7\u00e3o<\/em>):<\/strong><\/p>\n<ul>\n<li>Introduction to Video Coding (<em>Princ\u00edpios de Codifica\u00e7\u00e3o de V\u00eddeo<\/em>)<\/li>\n<li>Digital Image Processing (<em>Processamento Digital de Imagens<\/em>)<\/li>\n<\/ul>\n<p><strong>Undergraduate-level courses (<em>Gradua\u00e7\u00e3o<\/em>):<\/strong><\/p>\n<ul>\n<li>Computer Networks (<em>Redes de Computadores<\/em>)<\/li>\n<li>Introduction to Computer Science (<em>Introdu\u00e7\u00e3o \u00e0 Ci\u00eancia da Computa\u00e7\u00e3o<\/em>)<\/li>\n<li>Digital Image Processing (<em>Processamento Digital de Imagens<\/em>)<\/li>\n<\/ul>\n","protected":false},"excerpt":{"rendered":"<p>Information on my recent academic activities can be found at Institucional UFPel. Students from UFPel can access all my courses at E-AULA UFPEL. Graduate-level courses (P\u00f3s-gradua\u00e7\u00e3o): Introduction to Video Coding (Princ\u00edpios de Codifica\u00e7\u00e3o de V\u00eddeo) Digital Image Processing (Processamento Digital de Imagens) Undergraduate-level courses (Gradua\u00e7\u00e3o): Computer Networks (Redes de Computadores) Introduction to Computer Science (Introdu\u00e7\u00e3o [&hellip;]<\/p>\n","protected":false},"author":748,"featured_media":0,"parent":0,"menu_order":0,"comment_status":"closed","ping_status":"closed","template":"","meta":{"footnotes":""},"class_list":["post-18","page","type-page","status-publish","hentry"],"_links":{"self":[{"href":"https:\/\/wp.ufpel.edu.br\/gcorrea\/wp-json\/wp\/v2\/pages\/18","targetHints":{"allow":["GET"]}}],"collection":[{"href":"https:\/\/wp.ufpel.edu.br\/gcorrea\/wp-json\/wp\/v2\/pages"}],"about":[{"href":"https:\/\/wp.ufpel.edu.br\/gcorrea\/wp-json\/wp\/v2\/types\/page"}],"author":[{"embeddable":true,"href":"https:\/\/wp.ufpel.edu.br\/gcorrea\/wp-json\/wp\/v2\/users\/748"}],"replies":[{"embeddable":true,"href":"https:\/\/wp.ufpel.edu.br\/gcorrea\/wp-json\/wp\/v2\/comments?post=18"}],"version-history":[{"count":13,"href":"https:\/\/wp.ufpel.edu.br\/gcorrea\/wp-json\/wp\/v2\/pages\/18\/revisions"}],"predecessor-version":[{"id":160,"href":"https:\/\/wp.ufpel.edu.br\/gcorrea\/wp-json\/wp\/v2\/pages\/18\/revisions\/160"}],"wp:attachment":[{"href":"https:\/\/wp.ufpel.edu.br\/gcorrea\/wp-json\/wp\/v2\/media?parent=18"}],"curies":[{"name":"wp","href":"https:\/\/api.w.org\/{rel}","templated":true}]}}