{"id":9,"date":"2020-03-17T14:32:00","date_gmt":"2020-03-17T17:32:00","guid":{"rendered":"https:\/\/wp.ufpel.edu.br\/gcate\/?page_id=9"},"modified":"2022-06-07T11:27:30","modified_gmt":"2022-06-07T14:27:30","slug":"research","status":"publish","type":"page","link":"https:\/\/wp.ufpel.edu.br\/gcate\/research\/","title":{"rendered":"Pesquisa"},"content":{"rendered":"<p>Nosso grupo possui linhas de pesquisa interdisciplinares envolvendo principalmente Qu\u00edmica Inorg\u00e2nica, Org\u00e2nica e F\u00edsico-Qu\u00edmica.<\/p>\n<h3>Linha 1: Estudos em Bioinorg\u00e2nica, Cat\u00e1lise e Farmacologia<\/h3>\n<p>1. Desenvolvimento de novas metalodrogas: Atuamos no desenvolvimento de novos complexos baseados em metais essenciais contendo ligantes especialmente planejados para atuarem como potenciais metalodrogas com atividades antitumorais.<br \/>\n2. Desenvolvimento de novos complexos de Cu(II) e Mg(II) com potenciais atividades antioxidantes (investiga\u00e7\u00f5es das atividades antioxidantes por testes in vitro).<br \/>\n3. Desenvolvimento de precursores catal\u00edticos para produ\u00e7\u00e3o de pol\u00edmeros biodegrad\u00e1veis e biocompat\u00edveis. Investiga\u00e7\u00e3o catal\u00edtica desses novos sistemas.<\/p>\n<p><a href=\"https:\/\/institucional.ufpel.edu.br\/projetos\/id\/p7776\">Projeto 1<\/a><\/p>\n<h3>Linha 2: Estudos em S\u00edntese Org\u00e2nica<\/h3>\n<p>Com a crescente demanda por biodiesel, combust\u00edvel que causa menos emiss\u00f5es de gases-estufa, cresceu tamb\u00e9m a oferta de glicerol, um derivado da s\u00edntese daquele combust\u00edvel. Assim, metodologias que utilizem o glicerol, quer como solvente, quer como reagente, s\u00e3o altamente desej\u00e1veis. A presente proposta envolve a utiliza\u00e7\u00e3o de um derivado do glicerol como eletr\u00f3filo em acoplamentos com \u00e1cidos bor\u00f4nicos e compostos heteroarom\u00e1ticos. Os produtos destes acoplamentos ser\u00e3o ent\u00e3o manipulados sinteticamente para a obten\u00e7\u00e3o de arilacetalde\u00eddos, mol\u00e9culas muito vers\u00e1teis para a s\u00edntese org\u00e2nica. Como metais de transi\u00e7\u00e3o ser\u00e3o investigados o pal\u00e1dio e o cobre. Eventualmente, solventes verdes como o pr\u00f3prio glicerol ser\u00e3o investigados para a transforma\u00e7\u00e3o ora proposta.<\/p>\n<p><a href=\"https:\/\/institucional.ufpel.edu.br\/projetos\/id\/p7821\">Projeto 1<\/a><\/p>\n<h3>Linha 3: Qu\u00edmica Te\u00f3rica e Computacional<\/h3>\n<ul>\n<li>Estudo te\u00f3rico de processos de transfer\u00eancia de carga e energia<\/li>\n<\/ul>\n<p>Uso de m\u00e9todos de din\u00e2mica (cl\u00e1ssica e qu\u00e2ntica) para tratar processos de transfer\u00eancia de carga e energia, utilizando m\u00e9todos n\u00e3o-adiab\u00e1ticos em sistemas moleculares de larga escala.<\/p>\n<ul>\n<li>Caracteriza\u00e7\u00e3o de sistemas moleculares<\/li>\n<\/ul>\n<p>Utiliza\u00e7\u00e3o de m\u00e9todos de estrutura eletr\u00f4nica para estudar propriedades moleculares (geom\u00e9tricas e eletr\u00f4nicas) e m\u00e9todos cl\u00e1ssicos (din\u00e2mica molecular cl\u00e1ssica e docking) para o estudo de sistemas moleculares<\/p>\n<ul>\n<li>Desenvolvimento de m\u00e9todos em Qu\u00edmica Computacional<\/li>\n<\/ul>\n<p>Desenvolver m\u00e9todos e novos c\u00f3digos computacionais de relev\u00e2ncia em Qu\u00edmica.<\/p>\n<p><a href=\"https:\/\/institucional.ufpel.edu.br\/projetos\/id\/p8081\">Projeto 1<\/a><\/p>\n","protected":false},"excerpt":{"rendered":"<p>Nosso grupo possui linhas de pesquisa interdisciplinares envolvendo principalmente Qu\u00edmica Inorg\u00e2nica, Org\u00e2nica e F\u00edsico-Qu\u00edmica. Linha 1: Estudos em Bioinorg\u00e2nica, Cat\u00e1lise e Farmacologia 1. Desenvolvimento de novas metalodrogas: Atuamos no desenvolvimento de novos complexos baseados em metais essenciais contendo ligantes especialmente planejados para atuarem como potenciais metalodrogas com atividades antitumorais. 2. Desenvolvimento de novos complexos de [&hellip;]<\/p>\n","protected":false},"author":937,"featured_media":0,"parent":0,"menu_order":0,"comment_status":"closed","ping_status":"closed","template":"","meta":{"footnotes":""},"class_list":["post-9","page","type-page","status-publish","hentry"],"jetpack_sharing_enabled":true,"_links":{"self":[{"href":"https:\/\/wp.ufpel.edu.br\/gcate\/wp-json\/wp\/v2\/pages\/9","targetHints":{"allow":["GET"]}}],"collection":[{"href":"https:\/\/wp.ufpel.edu.br\/gcate\/wp-json\/wp\/v2\/pages"}],"about":[{"href":"https:\/\/wp.ufpel.edu.br\/gcate\/wp-json\/wp\/v2\/types\/page"}],"author":[{"embeddable":true,"href":"https:\/\/wp.ufpel.edu.br\/gcate\/wp-json\/wp\/v2\/users\/937"}],"replies":[{"embeddable":true,"href":"https:\/\/wp.ufpel.edu.br\/gcate\/wp-json\/wp\/v2\/comments?post=9"}],"version-history":[{"count":14,"href":"https:\/\/wp.ufpel.edu.br\/gcate\/wp-json\/wp\/v2\/pages\/9\/revisions"}],"predecessor-version":[{"id":198,"href":"https:\/\/wp.ufpel.edu.br\/gcate\/wp-json\/wp\/v2\/pages\/9\/revisions\/198"}],"wp:attachment":[{"href":"https:\/\/wp.ufpel.edu.br\/gcate\/wp-json\/wp\/v2\/media?parent=9"}],"curies":[{"name":"wp","href":"https:\/\/api.w.org\/{rel}","templated":true}]}}