{"id":2900,"date":"2023-05-03T09:03:22","date_gmt":"2023-05-03T12:03:22","guid":{"rendered":"https:\/\/wp.ufpel.edu.br\/gbiotec\/?page_id=2900"},"modified":"2025-04-30T10:28:00","modified_gmt":"2025-04-30T13:28:00","slug":"coordenacoes-anteriores","status":"publish","type":"page","link":"https:\/\/wp.ufpel.edu.br\/gbiotec\/estrutura-organizacional\/coordenacao\/coordenacoes-anteriores\/","title":{"rendered":"Coordena\u00e7\u00f5es anteriores"},"content":{"rendered":"<p style=\"text-align: center;\"><span style=\"color: #000000;\">Hist\u00f3rico das Coordena\u00e7\u00f5es anteriores<\/span><\/p>\n<p>&nbsp;<\/p>\n<ul>\n<li><span style=\"color: #000000;\">Gest\u00e3o 2023 &#8211; 2025<\/span><\/li>\n<\/ul>\n<p><span style=\"color: #000000;\">Profa. Tha\u00eds Larr\u00e9 Oliveira Bohn &#8211; <em>Coordenadora<\/em><\/span><\/p>\n<p><span style=\"color: #000000;\">Profa. Mariana H\u00e4rter Remi\u00e3o &#8211; <em>Coordenadora Adjunta<\/em><\/span><\/p>\n<p>&nbsp;<\/p>\n<ul>\n<li><span style=\"color: #000000;\">Gest\u00e3o 2021 &#8211; 2023<\/span><\/li>\n<\/ul>\n<p><span style=\"color: #000000;\">Profa. Vanessa Galli &#8211; <em>Coordenadora<\/em><\/span><\/p>\n<p><span style=\"color: #000000;\">Profa. Tha\u00eds Larr\u00e9 Oliveira Bohn &#8211; <em>Coordenadora Adjunta<\/em><\/span><\/p>\n<p>&nbsp;<\/p>\n<ul>\n<li><span style=\"color: #000000;\">Gest\u00e3o 2019 &#8211; 2021<\/span><\/li>\n<\/ul>\n<p><span style=\"color: #000000;\">Profa. Priscila Marques Moura de Leon &#8211; <em>Coordenadora<\/em><\/span><\/p>\n<p><span style=\"color: #000000;\">Profa. Vanessa Galli &#8211; <em>Coordenadora Adjunta<\/em><\/span><\/p>\n<p>&nbsp;<\/p>\n<ul>\n<li><span style=\"color: #000000;\">Gest\u00e3o 2017 &#8211; 2019<\/span><\/li>\n<\/ul>\n<p><span style=\"color: #000000;\">Profa. Priscila Marques Moura de Leon &#8211; <em>Coordenadora<\/em><\/span><\/p>\n<p><span style=\"color: #000000;\">Profa. Sibele Borsuk &#8211; <em>Coordenadora Adjunta<\/em><\/span><\/p>\n<p>&nbsp;<\/p>\n<ul>\n<li><span style=\"color: #000000;\">Gest\u00e3o 2014 &#8211; 2017<\/span><\/li>\n<\/ul>\n<p><span style=\"color: #000000;\">Profa. Cl\u00e1udia Pinho Hartleben &#8211; <em>Coordenadora<\/em> (novembro de 2014 a maio de 2015)<\/span><\/p>\n<p><span style=\"color: #000000;\">Prof. Luciano da Silva Pinto &#8211; <em>Coordenador<\/em> (a partir de maio de 2015)<\/span><\/p>\n<p><span style=\"color: #000000;\">Profa. Marta Gon\u00e7alves Amaral &#8211; <em>Coordenadora Adjunta<\/em><\/span><\/p>\n<p>&nbsp;<\/p>\n<ul>\n<li><span style=\"color: #000000;\">Gest\u00e3o 2012 &#8211; 2014<\/span><\/li>\n<\/ul>\n<p><span style=\"color: #000000;\">Prof. Luciano da Silva Pinto &#8211; <em>Coordenador<\/em><\/span><\/p>\n<p><span style=\"color: #000000;\">Profa. Luciana Bicca Dode &#8211; <em>Coordenadora Adjunta<\/em><\/span><\/p>\n<p>&nbsp;<\/p>\n<ul>\n<li><span style=\"color: #000000;\">Gest\u00e3o 2010 &#8211; 2012<\/span><\/li>\n<\/ul>\n<p><span style=\"color: #000000;\">Prof. Tiago Veiras Collares &#8211; <em>Coordenador<\/em><\/span><\/p>\n<p><span style=\"color: #000000;\">Prof. Luciano da Silva Pinto &#8211; <em>Coordenador Adjunto<\/em><\/span><\/p>\n<p>&nbsp;<\/p>\n<ul>\n<li><span style=\"color: #000000;\">Gest\u00e3o 2008 &#8211; 2010<\/span><\/li>\n<\/ul>\n<p><span style=\"color: #000000;\">Prof. Tiago Veiras Collares &#8211; <em>Coordenador<\/em><\/span><\/p>\n","protected":false},"excerpt":{"rendered":"<p>Hist\u00f3rico das Coordena\u00e7\u00f5es anteriores &nbsp; Gest\u00e3o 2023 &#8211; 2025 Profa. Tha\u00eds Larr\u00e9 Oliveira Bohn &#8211; Coordenadora Profa. Mariana H\u00e4rter Remi\u00e3o &#8211; Coordenadora Adjunta &nbsp; Gest\u00e3o 2021 &#8211; 2023 Profa. Vanessa Galli &#8211; Coordenadora Profa. Tha\u00eds Larr\u00e9 Oliveira Bohn &#8211; Coordenadora Adjunta &nbsp; Gest\u00e3o 2019 &#8211; 2021 Profa. Priscila Marques Moura de Leon &#8211; Coordenadora Profa. [&hellip;]<\/p>\n","protected":false},"author":866,"featured_media":0,"parent":492,"menu_order":0,"comment_status":"closed","ping_status":"closed","template":"","meta":{"footnotes":""},"class_list":["post-2900","page","type-page","status-publish","hentry"],"jetpack_sharing_enabled":true,"_links":{"self":[{"href":"https:\/\/wp.ufpel.edu.br\/gbiotec\/wp-json\/wp\/v2\/pages\/2900","targetHints":{"allow":["GET"]}}],"collection":[{"href":"https:\/\/wp.ufpel.edu.br\/gbiotec\/wp-json\/wp\/v2\/pages"}],"about":[{"href":"https:\/\/wp.ufpel.edu.br\/gbiotec\/wp-json\/wp\/v2\/types\/page"}],"author":[{"embeddable":true,"href":"https:\/\/wp.ufpel.edu.br\/gbiotec\/wp-json\/wp\/v2\/users\/866"}],"replies":[{"embeddable":true,"href":"https:\/\/wp.ufpel.edu.br\/gbiotec\/wp-json\/wp\/v2\/comments?post=2900"}],"version-history":[{"count":9,"href":"https:\/\/wp.ufpel.edu.br\/gbiotec\/wp-json\/wp\/v2\/pages\/2900\/revisions"}],"predecessor-version":[{"id":4464,"href":"https:\/\/wp.ufpel.edu.br\/gbiotec\/wp-json\/wp\/v2\/pages\/2900\/revisions\/4464"}],"up":[{"embeddable":true,"href":"https:\/\/wp.ufpel.edu.br\/gbiotec\/wp-json\/wp\/v2\/pages\/492"}],"wp:attachment":[{"href":"https:\/\/wp.ufpel.edu.br\/gbiotec\/wp-json\/wp\/v2\/media?parent=2900"}],"curies":[{"name":"wp","href":"https:\/\/api.w.org\/{rel}","templated":true}]}}