{"id":2839,"date":"2020-12-30T14:48:12","date_gmt":"2020-12-30T17:48:12","guid":{"rendered":"https:\/\/wp.ufpel.edu.br\/gbiotec\/?page_id=2839"},"modified":"2025-02-27T14:49:27","modified_gmt":"2025-02-27T17:49:27","slug":"estagio-nao-obrigatorio","status":"publish","type":"page","link":"https:\/\/wp.ufpel.edu.br\/gbiotec\/estrutura-curricular\/estagio-nao-obrigatorio\/","title":{"rendered":"Est\u00e1gio N\u00e3o Obrigat\u00f3rio"},"content":{"rendered":"<p style=\"text-align: justify;\"><span style=\"color: #000000;\">O est\u00e1gio n\u00e3o obrigat\u00f3rio \u00e9 aquele desenvolvido como atividade opcional, acrescida \u00e0 carga hor\u00e1ria regular e obrigat\u00f3ria. Este tem por finalidade complementar a forma\u00e7\u00e3o acad\u00eamica do estudante.<\/span><\/p>\n<p>&nbsp;<\/p>\n<p style=\"text-align: justify;\"><span style=\"color: #000000;\"><em>Documentos:<\/em><\/span><\/p>\n<p style=\"text-align: justify;\"><span style=\"color: #000000;\"><a style=\"color: #000000;\" href=\"https:\/\/wp.ufpel.edu.br\/gbiotec\/files\/2020\/12\/Termo-de-Compromisso-UFPel-modelo.doc\">Termo de compromisso<\/a><\/span><\/p>\n<p><span style=\"color: #000000;\"><a style=\"color: #000000;\" href=\"https:\/\/wp.ufpel.edu.br\/gbiotec\/files\/2022\/06\/Plano-de-Trabalho-modelo.doc\">Plano de Trabalho<\/a><\/span><\/p>\n<p><span style=\"color: #000000;\"><a style=\"color: #000000;\" href=\"https:\/\/wp.ufpel.edu.br\/gbiotec\/files\/2020\/09\/Relatorio-Final-do-Estagio-modelo.doc\">Relat\u00f3rio de est\u00e1gio (modelo)<\/a><\/span><\/p>\n<p>&nbsp;<\/p>\n<p><span style=\"color: #000000;\"><em>Normativas:<\/em><\/span><\/p>\n<p><span style=\"color: #000000;\"><a style=\"color: #000000;\" href=\"https:\/\/wp.ufpel.edu.br\/gbiotec\/files\/2025\/02\/Resolucao-87-2025-Estagios-para-alunos-da-UFPel.pdf\">Resolu\u00e7\u00e3o 87\/2025 Est\u00e1gios obrigat\u00f3rio e n\u00e3o obrigat\u00f3rio para alunos da UFPel<\/a><\/span><\/p>\n<p><span style=\"color: #000000;\"><a style=\"color: #000000;\" href=\"https:\/\/wp.ufpel.edu.br\/gbiotec\/files\/2024\/07\/Resolucao-2009_03-Estagios-obrigatorios-e-nao-obrigatorios-concedidos-UFPel.pdf\">Resolu\u00e7\u00e3o 03\/2009 &#8211; Est\u00e1gios obrigat\u00f3rios e n\u00e3o obrigat\u00f3rios concedidos UFPel<\/a><\/span><\/p>\n<p>&nbsp;<\/p>\n","protected":false},"excerpt":{"rendered":"<p>O est\u00e1gio n\u00e3o obrigat\u00f3rio \u00e9 aquele desenvolvido como atividade opcional, acrescida \u00e0 carga hor\u00e1ria regular e obrigat\u00f3ria. Este tem por finalidade complementar a forma\u00e7\u00e3o acad\u00eamica do estudante. &nbsp; Documentos: Termo de compromisso Plano de Trabalho Relat\u00f3rio de est\u00e1gio (modelo) &nbsp; Normativas: Resolu\u00e7\u00e3o 87\/2025 Est\u00e1gios obrigat\u00f3rio e n\u00e3o obrigat\u00f3rio para alunos da UFPel Resolu\u00e7\u00e3o 03\/2009 &#8211; [&hellip;]<\/p>\n","protected":false},"author":866,"featured_media":0,"parent":296,"menu_order":2,"comment_status":"closed","ping_status":"closed","template":"","meta":{"footnotes":""},"class_list":["post-2839","page","type-page","status-publish","hentry"],"jetpack_sharing_enabled":true,"_links":{"self":[{"href":"https:\/\/wp.ufpel.edu.br\/gbiotec\/wp-json\/wp\/v2\/pages\/2839","targetHints":{"allow":["GET"]}}],"collection":[{"href":"https:\/\/wp.ufpel.edu.br\/gbiotec\/wp-json\/wp\/v2\/pages"}],"about":[{"href":"https:\/\/wp.ufpel.edu.br\/gbiotec\/wp-json\/wp\/v2\/types\/page"}],"author":[{"embeddable":true,"href":"https:\/\/wp.ufpel.edu.br\/gbiotec\/wp-json\/wp\/v2\/users\/866"}],"replies":[{"embeddable":true,"href":"https:\/\/wp.ufpel.edu.br\/gbiotec\/wp-json\/wp\/v2\/comments?post=2839"}],"version-history":[{"count":25,"href":"https:\/\/wp.ufpel.edu.br\/gbiotec\/wp-json\/wp\/v2\/pages\/2839\/revisions"}],"predecessor-version":[{"id":4405,"href":"https:\/\/wp.ufpel.edu.br\/gbiotec\/wp-json\/wp\/v2\/pages\/2839\/revisions\/4405"}],"up":[{"embeddable":true,"href":"https:\/\/wp.ufpel.edu.br\/gbiotec\/wp-json\/wp\/v2\/pages\/296"}],"wp:attachment":[{"href":"https:\/\/wp.ufpel.edu.br\/gbiotec\/wp-json\/wp\/v2\/media?parent=2839"}],"curies":[{"name":"wp","href":"https:\/\/api.w.org\/{rel}","templated":true}]}}