{"id":281,"date":"2023-05-03T09:05:16","date_gmt":"2023-05-03T12:05:16","guid":{"rendered":"https:\/\/wp.ufpel.edu.br\/gbiotec\/?page_id=281"},"modified":"2025-04-30T10:37:17","modified_gmt":"2025-04-30T13:37:17","slug":"colegiado","status":"publish","type":"page","link":"https:\/\/wp.ufpel.edu.br\/gbiotec\/estrutura-organizacional\/colegiado\/","title":{"rendered":"Colegiado do Curso"},"content":{"rendered":"<p style=\"text-align: justify;\"><span style=\"color: #000000;\">O colegiado do curso \u00e9 o \u00f3rg\u00e3o consultivo, deliberativo e de execu\u00e7\u00e3o das atividades pol\u00edtico-administrativas e acad\u00eamicas, de coordena\u00e7\u00e3o did\u00e1tica e pedag\u00f3gica que tem por finalidade superintender o ensino, a pesquisa e a extens\u00e3o no \u00e2mbito de cada curso.<\/span><\/p>\n<p style=\"text-align: justify;\"><span style=\"color: #000000;\">O Colegiado do Curso de Biotecnologia \u00e9 composto pelos seguintes membros, conforme Portaria interna n\u00ba 57, de 25 de abril de 2025:<\/span><\/p>\n<ul style=\"text-align: justify;\">\n<li><span style=\"color: #000000;\">Prof\u00aa. Mariana H\u00e4rter Remi\u00e3o (coordenadora)<\/span><\/li>\n<li><span style=\"color: #000000;\">Prof\u00aa. Tha\u00eds Larr\u00e9 Oliveira Bohn (coordenadora adjunta)<\/span><\/li>\n<li><span style=\"color: #000000;\">Prof. Alan John Alexander McBride<\/span><\/li>\n<li><span style=\"color: #000000;\">Prof\u00aa. Fabiana K\u00f6mmling Seixas<\/span><\/li>\n<li><span style=\"color: #000000;\">Prof. F\u00e1bio Pereira Leivas Leite<\/span><\/li>\n<li><span style=\"color: #000000;\">Prof. Fabricio Rochedo Concei\u00e7\u00e3o<\/span><\/li>\n<li><span style=\"color: #000000;\">Prof. Frederico Schmitt Kremer<\/span><\/li>\n<li><span style=\"color: #000000;\">Prof\u00aa. Luciana Bicca Dode<\/span><\/li>\n<li><span style=\"color: #000000;\">Prof. Luciano Silva Pinto<\/span><\/li>\n<li><span style=\"color: #000000;\">Prof\u00aa. Lucielli Savegnago<\/span><\/li>\n<li><span style=\"color: #000000;\">Prof\u00aa. Marta Gon\u00e7alves Amaral<\/span><\/li>\n<li><span style=\"color: #000000;\">Prof. Odir Antonio Dellagostin<\/span><\/li>\n<li><span style=\"color: #000000;\">Prof\u00aa. Patr\u00edcia Silva Diaz<\/span><\/li>\n<li><span style=\"color: #000000;\">Prof\u00aa. Priscila Marques Moura de Leon<\/span><\/li>\n<li><span style=\"color: #000000;\">Prof\u00aa. Sibele Borsuk<\/span><\/li>\n<li><span style=\"color: #000000;\">Prof. Tiago Veiras Collares<\/span><\/li>\n<li><span style=\"color: #000000;\">Profa. Vanessa Galli<\/span><\/li>\n<li><span style=\"color: #000000;\">Prof. Vinicius Farias Campos<\/span><\/li>\n<li><span style=\"color: #000000;\">Acad. Chrystian Nunes Gon\u00e7alves (titular)<\/span><\/li>\n<li><span style=\"color: #000000;\">Acad. Jo\u00e3o Pedro Gomes Greco (suplente)<\/span><\/li>\n<\/ul>\n<p>&nbsp;<\/p>\n<p><span style=\"color: #000000;\"><em>Documentos<\/em>:<\/span><\/p>\n<p><span style=\"color: #000000;\"><a style=\"color: #000000;\" href=\"https:\/\/wp.ufpel.edu.br\/gbiotec\/files\/2025\/04\/Portaria-Colegiado-57-2025.pdf\">Portaria interna n\u00ba 57, de 25 de abril de 2025<\/a><\/span><\/p>\n<p><span style=\"color: #000000;\"><a style=\"color: #000000;\" href=\"https:\/\/wp.ufpel.edu.br\/gbiotec\/files\/2021\/04\/Regimento-Colegiado-Curso.pdf\">Regimento Colegiado do Curso de Biotecnologia<\/a><\/span><\/p>\n","protected":false},"excerpt":{"rendered":"<p>O colegiado do curso \u00e9 o \u00f3rg\u00e3o consultivo, deliberativo e de execu\u00e7\u00e3o das atividades pol\u00edtico-administrativas e acad\u00eamicas, de coordena\u00e7\u00e3o did\u00e1tica e pedag\u00f3gica que tem por finalidade superintender o ensino, a pesquisa e a extens\u00e3o no \u00e2mbito de cada curso. O Colegiado do Curso de Biotecnologia \u00e9 composto pelos seguintes membros, conforme Portaria interna n\u00ba 57, [&hellip;]<\/p>\n","protected":false},"author":866,"featured_media":0,"parent":278,"menu_order":2,"comment_status":"closed","ping_status":"closed","template":"","meta":{"footnotes":""},"class_list":["post-281","page","type-page","status-publish","hentry"],"jetpack_sharing_enabled":true,"_links":{"self":[{"href":"https:\/\/wp.ufpel.edu.br\/gbiotec\/wp-json\/wp\/v2\/pages\/281","targetHints":{"allow":["GET"]}}],"collection":[{"href":"https:\/\/wp.ufpel.edu.br\/gbiotec\/wp-json\/wp\/v2\/pages"}],"about":[{"href":"https:\/\/wp.ufpel.edu.br\/gbiotec\/wp-json\/wp\/v2\/types\/page"}],"author":[{"embeddable":true,"href":"https:\/\/wp.ufpel.edu.br\/gbiotec\/wp-json\/wp\/v2\/users\/866"}],"replies":[{"embeddable":true,"href":"https:\/\/wp.ufpel.edu.br\/gbiotec\/wp-json\/wp\/v2\/comments?post=281"}],"version-history":[{"count":29,"href":"https:\/\/wp.ufpel.edu.br\/gbiotec\/wp-json\/wp\/v2\/pages\/281\/revisions"}],"predecessor-version":[{"id":4472,"href":"https:\/\/wp.ufpel.edu.br\/gbiotec\/wp-json\/wp\/v2\/pages\/281\/revisions\/4472"}],"up":[{"embeddable":true,"href":"https:\/\/wp.ufpel.edu.br\/gbiotec\/wp-json\/wp\/v2\/pages\/278"}],"wp:attachment":[{"href":"https:\/\/wp.ufpel.edu.br\/gbiotec\/wp-json\/wp\/v2\/media?parent=281"}],"curies":[{"name":"wp","href":"https:\/\/api.w.org\/{rel}","templated":true}]}}