{"id":2221,"date":"2019-09-10T15:03:04","date_gmt":"2019-09-10T18:03:04","guid":{"rendered":"https:\/\/wp.ufpel.edu.br\/gbiotec\/?page_id=2221"},"modified":"2021-10-20T19:08:19","modified_gmt":"2021-10-20T22:08:19","slug":"2019-2","status":"publish","type":"page","link":"https:\/\/wp.ufpel.edu.br\/gbiotec\/eventos\/espaco-ciencia\/2019-2\/","title":{"rendered":"2019"},"content":{"rendered":"<p style=\"text-align: center\"><span style=\"color: #000000\"><strong><em>V Espa\u00e7o Ci\u00eancia<\/em><\/strong><\/span><\/p>\n<p style=\"text-align: center\"><span style=\"color: #000000\"><em>Data: 13 de novembro de 2019<\/em><\/span><\/p>\n<p style=\"text-align: center\"><span style=\"color: #000000\"><em>Local: Pelotas Parque Tecnol\u00f3gico<\/em><\/span><\/p>\n<p>\u00a0 \u00a0 \u00a0 \u00a0 \u00a0 \u00a0 \u00a0<img class=\"alignnone wp-image-2225\" src=\"https:\/\/wp.ufpel.edu.br\/gbiotec\/files\/2019\/09\/2019-400x300.jpg\" alt=\"\" width=\"340\" height=\"255\" srcset=\"https:\/\/wp.ufpel.edu.br\/gbiotec\/files\/2019\/09\/2019-400x300.jpg 400w, https:\/\/wp.ufpel.edu.br\/gbiotec\/files\/2019\/09\/2019.jpg 640w\" sizes=\"(max-width: 340px) 100vw, 340px\" \/>\u00a0 \u00a0 <img class=\"alignnone wp-image-2226\" src=\"https:\/\/wp.ufpel.edu.br\/gbiotec\/files\/2019\/09\/2019-3-400x400.png\" alt=\"\" width=\"255\" height=\"255\" srcset=\"https:\/\/wp.ufpel.edu.br\/gbiotec\/files\/2019\/09\/2019-3-400x400.png 400w, https:\/\/wp.ufpel.edu.br\/gbiotec\/files\/2019\/09\/2019-3-200x200.png 200w, https:\/\/wp.ufpel.edu.br\/gbiotec\/files\/2019\/09\/2019-3.png 595w\" sizes=\"(max-width: 255px) 100vw, 255px\" \/><\/p>\n","protected":false},"excerpt":{"rendered":"<p>V Espa\u00e7o Ci\u00eancia Data: 13 de novembro de 2019 Local: Pelotas Parque Tecnol\u00f3gico \u00a0 \u00a0 \u00a0 \u00a0 \u00a0 \u00a0 \u00a0\u00a0 \u00a0<\/p>\n","protected":false},"author":866,"featured_media":0,"parent":2188,"menu_order":5,"comment_status":"closed","ping_status":"closed","template":"","meta":{"footnotes":""},"class_list":["post-2221","page","type-page","status-publish","hentry"],"jetpack_sharing_enabled":true,"_links":{"self":[{"href":"https:\/\/wp.ufpel.edu.br\/gbiotec\/wp-json\/wp\/v2\/pages\/2221","targetHints":{"allow":["GET"]}}],"collection":[{"href":"https:\/\/wp.ufpel.edu.br\/gbiotec\/wp-json\/wp\/v2\/pages"}],"about":[{"href":"https:\/\/wp.ufpel.edu.br\/gbiotec\/wp-json\/wp\/v2\/types\/page"}],"author":[{"embeddable":true,"href":"https:\/\/wp.ufpel.edu.br\/gbiotec\/wp-json\/wp\/v2\/users\/866"}],"replies":[{"embeddable":true,"href":"https:\/\/wp.ufpel.edu.br\/gbiotec\/wp-json\/wp\/v2\/comments?post=2221"}],"version-history":[{"count":5,"href":"https:\/\/wp.ufpel.edu.br\/gbiotec\/wp-json\/wp\/v2\/pages\/2221\/revisions"}],"predecessor-version":[{"id":3430,"href":"https:\/\/wp.ufpel.edu.br\/gbiotec\/wp-json\/wp\/v2\/pages\/2221\/revisions\/3430"}],"up":[{"embeddable":true,"href":"https:\/\/wp.ufpel.edu.br\/gbiotec\/wp-json\/wp\/v2\/pages\/2188"}],"wp:attachment":[{"href":"https:\/\/wp.ufpel.edu.br\/gbiotec\/wp-json\/wp\/v2\/media?parent=2221"}],"curies":[{"name":"wp","href":"https:\/\/api.w.org\/{rel}","templated":true}]}}