{"id":1993,"date":"2019-08-08T09:58:27","date_gmt":"2019-08-08T12:58:27","guid":{"rendered":"https:\/\/wp.ufpel.edu.br\/gbiotec\/?page_id=1993"},"modified":"2025-10-22T16:09:30","modified_gmt":"2025-10-22T19:09:30","slug":"sala-de-esterilizacao-predio-20","status":"publish","type":"page","link":"https:\/\/wp.ufpel.edu.br\/gbiotec\/infraestrutura\/apoio-tecnico\/sala-de-esterilizacao-predio-20\/","title":{"rendered":"Sala de esteriliza\u00e7\u00e3o &#8211; pr\u00e9dio 20"},"content":{"rendered":"<p><img class=\"alignnone wp-image-1998\" src=\"https:\/\/wp.ufpel.edu.br\/gbiotec\/files\/2019\/08\/20190805_082717-400x252.jpg\" alt=\"\" width=\"293\" height=\"185\" srcset=\"https:\/\/wp.ufpel.edu.br\/gbiotec\/files\/2019\/08\/20190805_082717-400x252.jpg 400w, https:\/\/wp.ufpel.edu.br\/gbiotec\/files\/2019\/08\/20190805_082717-768x484.jpg 768w, https:\/\/wp.ufpel.edu.br\/gbiotec\/files\/2019\/08\/20190805_082717-1024x645.jpg 1024w\" sizes=\"(max-width: 293px) 100vw, 293px\" \/>\u00a0 \u00a0 <img class=\"alignnone wp-image-1999\" src=\"https:\/\/wp.ufpel.edu.br\/gbiotec\/files\/2019\/08\/20190805_082659-400x241.jpg\" alt=\"\" width=\"307\" height=\"185\" srcset=\"https:\/\/wp.ufpel.edu.br\/gbiotec\/files\/2019\/08\/20190805_082659-400x241.jpg 400w, https:\/\/wp.ufpel.edu.br\/gbiotec\/files\/2019\/08\/20190805_082659-768x462.jpg 768w, https:\/\/wp.ufpel.edu.br\/gbiotec\/files\/2019\/08\/20190805_082659-1024x616.jpg 1024w\" sizes=\"(max-width: 307px) 100vw, 307px\" \/><\/p>\n<p><span style=\"color: #000000;\"><strong>Unidade:<\/strong>\u00a0Centro de Desenvolvimento Tecnol\u00f3gico (CDTec)<\/span><br \/>\n<span style=\"color: #000000;\"><strong>Curso:<\/strong> Biotecnologia<\/span><\/p>\n<p style=\"text-align: justify;\"><span style=\"color: #000000;\"><strong>Descri\u00e7\u00e3o: <\/strong>Setor destinado \u00e0 limpeza, acondicionamento, esteriliza\u00e7\u00e3o e distribui\u00e7\u00e3o de todos os materiais dos laborat\u00f3rios do pr\u00e9dio 20.<\/span><\/p>\n<p><span style=\"color: #000000;\"><strong>Localiza\u00e7\u00e3o<\/strong><\/span><br \/>\n<span style=\"color: #000000;\"><strong>Campus:<\/strong>\u00a0Cap\u00e3o do Le\u00e3o<\/span><br \/>\n<span style=\"color: #000000;\"><strong>Pr\u00e9dio:<\/strong> 20<\/span><\/p>\n<p><span style=\"color: #000000;\"><strong>Equipamentos<\/strong><\/span><br \/>\n<span style=\"color: #000000;\">Autoclave<\/span><br \/>\n<span style=\"color: #000000;\">Destilador de \u00e1gua<\/span><br \/>\n<span style=\"color: #000000;\">Sistema de purifica\u00e7\u00e3o de \u00e1gua (ultrapura) Milli-Q<\/span><br \/>\n<span style=\"color: #000000;\">Freezer<\/span><\/p>\n","protected":false},"excerpt":{"rendered":"<p>\u00a0 \u00a0 Unidade:\u00a0Centro de Desenvolvimento Tecnol\u00f3gico (CDTec) Curso: Biotecnologia Descri\u00e7\u00e3o: Setor destinado \u00e0 limpeza, acondicionamento, esteriliza\u00e7\u00e3o e distribui\u00e7\u00e3o de todos os materiais dos laborat\u00f3rios do pr\u00e9dio 20. Localiza\u00e7\u00e3o Campus:\u00a0Cap\u00e3o do Le\u00e3o Pr\u00e9dio: 20 Equipamentos Autoclave Destilador de \u00e1gua Sistema de purifica\u00e7\u00e3o de \u00e1gua (ultrapura) Milli-Q Freezer<\/p>\n","protected":false},"author":866,"featured_media":0,"parent":3052,"menu_order":4,"comment_status":"closed","ping_status":"closed","template":"","meta":{"footnotes":""},"class_list":["post-1993","page","type-page","status-publish","hentry"],"jetpack_sharing_enabled":true,"_links":{"self":[{"href":"https:\/\/wp.ufpel.edu.br\/gbiotec\/wp-json\/wp\/v2\/pages\/1993","targetHints":{"allow":["GET"]}}],"collection":[{"href":"https:\/\/wp.ufpel.edu.br\/gbiotec\/wp-json\/wp\/v2\/pages"}],"about":[{"href":"https:\/\/wp.ufpel.edu.br\/gbiotec\/wp-json\/wp\/v2\/types\/page"}],"author":[{"embeddable":true,"href":"https:\/\/wp.ufpel.edu.br\/gbiotec\/wp-json\/wp\/v2\/users\/866"}],"replies":[{"embeddable":true,"href":"https:\/\/wp.ufpel.edu.br\/gbiotec\/wp-json\/wp\/v2\/comments?post=1993"}],"version-history":[{"count":4,"href":"https:\/\/wp.ufpel.edu.br\/gbiotec\/wp-json\/wp\/v2\/pages\/1993\/revisions"}],"predecessor-version":[{"id":4639,"href":"https:\/\/wp.ufpel.edu.br\/gbiotec\/wp-json\/wp\/v2\/pages\/1993\/revisions\/4639"}],"up":[{"embeddable":true,"href":"https:\/\/wp.ufpel.edu.br\/gbiotec\/wp-json\/wp\/v2\/pages\/3052"}],"wp:attachment":[{"href":"https:\/\/wp.ufpel.edu.br\/gbiotec\/wp-json\/wp\/v2\/media?parent=1993"}],"curies":[{"name":"wp","href":"https:\/\/api.w.org\/{rel}","templated":true}]}}