{"id":173,"date":"2018-07-13T14:27:20","date_gmt":"2018-07-13T17:27:20","guid":{"rendered":"https:\/\/wp.ufpel.edu.br\/gbiotec\/?page_id=173"},"modified":"2021-04-09T17:34:42","modified_gmt":"2021-04-09T20:34:42","slug":"bioinformatica","status":"publish","type":"page","link":"https:\/\/wp.ufpel.edu.br\/gbiotec\/infraestrutura\/ensino\/bioinformatica\/","title":{"rendered":"Laborat\u00f3rio de Bioinform\u00e1tica"},"content":{"rendered":"<p><img class=\"\" src=\"https:\/\/wp.ufpel.edu.br\/ppgbiotec\/files\/2016\/12\/img_bioinformatica_2-424x318.jpg\" width=\"267\" height=\"200\" \/>\u00a0 \u00a0 \u00a0<img class=\"alignnone\" src=\"https:\/\/wp.ufpel.edu.br\/ppgbiotec\/files\/2016\/12\/img_bioinformatica_1-424x318.jpg\" width=\"267\" height=\"200\" \/><\/p>\n<p><span style=\"color: #000000\"><strong>Unidade:<\/strong> Centro de Desenvolvimento Tecnol\u00f3gico (CDTec)<\/span><br \/>\n<span style=\"color: #000000\"> <strong>Curso:<\/strong> Biotecnologia<\/span><br \/>\n<span style=\"color: #000000\"> <strong>C\u00f3digo NULAB:<\/strong>\u00a090153<\/span><\/p>\n<p><span style=\"color: #000000\"><strong>Descri\u00e7\u00e3o: <\/strong>O Laborat\u00f3rio de Bioinform\u00e1tica \u00e9 destinado para as aulas do Curso de Gradua\u00e7\u00e3o em Biotecnologia e do Programa de P\u00f3s-Gradua\u00e7\u00e3o em Biotecnologia.<\/span><\/p>\n<p><span style=\"color: #000000\"><strong>Localiza\u00e7\u00e3o<\/strong><\/span><br \/>\n<span style=\"color: #000000\"> <strong>Campus:<\/strong>\u00a0Cap\u00e3o do Le\u00e3o<\/span><br \/>\n<span style=\"color: #000000\"> <strong>Pr\u00e9dio\/Bloco:<\/strong> 19<\/span><\/p>\n<p><span style=\"color: #000000\"><strong>Equipamentos<br \/>\n<\/strong>Computadores<\/span><br \/>\n<span style=\"color: #000000\">Projetor multim\u00eddia<strong><br \/>\n<\/strong>Quadro branco<strong><br \/>\n<\/strong>Ar condicionado<br \/>\n<\/span><\/p>\n","protected":false},"excerpt":{"rendered":"<p>\u00a0 \u00a0 \u00a0 Unidade: Centro de Desenvolvimento Tecnol\u00f3gico (CDTec) Curso: Biotecnologia C\u00f3digo NULAB:\u00a090153 Descri\u00e7\u00e3o: O Laborat\u00f3rio de Bioinform\u00e1tica \u00e9 destinado para as aulas do Curso de Gradua\u00e7\u00e3o em Biotecnologia e do Programa de P\u00f3s-Gradua\u00e7\u00e3o em Biotecnologia. Localiza\u00e7\u00e3o Campus:\u00a0Cap\u00e3o do Le\u00e3o Pr\u00e9dio\/Bloco: 19 Equipamentos Computadores Projetor multim\u00eddia Quadro branco Ar condicionado<\/p>\n","protected":false},"author":667,"featured_media":0,"parent":56,"menu_order":2,"comment_status":"closed","ping_status":"closed","template":"","meta":{"footnotes":""},"class_list":["post-173","page","type-page","status-publish","hentry"],"jetpack_sharing_enabled":true,"_links":{"self":[{"href":"https:\/\/wp.ufpel.edu.br\/gbiotec\/wp-json\/wp\/v2\/pages\/173","targetHints":{"allow":["GET"]}}],"collection":[{"href":"https:\/\/wp.ufpel.edu.br\/gbiotec\/wp-json\/wp\/v2\/pages"}],"about":[{"href":"https:\/\/wp.ufpel.edu.br\/gbiotec\/wp-json\/wp\/v2\/types\/page"}],"author":[{"embeddable":true,"href":"https:\/\/wp.ufpel.edu.br\/gbiotec\/wp-json\/wp\/v2\/users\/667"}],"replies":[{"embeddable":true,"href":"https:\/\/wp.ufpel.edu.br\/gbiotec\/wp-json\/wp\/v2\/comments?post=173"}],"version-history":[{"count":7,"href":"https:\/\/wp.ufpel.edu.br\/gbiotec\/wp-json\/wp\/v2\/pages\/173\/revisions"}],"predecessor-version":[{"id":1955,"href":"https:\/\/wp.ufpel.edu.br\/gbiotec\/wp-json\/wp\/v2\/pages\/173\/revisions\/1955"}],"up":[{"embeddable":true,"href":"https:\/\/wp.ufpel.edu.br\/gbiotec\/wp-json\/wp\/v2\/pages\/56"}],"wp:attachment":[{"href":"https:\/\/wp.ufpel.edu.br\/gbiotec\/wp-json\/wp\/v2\/media?parent=173"}],"curies":[{"name":"wp","href":"https:\/\/api.w.org\/{rel}","templated":true}]}}