{"id":17,"date":"2018-07-13T13:13:24","date_gmt":"2018-07-13T16:13:24","guid":{"rendered":"https:\/\/wp.ufpel.edu.br\/gbiotec\/?page_id=17"},"modified":"2022-08-25T10:28:57","modified_gmt":"2022-08-25T13:28:57","slug":"egressos","status":"publish","type":"page","link":"https:\/\/wp.ufpel.edu.br\/gbiotec\/o-curso\/egressos\/","title":{"rendered":"Egressos"},"content":{"rendered":"<p><span style=\"color: #000000;\">A rela\u00e7\u00e3o dos egressos do curso est\u00e1 dispon\u00edvel em: <\/span><span style=\"color: #000000;\"><span style=\"color: #0000ff;\"><a style=\"color: #0000ff;\" href=\"https:\/\/institucional.ufpel.edu.br\/cursos\/cod\/5700#egressos\">Portal Institucional UFPel &#8211; Biotecnologia<\/a><\/span><\/span><\/p>\n<p style=\"text-align: justify;\"><span style=\"color: #000000;\">O sistema de acompanhamento de egressos proporciona um diagn\u00f3stico de \u00edndices de sucesso na inser\u00e7\u00e3o dos profissionais biotecnologistas no mercado de trabalho, e ainda permite identificar poss\u00edveis melhorias no curso. <\/span><\/p>\n<p style=\"text-align: justify;\"><span style=\"color: #000000;\">Para contribuir com o banco de dados do curso, \u00e9 disponibilizado um espa\u00e7o para registro de informa\u00e7\u00e3o pelos ex-alunos:<\/span> <span style=\"color: #0000ff;\"><a style=\"color: #0000ff;\" href=\"https:\/\/wp.ufpel.edu.br\/egresso\/\">Portal do egresso UFPel<\/a><\/span><\/p>\n<p>&nbsp;<\/p>\n","protected":false},"excerpt":{"rendered":"<p>A rela\u00e7\u00e3o dos egressos do curso est\u00e1 dispon\u00edvel em: Portal Institucional UFPel &#8211; Biotecnologia O sistema de acompanhamento de egressos proporciona um diagn\u00f3stico de \u00edndices de sucesso na inser\u00e7\u00e3o dos profissionais biotecnologistas no mercado de trabalho, e ainda permite identificar poss\u00edveis melhorias no curso. Para contribuir com o banco de dados do curso, \u00e9 disponibilizado [&hellip;]<\/p>\n","protected":false},"author":667,"featured_media":0,"parent":211,"menu_order":5,"comment_status":"closed","ping_status":"closed","template":"","meta":{"footnotes":""},"class_list":["post-17","page","type-page","status-publish","hentry"],"jetpack_sharing_enabled":true,"_links":{"self":[{"href":"https:\/\/wp.ufpel.edu.br\/gbiotec\/wp-json\/wp\/v2\/pages\/17","targetHints":{"allow":["GET"]}}],"collection":[{"href":"https:\/\/wp.ufpel.edu.br\/gbiotec\/wp-json\/wp\/v2\/pages"}],"about":[{"href":"https:\/\/wp.ufpel.edu.br\/gbiotec\/wp-json\/wp\/v2\/types\/page"}],"author":[{"embeddable":true,"href":"https:\/\/wp.ufpel.edu.br\/gbiotec\/wp-json\/wp\/v2\/users\/667"}],"replies":[{"embeddable":true,"href":"https:\/\/wp.ufpel.edu.br\/gbiotec\/wp-json\/wp\/v2\/comments?post=17"}],"version-history":[{"count":26,"href":"https:\/\/wp.ufpel.edu.br\/gbiotec\/wp-json\/wp\/v2\/pages\/17\/revisions"}],"predecessor-version":[{"id":3668,"href":"https:\/\/wp.ufpel.edu.br\/gbiotec\/wp-json\/wp\/v2\/pages\/17\/revisions\/3668"}],"up":[{"embeddable":true,"href":"https:\/\/wp.ufpel.edu.br\/gbiotec\/wp-json\/wp\/v2\/pages\/211"}],"wp:attachment":[{"href":"https:\/\/wp.ufpel.edu.br\/gbiotec\/wp-json\/wp\/v2\/media?parent=17"}],"curies":[{"name":"wp","href":"https:\/\/api.w.org\/{rel}","templated":true}]}}