{"id":157,"date":"2018-07-13T14:14:41","date_gmt":"2018-07-13T17:14:41","guid":{"rendered":"https:\/\/wp.ufpel.edu.br\/gbiotec\/?page_id=157"},"modified":"2025-10-22T16:05:33","modified_gmt":"2025-10-22T19:05:33","slug":"doencas-infecciosas","status":"publish","type":"page","link":"https:\/\/wp.ufpel.edu.br\/gbiotec\/infraestrutura\/pesquisa\/doencas-infecciosas\/","title":{"rendered":"Laborat\u00f3rio de Doen\u00e7as Infecciosas"},"content":{"rendered":"<p><img class=\"alignnone size-thumbnail wp-image-3690\" src=\"https:\/\/wp.ufpel.edu.br\/nulab\/files\/2016\/12\/P1010887-212x159.jpg\" alt=\"p1010887\" width=\"212\" height=\"159\" \/>\u00a0 \u00a0 <img class=\"alignnone size-thumbnail wp-image-3692\" src=\"https:\/\/wp.ufpel.edu.br\/nulab\/files\/2016\/12\/P1010894-212x159.jpg\" alt=\"p1010894\" width=\"212\" height=\"159\" \/><\/p>\n<p><span style=\"color: #000000;\"><strong>Unidade:<\/strong> Centro de Desenvolvimento Tecnol\u00f3gico (CDTec)<\/span><br \/>\n<span style=\"color: #000000;\"> <strong>Curso:<\/strong>\u00a0Biotecnologia<\/span><br \/>\n<span style=\"color: #000000;\"> <strong>Website:<\/strong>\u00a0\u2013<\/span><br \/>\n<span style=\"color: #000000;\"> <strong>C\u00f3digo NULAB:<\/strong>\u00a090157<\/span><\/p>\n<p style=\"text-align: justify;\"><span style=\"color: #000000;\"><strong>Descri\u00e7\u00e3o: <\/strong>O Laborat\u00f3rio de Pesquisa de Doen\u00e7as Infecciosas trabalha com o desenvolvimento de testes diagn\u00f3sticos e vacinas recombinantes, aperfei\u00e7oamento de modelos animais para Leptospirose, desenvolvimento de produtos para avaliar a resposta imune em hamsters e parasitologia Molecular.<strong><br \/>\n<\/strong><\/span><\/p>\n<p><span style=\"color: #000000;\"><strong>Localiza\u00e7\u00e3o<\/strong><\/span><br \/>\n<span style=\"color: #000000;\"> <strong>Campus:<\/strong>\u00a0Cap\u00e3o do Le\u00e3o<\/span><br \/>\n<span style=\"color: #000000;\"> <strong>Pr\u00e9dio:<\/strong> 20<\/span><\/p>\n<p><span style=\"color: #000000;\"><strong>Contato<\/strong><\/span><br \/>\n<span style=\"color: #000000;\"> <strong>Nome:<\/strong>\u00a0Prof.\u00a0Dr. Alan John Alexander McBride<\/span><br \/>\n<span style=\"color: #000000;\"> <strong>E-mail<\/strong>: alanmcb@gmail.com<\/span><\/p>\n<p><span style=\"color: #000000;\"><strong>Equipamentos<br \/>\n<\/strong>Centr\u00edfugas Refrigeradas<\/span><br \/>\n<span style=\"color: #000000;\"> AKTA Start \u2013 Purificador de Prote\u00ednas<\/span><br \/>\n<span style=\"color: #000000;\"> Shaker<\/span><br \/>\n<span style=\"color: #000000;\"> Microscopia<\/span><br \/>\n<span style=\"color: #000000;\"> Termociclador<\/span><\/p>\n","protected":false},"excerpt":{"rendered":"<p>\u00a0 \u00a0 Unidade: Centro de Desenvolvimento Tecnol\u00f3gico (CDTec) Curso:\u00a0Biotecnologia Website:\u00a0\u2013 C\u00f3digo NULAB:\u00a090157 Descri\u00e7\u00e3o: O Laborat\u00f3rio de Pesquisa de Doen\u00e7as Infecciosas trabalha com o desenvolvimento de testes diagn\u00f3sticos e vacinas recombinantes, aperfei\u00e7oamento de modelos animais para Leptospirose, desenvolvimento de produtos para avaliar a resposta imune em hamsters e parasitologia Molecular. Localiza\u00e7\u00e3o Campus:\u00a0Cap\u00e3o do Le\u00e3o Pr\u00e9dio: 20 [&hellip;]<\/p>\n","protected":false},"author":667,"featured_media":0,"parent":53,"menu_order":12,"comment_status":"closed","ping_status":"closed","template":"","meta":{"footnotes":""},"class_list":["post-157","page","type-page","status-publish","hentry"],"jetpack_sharing_enabled":true,"_links":{"self":[{"href":"https:\/\/wp.ufpel.edu.br\/gbiotec\/wp-json\/wp\/v2\/pages\/157","targetHints":{"allow":["GET"]}}],"collection":[{"href":"https:\/\/wp.ufpel.edu.br\/gbiotec\/wp-json\/wp\/v2\/pages"}],"about":[{"href":"https:\/\/wp.ufpel.edu.br\/gbiotec\/wp-json\/wp\/v2\/types\/page"}],"author":[{"embeddable":true,"href":"https:\/\/wp.ufpel.edu.br\/gbiotec\/wp-json\/wp\/v2\/users\/667"}],"replies":[{"embeddable":true,"href":"https:\/\/wp.ufpel.edu.br\/gbiotec\/wp-json\/wp\/v2\/comments?post=157"}],"version-history":[{"count":4,"href":"https:\/\/wp.ufpel.edu.br\/gbiotec\/wp-json\/wp\/v2\/pages\/157\/revisions"}],"predecessor-version":[{"id":4635,"href":"https:\/\/wp.ufpel.edu.br\/gbiotec\/wp-json\/wp\/v2\/pages\/157\/revisions\/4635"}],"up":[{"embeddable":true,"href":"https:\/\/wp.ufpel.edu.br\/gbiotec\/wp-json\/wp\/v2\/pages\/53"}],"wp:attachment":[{"href":"https:\/\/wp.ufpel.edu.br\/gbiotec\/wp-json\/wp\/v2\/media?parent=157"}],"curies":[{"name":"wp","href":"https:\/\/api.w.org\/{rel}","templated":true}]}}