{"id":151,"date":"2018-07-13T14:13:24","date_gmt":"2018-07-13T17:13:24","guid":{"rendered":"https:\/\/wp.ufpel.edu.br\/gbiotec\/?page_id=151"},"modified":"2025-10-22T16:04:21","modified_gmt":"2025-10-22T19:04:21","slug":"neurobiotecnologia","status":"publish","type":"page","link":"https:\/\/wp.ufpel.edu.br\/gbiotec\/infraestrutura\/pesquisa\/neurobiotecnologia\/","title":{"rendered":"Laborat\u00f3rio de Neurobiotecnologia"},"content":{"rendered":"<p><img class=\"alignnone size-thumbnail wp-image-3697\" src=\"https:\/\/wp.ufpel.edu.br\/nulab\/files\/2016\/12\/P1010902-212x159.jpg\" alt=\"p1010902\" width=\"212\" height=\"159\" \/>\u00a0 \u00a0 <img class=\"alignnone size-thumbnail wp-image-3698\" src=\"https:\/\/wp.ufpel.edu.br\/nulab\/files\/2016\/12\/P1010905-212x159.jpg\" alt=\"p1010905\" width=\"212\" height=\"159\" \/><\/p>\n<p><span style=\"color: #000000;\"><strong>Unidade:<\/strong> Centro de Desenvolvimento Tecnol\u00f3gico (CDTec)<\/span><br \/>\n<span style=\"color: #000000;\"> <strong>Curso:<\/strong>\u00a0Biotecnologia<\/span><br \/>\n<span style=\"color: #000000;\"> <strong>Website:<\/strong>\u00a0\u2013<\/span><br \/>\n<span style=\"color: #000000;\"> <strong>C\u00f3digo NULAB:<\/strong>\u00a090156<\/span><\/p>\n<p style=\"text-align: justify;\"><span style=\"color: #000000;\"><strong>Descri\u00e7\u00e3o: <\/strong>O Laborat\u00f3rio de Neurobiotecnologia trabalha com testes de f\u00e1rmacos neuroativos em animais de laborat\u00f3rio e estudo de mol\u00e9culas bioativas, com atividade antioxidante, antidepressiva e antinociceptiva.<strong><br \/>\n<\/strong><\/span><\/p>\n<p><span style=\"color: #000000;\"><strong>Localiza\u00e7\u00e3o<\/strong><\/span><br \/>\n<span style=\"color: #000000;\"> <strong>Campus:<\/strong>\u00a0Cap\u00e3o do Le\u00e3o<\/span><br \/>\n<span style=\"color: #000000;\"> <strong>Pr\u00e9dio:<\/strong> 20<\/span><\/p>\n<p><span style=\"color: #000000;\"><strong>Contato<\/strong><\/span><br \/>\n<span style=\"color: #000000;\"> <strong>Nome:<\/strong>\u00a0Profa. Dra. Lucielli Savegnago<\/span><br \/>\n<span style=\"color: #000000;\"> <strong>E-mail<\/strong>: luciellisavegnago@yahoo.com.br<\/span><\/p>\n<p><span style=\"color: #000000;\"><strong>Equipamentos<br \/>\n<\/strong>Centrifugas<\/span><br \/>\n<span style=\"color: #000000;\"> Espectrofot\u00f4metro<\/span><br \/>\n<span style=\"color: #000000;\"> Agitadores Magn\u00e9ticos<\/span><br \/>\n<span style=\"color: #000000;\"> Banho-Maria<\/span><br \/>\n<span style=\"color: #000000;\"> Homogeneizador De Tecidos<\/span><br \/>\n<span style=\"color: #000000;\"> Phm\u00eatro<\/span><\/p>\n","protected":false},"excerpt":{"rendered":"<p>\u00a0 \u00a0 Unidade: Centro de Desenvolvimento Tecnol\u00f3gico (CDTec) Curso:\u00a0Biotecnologia Website:\u00a0\u2013 C\u00f3digo NULAB:\u00a090156 Descri\u00e7\u00e3o: O Laborat\u00f3rio de Neurobiotecnologia trabalha com testes de f\u00e1rmacos neuroativos em animais de laborat\u00f3rio e estudo de mol\u00e9culas bioativas, com atividade antioxidante, antidepressiva e antinociceptiva. Localiza\u00e7\u00e3o Campus:\u00a0Cap\u00e3o do Le\u00e3o Pr\u00e9dio: 20 Contato Nome:\u00a0Profa. Dra. Lucielli Savegnago E-mail: luciellisavegnago@yahoo.com.br Equipamentos Centrifugas Espectrofot\u00f4metro Agitadores [&hellip;]<\/p>\n","protected":false},"author":667,"featured_media":0,"parent":53,"menu_order":10,"comment_status":"closed","ping_status":"closed","template":"","meta":{"footnotes":""},"class_list":["post-151","page","type-page","status-publish","hentry"],"jetpack_sharing_enabled":true,"_links":{"self":[{"href":"https:\/\/wp.ufpel.edu.br\/gbiotec\/wp-json\/wp\/v2\/pages\/151","targetHints":{"allow":["GET"]}}],"collection":[{"href":"https:\/\/wp.ufpel.edu.br\/gbiotec\/wp-json\/wp\/v2\/pages"}],"about":[{"href":"https:\/\/wp.ufpel.edu.br\/gbiotec\/wp-json\/wp\/v2\/types\/page"}],"author":[{"embeddable":true,"href":"https:\/\/wp.ufpel.edu.br\/gbiotec\/wp-json\/wp\/v2\/users\/667"}],"replies":[{"embeddable":true,"href":"https:\/\/wp.ufpel.edu.br\/gbiotec\/wp-json\/wp\/v2\/comments?post=151"}],"version-history":[{"count":4,"href":"https:\/\/wp.ufpel.edu.br\/gbiotec\/wp-json\/wp\/v2\/pages\/151\/revisions"}],"predecessor-version":[{"id":4633,"href":"https:\/\/wp.ufpel.edu.br\/gbiotec\/wp-json\/wp\/v2\/pages\/151\/revisions\/4633"}],"up":[{"embeddable":true,"href":"https:\/\/wp.ufpel.edu.br\/gbiotec\/wp-json\/wp\/v2\/pages\/53"}],"wp:attachment":[{"href":"https:\/\/wp.ufpel.edu.br\/gbiotec\/wp-json\/wp\/v2\/media?parent=151"}],"curies":[{"name":"wp","href":"https:\/\/api.w.org\/{rel}","templated":true}]}}