{"id":133,"date":"2018-07-13T14:10:44","date_gmt":"2018-07-13T17:10:44","guid":{"rendered":"https:\/\/wp.ufpel.edu.br\/gbiotec\/?page_id=133"},"modified":"2025-10-22T16:00:07","modified_gmt":"2025-10-22T19:00:07","slug":"biotecnologia-infecto-parasitaria","status":"publish","type":"page","link":"https:\/\/wp.ufpel.edu.br\/gbiotec\/infraestrutura\/pesquisa\/biotecnologia-infecto-parasitaria\/","title":{"rendered":"Laborat\u00f3rio de Biotecnologia Infecto-Parasit\u00e1ria"},"content":{"rendered":"<p><img class=\"alignnone wp-image-1873\" src=\"https:\/\/wp.ufpel.edu.br\/gbiotec\/files\/2019\/08\/Lab-3-2-400x178.jpg\" alt=\"\" width=\"309\" height=\"138\" srcset=\"https:\/\/wp.ufpel.edu.br\/gbiotec\/files\/2019\/08\/Lab-3-2-400x178.jpg 400w, https:\/\/wp.ufpel.edu.br\/gbiotec\/files\/2019\/08\/Lab-3-2-768x342.jpg 768w, https:\/\/wp.ufpel.edu.br\/gbiotec\/files\/2019\/08\/Lab-3-2-1024x456.jpg 1024w\" sizes=\"(max-width: 309px) 100vw, 309px\" \/>\u00a0 \u00a0 \u00a0<img class=\"alignnone wp-image-1875\" src=\"https:\/\/wp.ufpel.edu.br\/gbiotec\/files\/2019\/08\/Lab-3-4-400x162.jpg\" alt=\"\" width=\"340\" height=\"138\" srcset=\"https:\/\/wp.ufpel.edu.br\/gbiotec\/files\/2019\/08\/Lab-3-4-400x162.jpg 400w, https:\/\/wp.ufpel.edu.br\/gbiotec\/files\/2019\/08\/Lab-3-4-768x312.jpg 768w, https:\/\/wp.ufpel.edu.br\/gbiotec\/files\/2019\/08\/Lab-3-4-1024x416.jpg 1024w\" sizes=\"(max-width: 340px) 100vw, 340px\" \/><\/p>\n<p><span style=\"color: #000000;\"><strong>Unidade:<\/strong> Centro de Desenvolvimento Tecnol\u00f3gico (CDTec)<\/span><br \/>\n<span style=\"color: #000000;\"><strong>Curso:<\/strong> Biotecnologia<\/span><br \/>\n<span style=\"color: #000000;\"><strong>Website:<\/strong> \u2013<\/span><br \/>\n<span style=\"color: #000000;\"><strong>C\u00f3digo NULAB: \u2013<\/strong><\/span><\/p>\n<p style=\"text-align: justify;\"><span style=\"color: #000000;\"><strong>Descri\u00e7\u00e3o: <\/strong>O grupo de pesquisa do Laborat\u00f3rio de Biotecnologia Infecto-Parasit\u00e1ria atua, juntamente com seus colaboradores, em duas linhas de pesquisa principais: \u201cDesenvolvimento de vacinas recombinantes e Parasitologia Molecular. Na \u00e1rea de Desenvolvimento de vacinas recombinantes, ant\u00edgenos recombinantes s\u00e3o produzidos para utiliza\u00e7\u00e3o como alvos em imunodiagn\u00f3sticos e vacinas abordando diferentes estrat\u00e9gias vacinais, entre elas vacinas de subunidade e bacterinas recombinantes; vacinas vetorizadas e de DNA principalmente para linfadenite caseosa, doen\u00e7a que comete ovinos e caprinos. Na \u00e1rea de parasitologia molecular, s\u00e3o realizadas a bioprospec\u00e7\u00e3o de extratos de fontes naturais e a avalia\u00e7\u00e3o de compostos sint\u00e9ticos quanto ao seu potencial antiparasit\u00e1rio, e mecanismos de a\u00e7\u00e3o, sobre culturas de isolados cl\u00ednicos e comerciais (ATCC) de <em>Trichomonas vaginalis<\/em>.<\/span><\/p>\n<p><span style=\"color: #000000;\"><strong>Localiza\u00e7\u00e3o<\/strong><\/span><br \/>\n<span style=\"color: #000000;\"><strong>Campus:<\/strong> Cap\u00e3o do Le\u00e3o<\/span><br \/>\n<span style=\"color: #000000;\"><strong>Pr\u00e9dio:<\/strong> 19<\/span><\/p>\n<p><span style=\"color: #000000;\"><strong>Contato<\/strong><\/span><br \/>\n<span style=\"color: #000000;\"><strong>Nome:<\/strong> Profa. Dra. Sibele Borsuk<\/span><br \/>\n<span style=\"color: #000000;\"><strong>E-mail:<\/strong> sibeleborsuk@gmail.com<\/span><\/p>\n<p><span style=\"color: #000000;\"><strong>Equipamentos<br \/>\n<\/strong>Estufas B.O.D 27 \u00baC e 37 \u00baC<strong><br \/>\n<\/strong>Freezers -20\u00baC<strong><br \/>\n<\/strong>Cabines de fluxo laminar<strong><br \/>\n<\/strong>Geladeiras<strong><br \/>\n<\/strong>Micro-ondas<strong><br \/>\n<\/strong>Incubadora orbital com temperatura controlada<strong><br \/>\n<\/strong>Termociclador<strong><br \/>\n<\/strong>Balan\u00e7a semi-anal\u00edtica<strong><br \/>\n<\/strong>Cubas e fontes para eletroforese<strong><br \/>\n<\/strong>pHm\u00eatro<strong><br \/>\n<\/strong>V\u00f3rtex<strong><br \/>\n<\/strong>Centr\u00edfuga para microtubos<strong><br \/>\n<\/strong>Agitador orbital<strong><br \/>\n<\/strong>Agitador magn\u00e9tico\u00a0<\/span><strong><span style=\"color: #000000;\"><br \/>\n<\/span><\/strong><\/p>\n","protected":false},"excerpt":{"rendered":"<p>\u00a0 \u00a0 \u00a0 Unidade: Centro de Desenvolvimento Tecnol\u00f3gico (CDTec) Curso: Biotecnologia Website: \u2013 C\u00f3digo NULAB: \u2013 Descri\u00e7\u00e3o: O grupo de pesquisa do Laborat\u00f3rio de Biotecnologia Infecto-Parasit\u00e1ria atua, juntamente com seus colaboradores, em duas linhas de pesquisa principais: \u201cDesenvolvimento de vacinas recombinantes e Parasitologia Molecular. Na \u00e1rea de Desenvolvimento de vacinas recombinantes, ant\u00edgenos recombinantes s\u00e3o produzidos [&hellip;]<\/p>\n","protected":false},"author":667,"featured_media":0,"parent":53,"menu_order":3,"comment_status":"closed","ping_status":"closed","template":"","meta":{"footnotes":""},"class_list":["post-133","page","type-page","status-publish","hentry"],"jetpack_sharing_enabled":true,"_links":{"self":[{"href":"https:\/\/wp.ufpel.edu.br\/gbiotec\/wp-json\/wp\/v2\/pages\/133","targetHints":{"allow":["GET"]}}],"collection":[{"href":"https:\/\/wp.ufpel.edu.br\/gbiotec\/wp-json\/wp\/v2\/pages"}],"about":[{"href":"https:\/\/wp.ufpel.edu.br\/gbiotec\/wp-json\/wp\/v2\/types\/page"}],"author":[{"embeddable":true,"href":"https:\/\/wp.ufpel.edu.br\/gbiotec\/wp-json\/wp\/v2\/users\/667"}],"replies":[{"embeddable":true,"href":"https:\/\/wp.ufpel.edu.br\/gbiotec\/wp-json\/wp\/v2\/comments?post=133"}],"version-history":[{"count":4,"href":"https:\/\/wp.ufpel.edu.br\/gbiotec\/wp-json\/wp\/v2\/pages\/133\/revisions"}],"predecessor-version":[{"id":4626,"href":"https:\/\/wp.ufpel.edu.br\/gbiotec\/wp-json\/wp\/v2\/pages\/133\/revisions\/4626"}],"up":[{"embeddable":true,"href":"https:\/\/wp.ufpel.edu.br\/gbiotec\/wp-json\/wp\/v2\/pages\/53"}],"wp:attachment":[{"href":"https:\/\/wp.ufpel.edu.br\/gbiotec\/wp-json\/wp\/v2\/media?parent=133"}],"curies":[{"name":"wp","href":"https:\/\/api.w.org\/{rel}","templated":true}]}}