{"id":130,"date":"2018-07-13T14:02:07","date_gmt":"2018-07-13T17:02:07","guid":{"rendered":"https:\/\/wp.ufpel.edu.br\/gbiotec\/?page_id=130"},"modified":"2026-03-27T12:06:47","modified_gmt":"2026-03-27T15:06:47","slug":"genomica-vegetal","status":"publish","type":"page","link":"https:\/\/wp.ufpel.edu.br\/gbiotec\/infraestrutura\/pesquisa\/genomica-vegetal\/","title":{"rendered":"Laborat\u00f3rio de Gen\u00f4mica Vegetal"},"content":{"rendered":"<p><span style=\"color: #000000;\"><strong>Unidade:<\/strong> Centro de Desenvolvimento Tecnol\u00f3gico (CDTec)<\/span><br \/>\n<span style=\"color: #000000;\"><strong>Curso:<\/strong>\u00a0Biotecnologia<\/span><br \/>\n<span style=\"color: #000000;\"><strong>Website:<\/strong>\u00a0\u2013<\/span><br \/>\n<span style=\"color: #000000;\"><strong>C\u00f3digo NULAB:<\/strong> \u2013<\/span><\/p>\n<p style=\"text-align: justify;\"><span style=\"color: #000000;\"><strong>Descri\u00e7\u00e3o: <\/strong>O Laborat\u00f3rio de Gen\u00f4mica Vegetal desenvolve atividades de pesquisa nas \u00e1reas de gen\u00f4mica estrutural e funcional vegetal, fisiologia dos estresses abi\u00f3ticos, fisiologia p\u00f3s-colheita, biofortifica\u00e7\u00e3o de alimentos, cultura de tecidos vegetais, silenciamento g\u00eanico, transforma\u00e7\u00e3o gen\u00e9tica e edi\u00e7\u00e3o g\u00eanica em plantas.<\/span><\/p>\n<p><span style=\"color: #000000;\"><strong><span style=\"color: #000000;\">Localiza\u00e7\u00e3<\/span>o<\/strong><\/span><br \/>\n<span style=\"color: #000000;\"><strong>Campus:<\/strong>\u00a0Cap\u00e3o do Le\u00e3o<\/span><br \/>\n<span style=\"color: #000000;\"><strong>Pr\u00e9dio\/Bloco: <\/strong>19<\/span><br \/>\n<span style=\"color: #000000;\"><strong>Sala:<\/strong> Lab2<\/span><\/p>\n<p><span style=\"color: #000000;\"><strong>Contato<\/strong><\/span><br \/>\n<span style=\"color: #000000;\"><strong>Nome:<\/strong> Profa. Dra. Vanessa Galli<\/span><br \/>\n<span style=\"color: #000000;\"><strong>E-mail<\/strong>: lucianabicca@gmail.com e vane.galli@yahoo.com.br\u00a0<\/span><\/p>\n<p><span style=\"color: #000000;\"><strong>Equipamentos<br \/>\n<\/strong>Sistema de eletroforese<\/span><br \/>\n<span style=\"color: #000000;\"> Termociclador<\/span><br \/>\n<span style=\"color: #000000;\">Estufa B.O.D<\/span><br \/>\n<span style=\"color: #000000;\">Freezers -20\u00baC<br \/>\nGeladeira<br \/>\nMicro-ondas<br \/>\nBalan\u00e7a semi-anal\u00edtica<br \/>\npHm\u00eatro<br \/>\nV\u00f3rtex<br \/>\nCentr\u00edfuga para microtubos<br \/>\nFluxo laminar horizontal<br \/>\nSala de cultivo<\/span><\/p>\n","protected":false},"excerpt":{"rendered":"<p>Unidade: Centro de Desenvolvimento Tecnol\u00f3gico (CDTec) Curso:\u00a0Biotecnologia Website:\u00a0\u2013 C\u00f3digo NULAB: \u2013 Descri\u00e7\u00e3o: O Laborat\u00f3rio de Gen\u00f4mica Vegetal desenvolve atividades de pesquisa nas \u00e1reas de gen\u00f4mica estrutural e funcional vegetal, fisiologia dos estresses abi\u00f3ticos, fisiologia p\u00f3s-colheita, biofortifica\u00e7\u00e3o de alimentos, cultura de tecidos vegetais, silenciamento g\u00eanico, transforma\u00e7\u00e3o gen\u00e9tica e edi\u00e7\u00e3o g\u00eanica em plantas. Localiza\u00e7\u00e3o Campus:\u00a0Cap\u00e3o do Le\u00e3o [&hellip;]<\/p>\n","protected":false},"author":667,"featured_media":0,"parent":53,"menu_order":2,"comment_status":"closed","ping_status":"closed","template":"","meta":{"footnotes":""},"class_list":["post-130","page","type-page","status-publish","hentry"],"jetpack_sharing_enabled":true,"_links":{"self":[{"href":"https:\/\/wp.ufpel.edu.br\/gbiotec\/wp-json\/wp\/v2\/pages\/130","targetHints":{"allow":["GET"]}}],"collection":[{"href":"https:\/\/wp.ufpel.edu.br\/gbiotec\/wp-json\/wp\/v2\/pages"}],"about":[{"href":"https:\/\/wp.ufpel.edu.br\/gbiotec\/wp-json\/wp\/v2\/types\/page"}],"author":[{"embeddable":true,"href":"https:\/\/wp.ufpel.edu.br\/gbiotec\/wp-json\/wp\/v2\/users\/667"}],"replies":[{"embeddable":true,"href":"https:\/\/wp.ufpel.edu.br\/gbiotec\/wp-json\/wp\/v2\/comments?post=130"}],"version-history":[{"count":4,"href":"https:\/\/wp.ufpel.edu.br\/gbiotec\/wp-json\/wp\/v2\/pages\/130\/revisions"}],"predecessor-version":[{"id":4726,"href":"https:\/\/wp.ufpel.edu.br\/gbiotec\/wp-json\/wp\/v2\/pages\/130\/revisions\/4726"}],"up":[{"embeddable":true,"href":"https:\/\/wp.ufpel.edu.br\/gbiotec\/wp-json\/wp\/v2\/pages\/53"}],"wp:attachment":[{"href":"https:\/\/wp.ufpel.edu.br\/gbiotec\/wp-json\/wp\/v2\/media?parent=130"}],"curies":[{"name":"wp","href":"https:\/\/api.w.org\/{rel}","templated":true}]}}