{"id":829,"date":"2018-05-30T12:34:26","date_gmt":"2018-05-30T15:34:26","guid":{"rendered":"https:\/\/wp.ufpel.edu.br\/gbem\/?page_id=829"},"modified":"2020-06-29T19:14:21","modified_gmt":"2020-06-29T22:14:21","slug":"rosalia-neves","status":"publish","type":"page","link":"https:\/\/wp.ufpel.edu.br\/gbem\/integrantes-do-grupo\/pesquisadores\/rosalia-neves\/","title":{"rendered":"Ros\u00e1lia Garcia Neves"},"content":{"rendered":"<p style=\"text-align: justify\"><img loading=\"lazy\" decoding=\"async\" class=\"size-full wp-image-831 alignleft\" src=\"https:\/\/wp.ufpel.edu.br\/gbem\/files\/2018\/05\/IMG_1754.jpg\" alt=\"\" width=\"192\" height=\"192\" srcset=\"https:\/\/wp.ufpel.edu.br\/gbem\/files\/2018\/05\/IMG_1754.jpg 192w, https:\/\/wp.ufpel.edu.br\/gbem\/files\/2018\/05\/IMG_1754-159x159.jpg 159w, https:\/\/wp.ufpel.edu.br\/gbem\/files\/2018\/05\/IMG_1754-50x50.jpg 50w\" sizes=\"auto, (max-width: 192px) 100vw, 192px\" \/><strong>Doutoranda na UFPel |<\/strong> <a href=\"http:\/\/buscatextual.cnpq.br\/buscatextual\/visualizacv.do?id=K4425570P6\">Lattes<\/a><\/p>\n<p style=\"text-align: justify\">Enfermeira (UFPel), especialista em Estrat\u00e9gia de Sa\u00fade da Fam\u00edlia, mestre em Epidemiologia (UFPel), atualmente doutoranda em Epidemiologia (UFPel). Atuou como pesquisadora visitante na Universidade da Coru\u00f1a, Espanha. Tem experi\u00eancia em sa\u00fade do idoso, avalia\u00e7\u00e3o de servi\u00e7os de sa\u00fade, doen\u00e7as cr\u00f4nicas n\u00e3o transmiss\u00edveis e desigualdades em sa\u00fade. No GBEM tem interesse na tem\u00e1tica de desigualdades e avalia\u00e7\u00e3o dos servi\u00e7os de sa\u00fade direcionada \u00e0 pessoa com multimorbidade.<\/p>\n<p>&nbsp;<\/p>\n","protected":false},"excerpt":{"rendered":"<p>Doutoranda na UFPel | Lattes Enfermeira (UFPel), especialista em Estrat\u00e9gia de Sa\u00fade da Fam\u00edlia, mestre em Epidemiologia (UFPel), atualmente doutoranda em Epidemiologia (UFPel). Atuou como pesquisadora visitante na Universidade da Coru\u00f1a, Espanha. Tem experi\u00eancia em sa\u00fade do idoso, avalia\u00e7\u00e3o de servi\u00e7os de sa\u00fade, doen\u00e7as cr\u00f4nicas n\u00e3o transmiss\u00edveis e desigualdades em sa\u00fade. No GBEM tem interesse&hellip;<\/p>\n","protected":false},"author":682,"featured_media":0,"parent":538,"menu_order":0,"comment_status":"closed","ping_status":"closed","template":"","meta":{"jetpack_post_was_ever_published":false,"footnotes":""},"class_list":["post-829","page","type-page","status-publish","hentry"],"jetpack_sharing_enabled":true,"jetpack_shortlink":"https:\/\/wp.me\/P8Mo6O-dn","_links":{"self":[{"href":"https:\/\/wp.ufpel.edu.br\/gbem\/wp-json\/wp\/v2\/pages\/829","targetHints":{"allow":["GET"]}}],"collection":[{"href":"https:\/\/wp.ufpel.edu.br\/gbem\/wp-json\/wp\/v2\/pages"}],"about":[{"href":"https:\/\/wp.ufpel.edu.br\/gbem\/wp-json\/wp\/v2\/types\/page"}],"author":[{"embeddable":true,"href":"https:\/\/wp.ufpel.edu.br\/gbem\/wp-json\/wp\/v2\/users\/682"}],"replies":[{"embeddable":true,"href":"https:\/\/wp.ufpel.edu.br\/gbem\/wp-json\/wp\/v2\/comments?post=829"}],"version-history":[{"count":3,"href":"https:\/\/wp.ufpel.edu.br\/gbem\/wp-json\/wp\/v2\/pages\/829\/revisions"}],"predecessor-version":[{"id":1432,"href":"https:\/\/wp.ufpel.edu.br\/gbem\/wp-json\/wp\/v2\/pages\/829\/revisions\/1432"}],"up":[{"embeddable":true,"href":"https:\/\/wp.ufpel.edu.br\/gbem\/wp-json\/wp\/v2\/pages\/538"}],"wp:attachment":[{"href":"https:\/\/wp.ufpel.edu.br\/gbem\/wp-json\/wp\/v2\/media?parent=829"}],"curies":[{"name":"wp","href":"https:\/\/api.w.org\/{rel}","templated":true}]}}