{"id":184,"date":"2017-08-10T14:54:49","date_gmt":"2017-08-10T17:54:49","guid":{"rendered":"https:\/\/wp.ufpel.edu.br\/gbem\/?page_id=184"},"modified":"2020-06-29T18:58:52","modified_gmt":"2020-06-29T21:58:52","slug":"elaine-thume","status":"publish","type":"page","link":"https:\/\/wp.ufpel.edu.br\/gbem\/integrantes-do-grupo\/pesquisadores\/elaine-thume\/","title":{"rendered":"Elaine Thum\u00e9"},"content":{"rendered":"<p style=\"text-align: justify\"><img loading=\"lazy\" decoding=\"async\" class=\"size-medium wp-image-186 alignright\" src=\"https:\/\/wp.ufpel.edu.br\/gbem\/files\/2017\/08\/elaine-400x318.jpg\" alt=\"\" width=\"400\" height=\"318\" srcset=\"https:\/\/wp.ufpel.edu.br\/gbem\/files\/2017\/08\/elaine-400x318.jpg 400w, https:\/\/wp.ufpel.edu.br\/gbem\/files\/2017\/08\/elaine-200x159.jpg 200w, https:\/\/wp.ufpel.edu.br\/gbem\/files\/2017\/08\/elaine.jpg 604w\" sizes=\"auto, (max-width: 400px) 100vw, 400px\" \/><strong>Professora de Enfermagem na UFPel | <a href=\"http:\/\/lattes.cnpq.br\/8303310223968323\">Lattes<\/a><\/strong><\/p>\n<p style=\"text-align: justify\">\n<p style=\"text-align: justify\">Enfermeira. Mestre em Ci\u00eancias (UFSC) e Doutora em Epidemiologia (UFPel) com est\u00e1gio de doutoramento na Harvard T.H. Chan School of Public Health (2009-2010). Professora adjunta no Departamento de Enfermagem em Sa\u00fade Coletiva da UFPel ULBRA). Coordenadora Adjunta e docente no Programa de P\u00f3s-gradua\u00e7\u00e3o em Enfermagem da UFPel e no Mestrado Profissional em Sa\u00fade da Fam\u00edlia (UFPel). Membro do grupo de pesquisa <a href=\"https:\/\/dms.ufpel.edu.br\/aquares\/\">AQUARES \u2013 Acesso e Qualidade na Rede de Sa\u00fade<\/a>. Participa do comit\u00ea gestor da <a href=\"http:\/\/rededepesquisaaps.org.br\/\">Rede de Pesquisa em Aten\u00e7\u00e3o Prim\u00e1ria \u00e0 Sa\u00fade<\/a>. Coordenadora do estudo de coorte SIGA-Bag\u00e9 \u2013 Sa\u00fade do Idoso Ga\u00facho de Bag\u00e9 (2008-2016\/17). No GBEM, objetiva estudar as interfaces entre envelhecimento e multimorbidade, consequ\u00eancias para organiza\u00e7\u00e3o do sistema de sa\u00fade e implementa\u00e7\u00e3o de pol\u00edticas p\u00fablicas no \u00e2mbito da aten\u00e7\u00e3o prim\u00e1ria \u00e0 sa\u00fade\u201d.<\/p>\n<p>&nbsp;<\/p>\n<p style=\"text-align: justify\"><strong>#pol\u00edticas e programas de sa\u00fade \u00a0 \u00a0 \u00a0 \u00a0<\/strong><strong>#interfaces entre envelhecimento e multimorbidade\u00a0<\/strong><\/p>\n","protected":false},"excerpt":{"rendered":"<p>Professora de Enfermagem na UFPel | Lattes Enfermeira. Mestre em Ci\u00eancias (UFSC) e Doutora em Epidemiologia (UFPel) com est\u00e1gio de doutoramento na Harvard T.H. Chan School of Public Health (2009-2010). Professora adjunta no Departamento de Enfermagem em Sa\u00fade Coletiva da UFPel ULBRA). Coordenadora Adjunta e docente no Programa de P\u00f3s-gradua\u00e7\u00e3o em Enfermagem da UFPel e&hellip;<\/p>\n","protected":false},"author":682,"featured_media":0,"parent":538,"menu_order":0,"comment_status":"closed","ping_status":"closed","template":"","meta":{"jetpack_post_was_ever_published":false,"footnotes":""},"class_list":["post-184","page","type-page","status-publish","hentry"],"jetpack_sharing_enabled":true,"jetpack_shortlink":"https:\/\/wp.me\/P8Mo6O-2Y","_links":{"self":[{"href":"https:\/\/wp.ufpel.edu.br\/gbem\/wp-json\/wp\/v2\/pages\/184","targetHints":{"allow":["GET"]}}],"collection":[{"href":"https:\/\/wp.ufpel.edu.br\/gbem\/wp-json\/wp\/v2\/pages"}],"about":[{"href":"https:\/\/wp.ufpel.edu.br\/gbem\/wp-json\/wp\/v2\/types\/page"}],"author":[{"embeddable":true,"href":"https:\/\/wp.ufpel.edu.br\/gbem\/wp-json\/wp\/v2\/users\/682"}],"replies":[{"embeddable":true,"href":"https:\/\/wp.ufpel.edu.br\/gbem\/wp-json\/wp\/v2\/comments?post=184"}],"version-history":[{"count":4,"href":"https:\/\/wp.ufpel.edu.br\/gbem\/wp-json\/wp\/v2\/pages\/184\/revisions"}],"predecessor-version":[{"id":1421,"href":"https:\/\/wp.ufpel.edu.br\/gbem\/wp-json\/wp\/v2\/pages\/184\/revisions\/1421"}],"up":[{"embeddable":true,"href":"https:\/\/wp.ufpel.edu.br\/gbem\/wp-json\/wp\/v2\/pages\/538"}],"wp:attachment":[{"href":"https:\/\/wp.ufpel.edu.br\/gbem\/wp-json\/wp\/v2\/media?parent=184"}],"curies":[{"name":"wp","href":"https:\/\/api.w.org\/{rel}","templated":true}]}}