{"id":154,"date":"2017-08-10T14:03:10","date_gmt":"2017-08-10T17:03:10","guid":{"rendered":"https:\/\/wp.ufpel.edu.br\/gbem\/?page_id=154"},"modified":"2018-04-03T11:30:24","modified_gmt":"2018-04-03T14:30:24","slug":"joao-ricardo-nickenig-vissoci","status":"publish","type":"page","link":"https:\/\/wp.ufpel.edu.br\/gbem\/integrantes-do-grupo\/colaboradores-internacionais\/joao-ricardo-nickenig-vissoci\/","title":{"rendered":"Jo\u00e3o Ricardo Nickenig Vissoci"},"content":{"rendered":"<p><img loading=\"lazy\" decoding=\"async\" class=\"size-full wp-image-157 alignleft\" style=\"font-family: inherit;font-style: inherit;font-weight: inherit\" src=\"https:\/\/wp.ufpel.edu.br\/gbem\/files\/2017\/08\/joao-vissoci.jpg\" alt=\"\" width=\"400\" height=\"250\" srcset=\"https:\/\/wp.ufpel.edu.br\/gbem\/files\/2017\/08\/joao-vissoci.jpg 400w, https:\/\/wp.ufpel.edu.br\/gbem\/files\/2017\/08\/joao-vissoci-212x133.jpg 212w\" sizes=\"auto, (max-width: 400px) 100vw, 400px\" \/><\/p>\n<p><strong>Pesquisador na Duke University |\u00a0<\/strong><a style=\"font-family: 'Helvetica Neue', Helvetica, Arial, sans-serif;font-size: 13px;font-style: normal;font-weight: 300;color: #3a3a3a\" href=\"http:\/\/lattes.cnpq.br\/6713653199076364\">Lattes<\/a><\/p>\n<p>&nbsp;<\/p>\n<p style=\"text-align: left\"><span style=\"font-size: 13px\">Psic\u00f3logo (Universidade Estadual de Maring\u00e1 \u2013 UEM, 2006), mestre em Educa\u00e7\u00e3o F\u00edsica (UEL\/UEM) e Doutor em Psicologia Social (PUC-SP). Participou como Research Fellow na Duke University (2012-2013) e concluiu dois est\u00e1gios de p\u00f3s-doutorado, na USP (2015) e na Duke University \u2013 Duke Global Health Institute (2016). Jo\u00e3o atua atualmente como pesquisador na Duke University na divis\u00e3o de Emergency Medicine do departamento de Cirurgia, e na divis\u00e3o Duke Global Neurosurgery and Neuroscience (DGNN) do Departamento de Neurocirurgia. \u00c9 L\u00edder do cons\u00f3rcio MATH (Methods, Analytics and Technology for Health), coordenador da se\u00e7\u00e3o de emerg\u00eancia m\u00e9dica global (Global Emergency Medicine) e diretor de pesquisa da divis\u00e3o Duke Global Neurosurgery and Neurology (DGNN). Atua principalmente com sa\u00fade global e desenvolvimento humano, com interesse em metodologia de pesquisa, an\u00e1lise de dados e implementa\u00e7\u00e3o, aplicadas a sa\u00fade global. Possui experi\u00eancia com pesquisas nos Estados Unidos, Brasil e \u00c1frica Subsaariana. Os interesses no GBEM est\u00e3o em estudar as comorbidades associadas ao uso de \u00e1lcool e inj\u00farias.<\/span><\/p>\n<p><strong>#sa\u00fade global e desenvolvimento humano \u00a0 #comorbidades associadas ao uso do \u00e1lcool<\/strong><\/p>\n<p>&nbsp;<\/p>\n<p>&nbsp;<\/p>\n<p>&nbsp;<\/p>\n","protected":false},"excerpt":{"rendered":"<p>Pesquisador na Duke University |\u00a0Lattes &nbsp; Psic\u00f3logo (Universidade Estadual de Maring\u00e1 \u2013 UEM, 2006), mestre em Educa\u00e7\u00e3o F\u00edsica (UEL\/UEM) e Doutor em Psicologia Social (PUC-SP). Participou como Research Fellow na Duke University (2012-2013) e concluiu dois est\u00e1gios de p\u00f3s-doutorado, na USP (2015) e na Duke University \u2013 Duke Global Health Institute (2016). Jo\u00e3o atua atualmente&hellip;<\/p>\n","protected":false},"author":682,"featured_media":0,"parent":640,"menu_order":0,"comment_status":"closed","ping_status":"closed","template":"","meta":{"jetpack_post_was_ever_published":false,"footnotes":""},"class_list":["post-154","page","type-page","status-publish","hentry"],"jetpack_sharing_enabled":true,"jetpack_shortlink":"https:\/\/wp.me\/P8Mo6O-2u","_links":{"self":[{"href":"https:\/\/wp.ufpel.edu.br\/gbem\/wp-json\/wp\/v2\/pages\/154","targetHints":{"allow":["GET"]}}],"collection":[{"href":"https:\/\/wp.ufpel.edu.br\/gbem\/wp-json\/wp\/v2\/pages"}],"about":[{"href":"https:\/\/wp.ufpel.edu.br\/gbem\/wp-json\/wp\/v2\/types\/page"}],"author":[{"embeddable":true,"href":"https:\/\/wp.ufpel.edu.br\/gbem\/wp-json\/wp\/v2\/users\/682"}],"replies":[{"embeddable":true,"href":"https:\/\/wp.ufpel.edu.br\/gbem\/wp-json\/wp\/v2\/comments?post=154"}],"version-history":[{"count":15,"href":"https:\/\/wp.ufpel.edu.br\/gbem\/wp-json\/wp\/v2\/pages\/154\/revisions"}],"predecessor-version":[{"id":227,"href":"https:\/\/wp.ufpel.edu.br\/gbem\/wp-json\/wp\/v2\/pages\/154\/revisions\/227"}],"up":[{"embeddable":true,"href":"https:\/\/wp.ufpel.edu.br\/gbem\/wp-json\/wp\/v2\/pages\/640"}],"wp:attachment":[{"href":"https:\/\/wp.ufpel.edu.br\/gbem\/wp-json\/wp\/v2\/media?parent=154"}],"curies":[{"name":"wp","href":"https:\/\/api.w.org\/{rel}","templated":true}]}}