{"id":1321,"date":"2020-06-28T21:46:46","date_gmt":"2020-06-29T00:46:46","guid":{"rendered":"https:\/\/wp.ufpel.edu.br\/gbem\/?page_id=1321"},"modified":"2020-06-28T21:46:46","modified_gmt":"2020-06-29T00:46:46","slug":"januse-nogueira-de-carvalho","status":"publish","type":"page","link":"https:\/\/wp.ufpel.edu.br\/gbem\/januse-nogueira-de-carvalho\/","title":{"rendered":"Januse Nogueira de Carvalho"},"content":{"rendered":"<p><strong>Servidora da Universidade Federal de Campina Grande | <a href=\"http:\/\/lattes.cnpq.br\/1267578526139059\">Lattes<\/a><\/strong><\/p>\n<p style=\"text-align: justify\">Possui Doutorado em Sa\u00fade Coletiva pela Universidade Federal do Rio Grande do Norte, Mestrado em Odontologia com \u00e1rea de concentra\u00e7\u00e3o em Sa\u00fade Coletiva e \u00eanfase em Sa\u00fade da Fam\u00edlia pela Faculdade S\u00e3o Leopoldo Mandic, gradua\u00e7\u00e3o em Odontologia pela Universidade Estadual da Para\u00edba. Atualmente \u00e9 servidora da Universidade Federal de Campina Grande lotada na Pr\u00f3-reitoria de Assuntos Comunit\u00e1rios. Tem experi\u00eancia na \u00e1rea de Sa\u00fade coletiva, com \u00eanfase em Epidemiologia e Multimorbidade. Tamb\u00e9m possui experi\u00eancia em Gest\u00e3o de Servi\u00e7os de Sa\u00fade e Odontologia hospitalar.<\/p>\n<p style=\"text-align: justify\">No GBEM, se interessa em trocar informa\u00e7\u00f5es e experi\u00eancias com os demais colegas sobre temas de interesse do grupo, participar das discuss\u00f5es para o aprimoramento dos trabalhos do grupo, publicar artigos entre outras atividades.<\/p>\n","protected":false},"excerpt":{"rendered":"<p>Servidora da Universidade Federal de Campina Grande | Lattes Possui Doutorado em Sa\u00fade Coletiva pela Universidade Federal do Rio Grande do Norte, Mestrado em Odontologia com \u00e1rea de concentra\u00e7\u00e3o em Sa\u00fade Coletiva e \u00eanfase em Sa\u00fade da Fam\u00edlia pela Faculdade S\u00e3o Leopoldo Mandic, gradua\u00e7\u00e3o em Odontologia pela Universidade Estadual da Para\u00edba. Atualmente \u00e9 servidora da&hellip;<\/p>\n","protected":false},"author":682,"featured_media":0,"parent":0,"menu_order":0,"comment_status":"closed","ping_status":"closed","template":"","meta":{"jetpack_post_was_ever_published":false,"footnotes":""},"class_list":["post-1321","page","type-page","status-publish","hentry"],"jetpack_sharing_enabled":true,"jetpack_shortlink":"https:\/\/wp.me\/P8Mo6O-lj","_links":{"self":[{"href":"https:\/\/wp.ufpel.edu.br\/gbem\/wp-json\/wp\/v2\/pages\/1321","targetHints":{"allow":["GET"]}}],"collection":[{"href":"https:\/\/wp.ufpel.edu.br\/gbem\/wp-json\/wp\/v2\/pages"}],"about":[{"href":"https:\/\/wp.ufpel.edu.br\/gbem\/wp-json\/wp\/v2\/types\/page"}],"author":[{"embeddable":true,"href":"https:\/\/wp.ufpel.edu.br\/gbem\/wp-json\/wp\/v2\/users\/682"}],"replies":[{"embeddable":true,"href":"https:\/\/wp.ufpel.edu.br\/gbem\/wp-json\/wp\/v2\/comments?post=1321"}],"version-history":[{"count":1,"href":"https:\/\/wp.ufpel.edu.br\/gbem\/wp-json\/wp\/v2\/pages\/1321\/revisions"}],"predecessor-version":[{"id":1323,"href":"https:\/\/wp.ufpel.edu.br\/gbem\/wp-json\/wp\/v2\/pages\/1321\/revisions\/1323"}],"wp:attachment":[{"href":"https:\/\/wp.ufpel.edu.br\/gbem\/wp-json\/wp\/v2\/media?parent=1321"}],"curies":[{"name":"wp","href":"https:\/\/api.w.org\/{rel}","templated":true}]}}