{"id":1242,"date":"2020-06-25T19:22:10","date_gmt":"2020-06-25T22:22:10","guid":{"rendered":"https:\/\/wp.ufpel.edu.br\/gbem\/?page_id=1242"},"modified":"2020-06-29T14:34:59","modified_gmt":"2020-06-29T17:34:59","slug":"ana-laura-zuchetto-pizolotto","status":"publish","type":"page","link":"https:\/\/wp.ufpel.edu.br\/gbem\/ana-laura-zuchetto-pizolotto\/","title":{"rendered":"Ana Laura Zuchetto Pizolotto"},"content":{"rendered":"<p style=\"text-align: justify\"><strong>Enfermeira | \u00a0<a href=\"http:\/\/lattes.cnpq.br\/8578392019515289\">Lattes<\/a><\/strong><\/p>\n<p style=\"text-align: justify\">Enfermeira graduada pela Universidade Federal de Santa Maria, Centro de Educa\u00e7\u00e3o Superior Norte do Rio Grande do Sul &#8211; UFSM\/CESNORS (2012). Especialista em Enfermagem Materno-infantil pelo Hospital Moinhos de Vento de Porto Alegre (2017), Mestranda em Sa\u00fade Materno-Infantil pelo Centro Universit\u00e1rio Franciscano. Membro do Grupo de Estudo e Pesquisa Empreendedorismo Social na Enfermagem\/Saude, (GEPESES) do Centro Universit\u00e1rio Franciscano. Possuo experi\u00eancia profissional em Sa\u00fade Coletiva. Atua nos seguintes temas: Sa\u00fade da Mulher, Sa\u00fade da Crian\u00e7a, Sa\u00fade Coletiva.<\/p>\n<p style=\"text-align: justify\">No GBEM se interessa nos artigos e eventos cient\u00edficos.<\/p>\n","protected":false},"excerpt":{"rendered":"<p>Enfermeira | \u00a0Lattes Enfermeira graduada pela Universidade Federal de Santa Maria, Centro de Educa\u00e7\u00e3o Superior Norte do Rio Grande do Sul &#8211; UFSM\/CESNORS (2012). Especialista em Enfermagem Materno-infantil pelo Hospital Moinhos de Vento de Porto Alegre (2017), Mestranda em Sa\u00fade Materno-Infantil pelo Centro Universit\u00e1rio Franciscano. Membro do Grupo de Estudo e Pesquisa Empreendedorismo Social na&hellip;<\/p>\n","protected":false},"author":682,"featured_media":0,"parent":0,"menu_order":0,"comment_status":"closed","ping_status":"closed","template":"","meta":{"jetpack_post_was_ever_published":false,"footnotes":""},"class_list":["post-1242","page","type-page","status-publish","hentry"],"jetpack_sharing_enabled":true,"jetpack_shortlink":"https:\/\/wp.me\/P8Mo6O-k2","_links":{"self":[{"href":"https:\/\/wp.ufpel.edu.br\/gbem\/wp-json\/wp\/v2\/pages\/1242","targetHints":{"allow":["GET"]}}],"collection":[{"href":"https:\/\/wp.ufpel.edu.br\/gbem\/wp-json\/wp\/v2\/pages"}],"about":[{"href":"https:\/\/wp.ufpel.edu.br\/gbem\/wp-json\/wp\/v2\/types\/page"}],"author":[{"embeddable":true,"href":"https:\/\/wp.ufpel.edu.br\/gbem\/wp-json\/wp\/v2\/users\/682"}],"replies":[{"embeddable":true,"href":"https:\/\/wp.ufpel.edu.br\/gbem\/wp-json\/wp\/v2\/comments?post=1242"}],"version-history":[{"count":4,"href":"https:\/\/wp.ufpel.edu.br\/gbem\/wp-json\/wp\/v2\/pages\/1242\/revisions"}],"predecessor-version":[{"id":1348,"href":"https:\/\/wp.ufpel.edu.br\/gbem\/wp-json\/wp\/v2\/pages\/1242\/revisions\/1348"}],"wp:attachment":[{"href":"https:\/\/wp.ufpel.edu.br\/gbem\/wp-json\/wp\/v2\/media?parent=1242"}],"curies":[{"name":"wp","href":"https:\/\/api.w.org\/{rel}","templated":true}]}}