{"id":1116,"date":"2019-12-06T14:51:37","date_gmt":"2019-12-06T17:51:37","guid":{"rendered":"https:\/\/wp.ufpel.edu.br\/gbem\/?page_id=1116"},"modified":"2020-06-29T18:54:52","modified_gmt":"2020-06-29T21:54:52","slug":"andria-krolow-costa","status":"publish","type":"page","link":"https:\/\/wp.ufpel.edu.br\/gbem\/integrantes-do-grupo\/pesquisadores\/andria-krolow-costa\/","title":{"rendered":"\u00c2ndria Krolow Costa"},"content":{"rendered":"<p><img loading=\"lazy\" decoding=\"async\" class=\"wp-image-1118 alignleft\" src=\"https:\/\/wp.ufpel.edu.br\/gbem\/files\/2019\/12\/20191120_105942.jpg\" alt=\"\" width=\"206\" height=\"281\" srcset=\"https:\/\/wp.ufpel.edu.br\/gbem\/files\/2019\/12\/20191120_105942.jpg 1044w, https:\/\/wp.ufpel.edu.br\/gbem\/files\/2019\/12\/20191120_105942-233x318.jpg 233w, https:\/\/wp.ufpel.edu.br\/gbem\/files\/2019\/12\/20191120_105942-116x159.jpg 116w, https:\/\/wp.ufpel.edu.br\/gbem\/files\/2019\/12\/20191120_105942-768x1048.jpg 768w\" sizes=\"auto, (max-width: 206px) 100vw, 206px\" \/><\/p>\n<p style=\"text-align: justify\"><strong>Farmac\u00eautica Respons\u00e1vel T\u00e9cnica da UPA de Pelotas\u00a0 |\u00a0 <a href=\"http:\/\/lattes.cnpq.br\/0801479352692101\" target=\"_blank\" rel=\"noopener noreferrer\">Lattes<\/a><\/strong><\/p>\n<p style=\"text-align: justify\">\u00c2ndria \u00e9 Farmac\u00eautica, Mestra pelo Programa de P\u00f3s-Gradua\u00e7\u00e3o em Enfermagem da Universidade Federal de Pelotas (2019). Formada pela Universidade Federal de Ci\u00eancias da Sa\u00fade de Porto Alegre &#8211; UFCSPA (2015). Atualmente \u00e9 Farmac\u00eautica Respons\u00e1vel T\u00e9cnica da Unidade de Pronto Atendimento (UPA) da cidade de Pelotas e farmac\u00eautica Assistente T\u00e9cnica da prefeitura desta cidade. Atua principalmente com pacientes que apresentam m\u00faltiplas doen\u00e7as cr\u00f4nicas e polimedicados. Os interesses no GBEM est\u00e3o em estudar a rela\u00e7\u00e3o entre multimorbidade e n\u00edvel socioecon\u00f4mico.<\/p>\n<p>&nbsp;<\/p>\n<p style=\"text-align: justify\"><strong>#doen\u00e7ascr\u00f4nicas #equidade<\/strong><\/p>\n","protected":false},"excerpt":{"rendered":"<p>Farmac\u00eautica Respons\u00e1vel T\u00e9cnica da UPA de Pelotas\u00a0 |\u00a0 Lattes \u00c2ndria \u00e9 Farmac\u00eautica, Mestra pelo Programa de P\u00f3s-Gradua\u00e7\u00e3o em Enfermagem da Universidade Federal de Pelotas (2019). Formada pela Universidade Federal de Ci\u00eancias da Sa\u00fade de Porto Alegre &#8211; UFCSPA (2015). Atualmente \u00e9 Farmac\u00eautica Respons\u00e1vel T\u00e9cnica da Unidade de Pronto Atendimento (UPA) da cidade de Pelotas e&hellip;<\/p>\n","protected":false},"author":682,"featured_media":0,"parent":538,"menu_order":0,"comment_status":"closed","ping_status":"closed","template":"","meta":{"jetpack_post_was_ever_published":false,"footnotes":""},"class_list":["post-1116","page","type-page","status-publish","hentry"],"jetpack_sharing_enabled":true,"jetpack_shortlink":"https:\/\/wp.me\/P8Mo6O-i0","_links":{"self":[{"href":"https:\/\/wp.ufpel.edu.br\/gbem\/wp-json\/wp\/v2\/pages\/1116","targetHints":{"allow":["GET"]}}],"collection":[{"href":"https:\/\/wp.ufpel.edu.br\/gbem\/wp-json\/wp\/v2\/pages"}],"about":[{"href":"https:\/\/wp.ufpel.edu.br\/gbem\/wp-json\/wp\/v2\/types\/page"}],"author":[{"embeddable":true,"href":"https:\/\/wp.ufpel.edu.br\/gbem\/wp-json\/wp\/v2\/users\/682"}],"replies":[{"embeddable":true,"href":"https:\/\/wp.ufpel.edu.br\/gbem\/wp-json\/wp\/v2\/comments?post=1116"}],"version-history":[{"count":5,"href":"https:\/\/wp.ufpel.edu.br\/gbem\/wp-json\/wp\/v2\/pages\/1116\/revisions"}],"predecessor-version":[{"id":1416,"href":"https:\/\/wp.ufpel.edu.br\/gbem\/wp-json\/wp\/v2\/pages\/1116\/revisions\/1416"}],"up":[{"embeddable":true,"href":"https:\/\/wp.ufpel.edu.br\/gbem\/wp-json\/wp\/v2\/pages\/538"}],"wp:attachment":[{"href":"https:\/\/wp.ufpel.edu.br\/gbem\/wp-json\/wp\/v2\/media?parent=1116"}],"curies":[{"name":"wp","href":"https:\/\/api.w.org\/{rel}","templated":true}]}}