{"id":180,"date":"2015-06-09T16:46:32","date_gmt":"2015-06-09T19:46:32","guid":{"rendered":"https:\/\/wp.ufpel.edu.br\/game\/?page_id=180"},"modified":"2015-09-01T16:04:11","modified_gmt":"2015-09-01T19:04:11","slug":"linhas-de-pesquisa","status":"publish","type":"page","link":"https:\/\/wp.ufpel.edu.br\/game\/linhas-de-pesquisa\/","title":{"rendered":"Linhas de pesquisa"},"content":{"rendered":"<p><strong>\u00c1reas de interesse ao grupo:<\/strong><\/p>\n<p style=\"padding-left: 30px\">Din\u00e2mica n\u00e3o-linear das intera\u00e7\u00f5es fortes e suas implica\u00e7\u00f5es fenomenol\u00f3gicas;<\/p>\n<p style=\"padding-left: 30px\">Estrutura do pr\u00f3ton a altas energias;<\/p>\n<p style=\"padding-left: 30px\">Fenomenologia de part\u00edculas nos experimentos LHC, AUGER e ICECUBE;<\/p>\n<p style=\"padding-left: 30px\">Fotoprodu\u00e7\u00e3o e decaimento de h\u00e1drons ex\u00f3ticos em m\u00e9dias energias;<\/p>\n<p style=\"padding-left: 30px\">Investiga\u00e7\u00e3o das flutua\u00e7\u00f5es e corre\u00e7\u00f5es ao par\u00e2metro de acoplamento na crodin\u00e2mica qu\u00e2ntica a altas energias.<\/p>\n","protected":false},"excerpt":{"rendered":"<p>\u00c1reas de interesse ao grupo: Din\u00e2mica n\u00e3o-linear das intera\u00e7\u00f5es fortes e suas implica\u00e7\u00f5es fenomenol\u00f3gicas; Estrutura do pr\u00f3ton a altas energias; Fenomenologia de part\u00edculas nos experimentos LHC, AUGER e ICECUBE; Fotoprodu\u00e7\u00e3o e decaimento de h\u00e1drons ex\u00f3ticos em m\u00e9dias energias; Investiga\u00e7\u00e3o das flutua\u00e7\u00f5es e corre\u00e7\u00f5es ao par\u00e2metro de acoplamento na crodin\u00e2mica qu\u00e2ntica a altas energias.<\/p>\n","protected":false},"author":503,"featured_media":0,"parent":0,"menu_order":0,"comment_status":"closed","ping_status":"closed","template":"","meta":{"footnotes":""},"class_list":["post-180","page","type-page","status-publish","hentry"],"_links":{"self":[{"href":"https:\/\/wp.ufpel.edu.br\/game\/wp-json\/wp\/v2\/pages\/180","targetHints":{"allow":["GET"]}}],"collection":[{"href":"https:\/\/wp.ufpel.edu.br\/game\/wp-json\/wp\/v2\/pages"}],"about":[{"href":"https:\/\/wp.ufpel.edu.br\/game\/wp-json\/wp\/v2\/types\/page"}],"author":[{"embeddable":true,"href":"https:\/\/wp.ufpel.edu.br\/game\/wp-json\/wp\/v2\/users\/503"}],"replies":[{"embeddable":true,"href":"https:\/\/wp.ufpel.edu.br\/game\/wp-json\/wp\/v2\/comments?post=180"}],"version-history":[{"count":7,"href":"https:\/\/wp.ufpel.edu.br\/game\/wp-json\/wp\/v2\/pages\/180\/revisions"}],"predecessor-version":[{"id":338,"href":"https:\/\/wp.ufpel.edu.br\/game\/wp-json\/wp\/v2\/pages\/180\/revisions\/338"}],"wp:attachment":[{"href":"https:\/\/wp.ufpel.edu.br\/game\/wp-json\/wp\/v2\/media?parent=180"}],"curies":[{"name":"wp","href":"https:\/\/api.w.org\/{rel}","templated":true}]}}