{"id":215,"date":"2022-11-22T18:46:34","date_gmt":"2022-11-22T21:46:34","guid":{"rendered":"https:\/\/wp.ufpel.edu.br\/galeria3dgipc\/?page_id=215"},"modified":"2022-11-22T19:03:35","modified_gmt":"2022-11-22T22:03:35","slug":"seminario-hibrido","status":"publish","type":"page","link":"https:\/\/wp.ufpel.edu.br\/galeria3dgipc\/seminario-hibrido\/","title":{"rendered":"Semin\u00e1rio H\u00edbrido"},"content":{"rendered":"<p>Semin\u00e1rio H\u00edbrido<\/p>\n<p><strong>FOTOGRAFEANDO<\/strong><\/p>\n<p><em>Jovens Trabalhadores Rurais | Educa\u00e7\u00e3o e Patrim\u00f4nio Cultural<\/em><\/p>\n<p>&nbsp;<\/p>\n<p>O Semin\u00e1rio H\u00edbrido <strong>Fotografeando<\/strong> Jovens Trabalhadores Rurais | Educa\u00e7\u00e3o e Patrim\u00f4nio Cultural, \u00e9 uma atividade coordenada pela doutoranda do Programa de P\u00f3s-Gradua\u00e7\u00e3o em Mem\u00f3ria Social e Patrim\u00f4nio Cultural &#8211; PPGMSPC\/ICH\/UFPEL Jennifer Paola Pisso Concha, e uma a\u00e7\u00e3o A\u00e7\u00e3o do Projeto Design e Desenvolvimento Territorial. Promovido pela Gesta\u0303o Integrada do Patrimo\u0302nio Cultural de Morro Redondo, RS &#8211; Brasil com o apoio da Secret\u00e1ria Municipal de Educa\u00e7\u00e3o, Cultura e Desporto de Morro Redondo.\u00a0 O projeto teve a colabora\u00e7\u00e3o de Val\u00e9ria Feldens (representante da Rede de Escolas Municipais de Morro Redondo) e o Semin\u00e1rio teve a participa\u00e7\u00e3o dos jovens de Morro Redondo. O evento ocorreu nos dias 12 e 26 de agosto de 2022, destinado aos estudantes da Escola Alberto Cunha, as duas primeiras etapas do semin\u00e1rio foram constitu\u00eddas por palestras acerca da linguagem fotogr\u00e1fica e suas rela\u00e7\u00f5es enquanto ferramenta de registro e mem\u00f3ria apresentadas por convidados do Brasil (3), Bol\u00edvia (1) e Col\u00f4mbia (1), os conte\u00fados sobre linguagem fotogr\u00e1fica foram abordados a partir da experi\u00eancia dos palestrantes da \u00e1rea da fotografia, cinema, artes e estudos em Mem\u00f3ria Social e do Patrim\u00f4nio Cultural. Considerando sua condi\u00e7\u00e3o h\u00edbrida (presencial\/virtual) as palestras foram proferidas tanto presencialmente (audit\u00f3rio da escola Alberto Cunha) quanto virtualmente (plataforma de conferencia virtual <em>Google Meet<\/em><em>)<\/em>.<\/p>\n<p>Com a orienta\u00e7\u00e3o presencial do Fot\u00f3grafo Ubirajara Budin Cruz, as atividades do semin\u00e1rio encerraram no dia 14 de outubro de 2022, com uma oficina de pr\u00e1tica fotogr\u00e1fica destinada aos estudantes da Escola Alberto Cunha. Essa oficina instrumentalizou os participantes \u00e0s t\u00e9cnicas fotogr\u00e1ficas, possibilitando que o sujeito local exercitasse o registro fotogr\u00e1fico para constituir a segunda exposi\u00e7\u00e3o <strong>FOTOGRAFEANDO <\/strong><strong><em>Jovens Trabalhadores Rurais | Educa\u00e7\u00e3<\/em><\/strong><strong><em>o e Patrim<\/em><\/strong><strong><em>\u00f4<\/em><\/strong><strong><em>nio Cultural<\/em><\/strong>, Galeria GIPC 3D, prevista para novembro de 2022, mapeando valores simb\u00f3licos do seu lugar de trabalho, com significados singulares que preservam e promovem seus saberes, cultura e modos de fazer e de viver.<\/p>\n<p><img loading=\"lazy\" decoding=\"async\" class=\"alignnone size-medium wp-image-217\" src=\"https:\/\/wp.ufpel.edu.br\/galeria3dgipc\/files\/2022\/11\/fotografeando-400x200.jpg\" alt=\"\" width=\"400\" height=\"200\" srcset=\"https:\/\/wp.ufpel.edu.br\/galeria3dgipc\/files\/2022\/11\/fotografeando-400x200.jpg 400w, https:\/\/wp.ufpel.edu.br\/galeria3dgipc\/files\/2022\/11\/fotografeando-1024x511.jpg 1024w, https:\/\/wp.ufpel.edu.br\/galeria3dgipc\/files\/2022\/11\/fotografeando-768x383.jpg 768w, https:\/\/wp.ufpel.edu.br\/galeria3dgipc\/files\/2022\/11\/fotografeando-600x300.jpg 600w, https:\/\/wp.ufpel.edu.br\/galeria3dgipc\/files\/2022\/11\/fotografeando.jpg 1140w\" sizes=\"auto, (max-width: 400px) 100vw, 400px\" \/><\/p>\n<p>Projeto gr\u00e1fico, Jennifer Pisso, 2022.<\/p>\n<p>Breve resenha dos palestrantes:<\/p>\n<p><strong>K\u00e1tia Helena Rodrigues Dias<\/strong><\/p>\n<p><img loading=\"lazy\" decoding=\"async\" class=\"alignnone size-thumbnail wp-image-222\" src=\"https:\/\/wp.ufpel.edu.br\/galeria3dgipc\/files\/2022\/11\/Katia-200x200.jpg\" alt=\"\" width=\"200\" height=\"200\" srcset=\"https:\/\/wp.ufpel.edu.br\/galeria3dgipc\/files\/2022\/11\/Katia-200x200.jpg 200w, https:\/\/wp.ufpel.edu.br\/galeria3dgipc\/files\/2022\/11\/Katia-300x300.jpg 300w, https:\/\/wp.ufpel.edu.br\/galeria3dgipc\/files\/2022\/11\/Katia.jpg 346w\" sizes=\"auto, (max-width: 200px) 100vw, 200px\" \/><\/p>\n<p>Doutora em Mem\u00f3ria Social e Patrim\u00f4nio Cultural, graduada em Artes Visuais, todos cursados na Universidade Federal de Pelotas. Est\u00e1gio doutoral na Universidade de Buenos Aires (2017), pelo Programa Centro Associados para o Fortalecimento da P\u00f3s-gradua\u00e7\u00e3o Brasil-Argentina. Fot\u00f3grafa da Coordena\u00e7\u00e3o de Comunica\u00e7\u00e3o Social da Universidade Federal de Pelotas (desde 2013), onde atua nos segmentos de ensino, pesquisa e extens\u00e3o e no gerenciamento do arquivo fotogr\u00e1fico da institui\u00e7\u00e3o. Fot\u00f3grafa da Assessoria de Comunica\u00e7\u00e3o Social da Universidade Federal do Rio Grande (2012). Experi\u00eancia em Artes Visuais, Design Gr\u00e1fico e Design Digital. Dedica-se ao estudo de fotografia e mem\u00f3ria.<\/p>\n<p>&nbsp;<\/p>\n<p><strong>Jennifer Paola Pisso Concha<\/strong><\/p>\n<p><img loading=\"lazy\" decoding=\"async\" class=\"alignnone size-thumbnail wp-image-220\" src=\"https:\/\/wp.ufpel.edu.br\/galeria3dgipc\/files\/2022\/11\/Jennifer-200x200.jpg\" alt=\"\" width=\"200\" height=\"200\" \/><\/p>\n<p>Doutoranda em Mem\u00f3ria Social e Patrim\u00f4nio Cultural pela Universidade Federal de Pelotas. Mestra em Estudos de Cultura Contempor\u00e2nea pela Universidade Federal de Mato Grosso. Formada em Comunica\u00e7\u00e3o Social pela Universidade de Cauca (Col\u00f4mbia). Autora do livro: &#8220;Cicatrices de una guerra&#8221; (Appris, 2021). Professora-pesquisadora. Criadora de conte\u00fado digital. Embaixadora da Palavra na Funda\u00e7\u00e3o C\u00e9sar Egido Serrano (Espanha). <em>Coach<\/em> de Escrita Criativa que interliga fotografia-texto. Membro dos grupos de pesquisa: Estudos em Cultura e Literatura em Mato Grosso e Po\u00e9ticas Orais e Pensamento Decolonial (Lanmo, Unam). \u00c9 colaboradora do projeto de extens\u00e3o da Rede Iberoamericana de Estudos sobre Materiais Orais (RIEMO, M\u00e9xico). Se interessa por pesquisas que entrela\u00e7am: comunica\u00e7\u00e3o, inclus\u00e3o social, mem\u00f3ria, [ciber]culturas[s], imagem, estudos decoloniais, narrativas digitais, comunidades <em>online<\/em>, dentre outros temas.<\/p>\n<p>&nbsp;<\/p>\n<p><strong>Danielle Bertolini da Silva<\/strong><\/p>\n<p><img loading=\"lazy\" decoding=\"async\" class=\"alignnone size-thumbnail wp-image-218\" src=\"https:\/\/wp.ufpel.edu.br\/galeria3dgipc\/files\/2022\/11\/Danielle-200x200.jpg\" alt=\"\" width=\"200\" height=\"200\" srcset=\"https:\/\/wp.ufpel.edu.br\/galeria3dgipc\/files\/2022\/11\/Danielle-200x200.jpg 200w, https:\/\/wp.ufpel.edu.br\/galeria3dgipc\/files\/2022\/11\/Danielle-400x400.jpg 400w, https:\/\/wp.ufpel.edu.br\/galeria3dgipc\/files\/2022\/11\/Danielle-300x300.jpg 300w, https:\/\/wp.ufpel.edu.br\/galeria3dgipc\/files\/2022\/11\/Danielle.jpg 640w\" sizes=\"auto, (max-width: 200px) 100vw, 200px\" \/><\/p>\n<p>Bacharel em Comunica\u00e7\u00e3o Social pela PUC-SP (2001). Documentarista, roteirista, diretora e curadora audiovisual. \u00c9 Idealizadora e Organizadora do Festival Tudo Sobre Mulheres, com sete edi\u00e7\u00f5es realizadas. Possui em sua filmografia os seguintes t\u00edtulos: \u00c1guas Encantadas do Pantanal (2001), document\u00e1rio inspirado na pesquisa de Doutorado do Prof. Dr. Mario Cezar Silva Leite; &#8220;Sobre a Viol\u00eancia&#8221; (2012) para o NIEVCI; &#8220;Encontro de Parentes&#8221; (2013) para a TV UFMT; &#8220;Sua Vida \u00e9 Voc\u00ea Quem Faz&#8221; (2015); &#8220;Filhos da Lua na Terra do Sol&#8221; (2016 &#8211; Vencedor do Pr\u00eamio Melhor Filme na Mostra Sesc de Cinema); &#8220;A Luta Continua&#8221; (2018 &#8211; para a ADUFMAT); &#8220;Mulheres Xavantes Coletoras de Sementes&#8221; (2019 para a OPAN); &#8220;Escutando e Vendo&#8221; (2021). Atualmente, est\u00e1 dirigindo a s\u00e9rie &#8220;Segredos do Cora\u00e7\u00e3o da Am\u00e9rica do Sul&#8221;. \u00c9 CEO da Cumbaru Produ\u00e7\u00f5es Art\u00edsticas desde 2005, com a cria\u00e7\u00e3o do Festival de Cinema &#8220;Tudo Sobre Mulheres&#8221;, realizado em Chapada dos Guimar\u00e3es e Cuiab\u00e1. Interessa-se por pesquisas envolvendo: Cinema, Feminino, Povos Origin\u00e1rios, Direitos Humanos, Fotografia, dentre outros temas.<\/p>\n<p>&nbsp;<\/p>\n<p><strong>Jos\u00e9 Franco Arispe Rodr\u00edguez\u00a0<\/strong><\/p>\n<p><img loading=\"lazy\" decoding=\"async\" class=\"alignnone size-thumbnail wp-image-221\" src=\"https:\/\/wp.ufpel.edu.br\/galeria3dgipc\/files\/2022\/11\/Jose-200x200.jpg\" alt=\"\" width=\"200\" height=\"200\" \/><\/p>\n<p>Professor de Filosofia da Arte Contempor\u00e2nea e Hist\u00f3ria da Bol\u00edvia. Artista visual, fot\u00f3grafo, dan\u00e7arino e cineasta. Doutorando em Estudos Contempor\u00e2neos de Artes na Universidade Federal Fluminense. Mestre em Estudos de Cultura Contempor\u00e2nea pela Universidade Federal de Mato Grosso. Foi curador do Museu Nacional de Arte na Bol\u00edvia coordenando projetos de Arte jovem, cultura afroboliviana e mostras de arte contempor\u00e2nea. Conta com diversas exposi\u00e7\u00f5es coletivas nacionais e internacionais, foi finalista do concurso <em>Curate Award<\/em> com a exposi\u00e7\u00e3o &#8220;Sin Secci\u00f3n&#8221; (2017). Vencedor do pr\u00eamio de Arte Jovem EXPRESSATE (2012) em La Paz e um ano depois, vencedor do pr\u00eamio em fotografia do Instituto \u00cdtalo Latino-americano, expondo no Museu de Arte Contempor\u00e2nea de Roma. Em 2015 foi um dos vencedores do <em>Bolivian Emerging Artist Award<\/em> em Londres.<\/p>\n<p>&nbsp;<\/p>\n<p><strong>Giane Trovo Belmonte<\/strong><\/p>\n<p><img loading=\"lazy\" decoding=\"async\" class=\"alignnone size-thumbnail wp-image-219\" src=\"https:\/\/wp.ufpel.edu.br\/galeria3dgipc\/files\/2022\/11\/Giane-200x200.jpg\" alt=\"\" width=\"200\" height=\"200\" \/><\/p>\n<p>Pedagoga. Mestranda em Mem\u00f3ria Social e Patrim\u00f4nio Cultural (UFPel). Licenciada em Ci\u00eancias Dom\u00e9sticas. Tem especializa\u00e7\u00f5es em Educa\u00e7\u00e3o Inclusiva e Arteterapia. Na \u00e1rea administrativa e cultural tem especializa\u00e7\u00e3o em Lideran\u00e7a, Coaching e Gest\u00e3o de Pessoas e em Gest\u00e3o de Eventos com \u00canfase Organizacional e Institucional. Atua na \u00e1rea de organiza\u00e7\u00e3o de eventos, treinamento, educa\u00e7\u00e3o e pesquisa. Participou da pesquisa intitulada Alfabetiza\u00e7\u00e3o em Rede: uma investiga\u00e7\u00e3o sobre o ensino remoto da alfabetiza\u00e7\u00e3o na pandemia Covid-19 e da recep\u00e7\u00e3o da PNA pelos Docentes da Educa\u00e7\u00e3o Infantil e Anos Iniciais do Ensino Fundamental. Foi bolsista no PIBID e na Resid\u00eancia Pedag\u00f3gica do Curso de Pedagogia\/FaE\/UFPEL\/CAPES e atuou como pesquisadora do Grupo Interdisciplinar de Pesquisa em Educa\u00e7\u00e3o P\u00fablica \u2013 GIPEP.<\/p>\n<p>&nbsp;<\/p>\n<p>No dia <strong>12 de agosto de 2022<\/strong>, a palestrante K\u00e1tia Helena Rodrigues Dias apresentou \u201cDesenvolvendo o olhar fotogr\u00e1fico: fundamentos, composi\u00e7\u00e3o, inspira\u00e7\u00f5es e criatividade\u201d focando nos elementos fundamentais da imagem (composi\u00e7\u00e3o, ilumina\u00e7\u00e3o, temperatura, etc.), enquanto a Jennifer Pisso complementou a tem\u00e1tica com a linguagem fotogr\u00e1fica, questionando: o que fala a imagem? e mostrando os g\u00eaneros fotogr\u00e1ficos que podem se usar para retratar o Morro Redondo, a trav\u00e9s de sua proposta \u201cImagem em a\u00e7\u00e3o: o instante e o permanente\u201d. No encerramento, a Danielle Bertolini apresentou \u201cLeitura e produ\u00e7\u00e3o de imagens: olhar e inventar\u201d, percorrendo a imagem em movimento sob \u00f3tica do cinema. Segue os <em>links<\/em> usados pela Bertolini durante a sua fala:<\/p>\n<ul>\n<li>Para visualizar textura e cores na imagem, partilhou trechos de seu document\u00e1rio \u201cFilhos da lua na Terra do Sol\u201d: Dispon\u00edvel em: <a href=\"https:\/\/www.youtube.com\/watch?v=za1HkmiBt1g&amp;t=29s\">https:\/\/www.youtube.com\/watch?v=za1HkmiBt1g&amp;t=29s<\/a><\/li>\n<li>Para visualizar a pot\u00eancia da imagem desde a \u00e1rea social, partilhou seu trailer \u201cDe Volta para casa\u201d. Dispon\u00edvel em:<\/li>\n<\/ul>\n<p><a href=\"https:\/\/www.youtube.com\/watch?v=VQd472gX07c&amp;t=1s\">https:\/\/www.youtube.com\/watch?v=VQd472gX07c&amp;t=1s<\/a><\/p>\n<p>Em correla\u00e7\u00e3o, as palestrantes exemplificaram cada uma das tem\u00e1ticas, usando seu acervo pessoal e brindando dicas fotogr\u00e1ficas para os estudantes.<\/p>\n<p><img loading=\"lazy\" decoding=\"async\" class=\"alignnone size-medium wp-image-223\" src=\"https:\/\/wp.ufpel.edu.br\/galeria3dgipc\/files\/2022\/11\/Painel-400x337.png\" alt=\"\" width=\"400\" height=\"337\" srcset=\"https:\/\/wp.ufpel.edu.br\/galeria3dgipc\/files\/2022\/11\/Painel-400x337.png 400w, https:\/\/wp.ufpel.edu.br\/galeria3dgipc\/files\/2022\/11\/Painel-768x647.png 768w, https:\/\/wp.ufpel.edu.br\/galeria3dgipc\/files\/2022\/11\/Painel-356x300.png 356w, https:\/\/wp.ufpel.edu.br\/galeria3dgipc\/files\/2022\/11\/Painel.png 928w\" sizes=\"auto, (max-width: 400px) 100vw, 400px\" \/><\/p>\n<p>&nbsp;<\/p>\n<p>Semin\u00e1rio <em>\u201cFotografeando<\/em>: <em>Jovens Trabalhadores Rurais | Educa\u00e7\u00e3o e Patrim\u00f4nio Cultural\u201d<\/em> (Primeiro encontro). \u00a0Fonte: Colet\u00e2nea Jennifer Pisso, 2022.<\/p>\n<p>No dia <strong>26 de agosto de 2022<\/strong>, o palestrante Jos\u00e9 Arispe apresentou \u201c<em>Deambulante<\/em>: modos de ver pr\u00f3prios, atrav\u00e9s da fotografia\u201d, com o intuito de chamar a aten\u00e7\u00e3o sobre: 1) por que fazemos auto-retratos, 2) como fazer auto-retratos &#8211; com exemplos de fotografias desde o s\u00e9culo XIX at\u00e9 a contemporaneidade.\u00a0 Paralelo que resultou interessante para os estudantes, apresentando desde o antigo processo fotogr\u00e1fico do daguerre\u00f3tipo (um dos marcos mais importantes na hist\u00f3ria da fotografia t\u00e9cnica) at\u00e9 o uso de c\u00e2meras em <em>smartphones<\/em>. &#8211; Rostos surpreendidos ao descobrir que as pessoas ficavam na frente da c\u00e2mera exposta por muito tempo, enquanto hoje (2022) se obt\u00e9m v\u00e1rias fotografias em segundos. Indo al\u00e9m, observaram as mudan\u00e7as na vestimenta, nas cores da imagem, no tamanho dos aparelhos, nas express\u00f5es do corpo, na intimidade do \u201c<em>frame<\/em>\u201d, que v\u00e3o ficando \u201ccongelados\u201d ao longo dos anos.<\/p>\n<p>Na sequ\u00eancia, refletindo sobre a mem\u00f3ria e os nossos patrim\u00f4nios (material ou imaterial), a partir do trabalho intitulado \u201cMorro Redondo sob o olhar da Juventude\u201d, a palestrante Giane Trovo abordou de modo did\u00e1tico ao interagir no audit\u00f3rio com os estudantes, enquanto se passavam fotografias da cidade e de outros lugares do Brasil.<\/p>\n<p><img loading=\"lazy\" decoding=\"async\" class=\"alignnone size-medium wp-image-224\" src=\"https:\/\/wp.ufpel.edu.br\/galeria3dgipc\/files\/2022\/11\/Painel2-400x328.png\" alt=\"\" width=\"400\" height=\"328\" srcset=\"https:\/\/wp.ufpel.edu.br\/galeria3dgipc\/files\/2022\/11\/Painel2-400x328.png 400w, https:\/\/wp.ufpel.edu.br\/galeria3dgipc\/files\/2022\/11\/Painel2-768x630.png 768w, https:\/\/wp.ufpel.edu.br\/galeria3dgipc\/files\/2022\/11\/Painel2-366x300.png 366w, https:\/\/wp.ufpel.edu.br\/galeria3dgipc\/files\/2022\/11\/Painel2.png 871w\" sizes=\"auto, (max-width: 400px) 100vw, 400px\" \/><\/p>\n<p>&nbsp;<\/p>\n<p>Semin\u00e1rio <em>\u201cFotografeando<\/em>: <em>Jovens Trabalhadores Rurais | Educa\u00e7\u00e3o e Patrim\u00f4nio Cultural\u201d<\/em> (Segundo encontro). Fonte: Colet\u00e2nea Jennifer Pisso, 2022.<\/p>\n<p>Durante o segundo encontro, foi apresentado o edital seletivo <strong>FOTOGRAFEANDO: <\/strong><em>Jovens Trabalhadores Rurais | Educa\u00e7\u00e3<\/em><em>o e Patrim<\/em><em>\u00f4<\/em><em>nio Cultural<\/em>, explicitando seu formul\u00e1rio para a submiss\u00e3o de fotografias.<\/p>\n<p><img loading=\"lazy\" decoding=\"async\" class=\"alignnone size-medium wp-image-225\" src=\"https:\/\/wp.ufpel.edu.br\/galeria3dgipc\/files\/2022\/11\/banner-400x199.jpg\" alt=\"\" width=\"400\" height=\"199\" srcset=\"https:\/\/wp.ufpel.edu.br\/galeria3dgipc\/files\/2022\/11\/banner-400x199.jpg 400w, https:\/\/wp.ufpel.edu.br\/galeria3dgipc\/files\/2022\/11\/banner-1024x510.jpg 1024w, https:\/\/wp.ufpel.edu.br\/galeria3dgipc\/files\/2022\/11\/banner-768x383.jpg 768w, https:\/\/wp.ufpel.edu.br\/galeria3dgipc\/files\/2022\/11\/banner-600x300.jpg 600w, https:\/\/wp.ufpel.edu.br\/galeria3dgipc\/files\/2022\/11\/banner.jpg 1210w\" sizes=\"auto, (max-width: 400px) 100vw, 400px\" \/><\/p>\n<p>Fonte: Projeto gr\u00e1fico, Jennifer Pisso, 2022.<\/p>\n<p>Acesso pelo QR CODE: <a href=\"https:\/\/forms.gle\/oLSUVjXTPhopkhh46\">https:\/\/forms.gle\/oLSUVjXTPhopkhh46<\/a><\/p>\n<p>(Para o acesso, o interessado deve possuir conta <em>Google <\/em>e estar logado).<\/p>\n<p>Ao [re]pensar as representa\u00e7\u00f5es existentes no territ\u00f3rio sob \u00f3tica da fotografia, considera-se que os semin\u00e1rios possibilitaram aos estudantes \u2018caminhar\u2019 pelas diversas t\u00e9cnicas e linguagens fotogr\u00e1ficas, estimulando-os para se perguntar: o que representa a comunidade de Morro Redondo? Portanto, abrir outra \u201cjanela\u201d para o mundo, j\u00e1 que permitir\u00e1 conhecer\/aprender em breve sobre o que eles decidiram chamar de \u201cnossos patrim\u00f4nios e tesouros humanos\u201d.<\/p>\n<p><img loading=\"lazy\" decoding=\"async\" class=\"alignnone size-medium wp-image-226\" src=\"https:\/\/wp.ufpel.edu.br\/galeria3dgipc\/files\/2022\/11\/gipc-400x280.png\" alt=\"\" width=\"400\" height=\"280\" srcset=\"https:\/\/wp.ufpel.edu.br\/galeria3dgipc\/files\/2022\/11\/gipc-400x280.png 400w, https:\/\/wp.ufpel.edu.br\/galeria3dgipc\/files\/2022\/11\/gipc.png 418w\" sizes=\"auto, (max-width: 400px) 100vw, 400px\" \/><\/p>\n<p><strong>REALIZA\u00c7\u00c3O<\/strong><\/p>\n","protected":false},"excerpt":{"rendered":"<p>Semin\u00e1rio H\u00edbrido FOTOGRAFEANDO Jovens Trabalhadores Rurais | Educa\u00e7\u00e3o e Patrim\u00f4nio Cultural &nbsp; O Semin\u00e1rio H\u00edbrido Fotografeando Jovens Trabalhadores Rurais | Educa\u00e7\u00e3o e Patrim\u00f4nio Cultural, \u00e9 uma atividade coordenada pela doutoranda do Programa de P\u00f3s-Gradua\u00e7\u00e3o em Mem\u00f3ria Social e Patrim\u00f4nio Cultural &#8211; PPGMSPC\/ICH\/UFPEL Jennifer Paola Pisso Concha, e uma a\u00e7\u00e3o A\u00e7\u00e3o do Projeto Design e Desenvolvimento&#8230; <\/p>\n<div class=\"link-more\"><a href=\"https:\/\/wp.ufpel.edu.br\/galeria3dgipc\/seminario-hibrido\/\">Leia mais<\/a><\/div>\n","protected":false},"author":1229,"featured_media":0,"parent":0,"menu_order":0,"comment_status":"closed","ping_status":"closed","template":"","meta":{"footnotes":""},"class_list":["post-215","page","type-page","status-publish","hentry"],"_links":{"self":[{"href":"https:\/\/wp.ufpel.edu.br\/galeria3dgipc\/wp-json\/wp\/v2\/pages\/215","targetHints":{"allow":["GET"]}}],"collection":[{"href":"https:\/\/wp.ufpel.edu.br\/galeria3dgipc\/wp-json\/wp\/v2\/pages"}],"about":[{"href":"https:\/\/wp.ufpel.edu.br\/galeria3dgipc\/wp-json\/wp\/v2\/types\/page"}],"author":[{"embeddable":true,"href":"https:\/\/wp.ufpel.edu.br\/galeria3dgipc\/wp-json\/wp\/v2\/users\/1229"}],"replies":[{"embeddable":true,"href":"https:\/\/wp.ufpel.edu.br\/galeria3dgipc\/wp-json\/wp\/v2\/comments?post=215"}],"version-history":[{"count":3,"href":"https:\/\/wp.ufpel.edu.br\/galeria3dgipc\/wp-json\/wp\/v2\/pages\/215\/revisions"}],"predecessor-version":[{"id":230,"href":"https:\/\/wp.ufpel.edu.br\/galeria3dgipc\/wp-json\/wp\/v2\/pages\/215\/revisions\/230"}],"wp:attachment":[{"href":"https:\/\/wp.ufpel.edu.br\/galeria3dgipc\/wp-json\/wp\/v2\/media?parent=215"}],"curies":[{"name":"wp","href":"https:\/\/api.w.org\/{rel}","templated":true}]}}